{"id":70625,"date":"2024-03-22T19:36:17","date_gmt":"2024-03-22T18:36:17","guid":{"rendered":"https:\/\/abinox-chr-clim.com\/index.php\/product\/bec-verseur-bonzer-debit-moyen-lot-de-12\/"},"modified":"2026-04-24T09:03:56","modified_gmt":"2026-04-24T07:03:56","slug":"bec-verseur-bonzer-debit-moyen-lot-de-12","status":"publish","type":"product","link":"https:\/\/abinox-chr-clim.com\/index.php\/product\/bec-verseur-bonzer-debit-moyen-lot-de-12\/","title":{"rendered":"Bec verseur Bonzer d\u00e9bit moyen (Lot de 12)"},"content":{"rendered":"<p>Joint en caoutchouc pour un ajustement parfaitement adapt\u00e9. Arr\u00eat du pouce pour un d\u00e9bit contr\u00f4l\u00e9. L\u00e9g\u00e8re courbe pour un \u00e9coulement pr\u00e9cis. Acier inoxydable adapt\u00e9 \u00e0 diverses utilisations. Joint en caoutchouc pour un ajustement parfaitement adapt\u00e9.<\/p>\n<p>Caract\u00e9ristiques :<br \/>Lot : 12.<br \/> Mati\u00e8re : Acier inoxydable<\/p>\n","protected":false},"excerpt":{"rendered":"<p>Bec verseur Bonzer d\u00e9bit moyen (Lot de 12)<\/p>\n","protected":false},"featured_media":101270,"comment_status":"closed","ping_status":"closed","template":"","meta":[],"product_brand":[],"product_cat":[1107,1108,1297,1106],"product_tag":[],"class_list":{"0":"post-70625","1":"product","2":"type-product","3":"status-publish","4":"has-post-thumbnail","6":"product_cat-accessoires-de-bar","7":"product_cat-accessoires-de-bar-accessoires-de-bar","8":"product_cat-non-palettisable","9":"product_cat-restaurant-bar-et-hotel","10":"product_shipping_class-free-shipping","12":"first","13":"instock","14":"featured","15":"taxable","16":"shipping-taxable","17":"purchasable","18":"product-type-simple"},"_links":{"self":[{"href":"https:\/\/abinox-chr-clim.com\/index.php\/wp-json\/wp\/v2\/product\/70625","targetHints":{"allow":["GET"]}}],"collection":[{"href":"https:\/\/abinox-chr-clim.com\/index.php\/wp-json\/wp\/v2\/product"}],"about":[{"href":"https:\/\/abinox-chr-clim.com\/index.php\/wp-json\/wp\/v2\/types\/product"}],"replies":[{"embeddable":true,"href":"https:\/\/abinox-chr-clim.com\/index.php\/wp-json\/wp\/v2\/comments?post=70625"}],"wp:featuredmedia":[{"embeddable":true,"href":"https:\/\/abinox-chr-clim.com\/index.php\/wp-json\/wp\/v2\/media\/101270"}],"wp:attachment":[{"href":"https:\/\/abinox-chr-clim.com\/index.php\/wp-json\/wp\/v2\/media?parent=70625"}],"wp:term":[{"taxonomy":"product_brand","embeddable":true,"href":"https:\/\/abinox-chr-clim.com\/index.php\/wp-json\/wp\/v2\/product_brand?post=70625"},{"taxonomy":"product_cat","embeddable":true,"href":"https:\/\/abinox-chr-clim.com\/index.php\/wp-json\/wp\/v2\/product_cat?post=70625"},{"taxonomy":"product_tag","embeddable":true,"href":"https:\/\/abinox-chr-clim.com\/index.php\/wp-json\/wp\/v2\/product_tag?post=70625"}],"curies":[{"name":"wp","href":"https:\/\/api.w.org\/{rel}","templated":true}]}}