{"id":70613,"date":"2024-03-22T19:36:11","date_gmt":"2024-03-22T18:36:11","guid":{"rendered":"https:\/\/abinox-chr-clim.com\/index.php\/product\/mesure-de-bar-conique-olympia-cuivre-25-50ml\/"},"modified":"2026-04-24T10:18:32","modified_gmt":"2026-04-24T08:18:32","slug":"mesure-de-bar-conique-olympia-cuivre-25-50ml","status":"publish","type":"product","link":"https:\/\/abinox-chr-clim.com\/index.php\/product\/mesure-de-bar-conique-olympia-cuivre-25-50ml\/","title":{"rendered":"Mesure de bar conique Olympia cuivre 25\/50ml"},"content":{"rendered":"<p>Mesure double avec une finition cuivre \u00e9l\u00e9gante.<br \/>Double extr\u00e9mit\u00e9 pour servir les mesures de 25 ml et 50 ml. S&rsquo;accorde avec notre gamme de cocktails Olympia en cuivre. Forme de sablier pour faciliter le retournement. Le rebord de la bouteille permet de la remplir \u00e0 ras bord. Plaqu\u00e9 cuivre pour une touche d&rsquo;\u00e9l\u00e9gance.  Double extr\u00e9mit\u00e9 pour servir les mesures de 25 ml et 50 ml.<\/p>\n<p>Caract\u00e9ristiques :<br \/> Capacit\u00e9 : 50.<br \/> Dimensions : 110(H) x 44(\u00d8) mm.<br \/> Mati\u00e8re : Cuivre.<br \/> Couleur : Cuivre.<\/p>\n","protected":false},"excerpt":{"rendered":"<p>Mesure de bar conique Olympia cuivre 25\/50ml<\/p>\n","protected":false},"featured_media":91328,"comment_status":"closed","ping_status":"closed","template":"","meta":[],"product_brand":[],"product_cat":[1107,1108,1297,1106],"product_tag":[],"class_list":{"0":"post-70613","1":"product","2":"type-product","3":"status-publish","4":"has-post-thumbnail","6":"product_cat-accessoires-de-bar","7":"product_cat-accessoires-de-bar-accessoires-de-bar","8":"product_cat-non-palettisable","9":"product_cat-restaurant-bar-et-hotel","10":"product_shipping_class-free-shipping","12":"first","13":"instock","14":"featured","15":"taxable","16":"shipping-taxable","17":"purchasable","18":"product-type-simple"},"_links":{"self":[{"href":"https:\/\/abinox-chr-clim.com\/index.php\/wp-json\/wp\/v2\/product\/70613","targetHints":{"allow":["GET"]}}],"collection":[{"href":"https:\/\/abinox-chr-clim.com\/index.php\/wp-json\/wp\/v2\/product"}],"about":[{"href":"https:\/\/abinox-chr-clim.com\/index.php\/wp-json\/wp\/v2\/types\/product"}],"replies":[{"embeddable":true,"href":"https:\/\/abinox-chr-clim.com\/index.php\/wp-json\/wp\/v2\/comments?post=70613"}],"wp:featuredmedia":[{"embeddable":true,"href":"https:\/\/abinox-chr-clim.com\/index.php\/wp-json\/wp\/v2\/media\/91328"}],"wp:attachment":[{"href":"https:\/\/abinox-chr-clim.com\/index.php\/wp-json\/wp\/v2\/media?parent=70613"}],"wp:term":[{"taxonomy":"product_brand","embeddable":true,"href":"https:\/\/abinox-chr-clim.com\/index.php\/wp-json\/wp\/v2\/product_brand?post=70613"},{"taxonomy":"product_cat","embeddable":true,"href":"https:\/\/abinox-chr-clim.com\/index.php\/wp-json\/wp\/v2\/product_cat?post=70613"},{"taxonomy":"product_tag","embeddable":true,"href":"https:\/\/abinox-chr-clim.com\/index.php\/wp-json\/wp\/v2\/product_tag?post=70613"}],"curies":[{"name":"wp","href":"https:\/\/api.w.org\/{rel}","templated":true}]}}