{"id":70594,"date":"2024-03-22T19:36:04","date_gmt":"2024-03-22T18:36:04","guid":{"rendered":"https:\/\/abinox-chr-clim.com\/index.php\/product\/bac-recepteur-de-bar-inox-beaumont-300-x-150mm\/"},"modified":"2026-04-11T08:35:49","modified_gmt":"2026-04-11T06:35:49","slug":"bac-recepteur-de-bar-inox-beaumont-300-x-150mm","status":"publish","type":"product","link":"https:\/\/abinox-chr-clim.com\/index.php\/product\/bac-recepteur-de-bar-inox-beaumont-300-x-150mm\/","title":{"rendered":"Bac r\u00e9cepteur de bar inox Beaumont 300 x 150mm"},"content":{"rendered":"<p>Bac r\u00e9cepteur de bar, id\u00e9al pour les mesures de bar.<br \/>R\u00e9cup\u00e8re les d\u00e9bordements des boissons fra\u00eechement vers\u00e9es pour une zone de bar plus propre. Assure une surface de bar s\u00e8che pour \u00e9viter les coudes mouill\u00e9s et les manches tach\u00e9es.La plaque d&rsquo;\u00e9gouttage sup\u00e9rieure facilement amovible permet de vider ou de nettoyer le bac en toute simplicit\u00e9.Passe au lave-vaisselle pour \u00e9conomiser encore plus de temps et d&rsquo;efforts lors du nettoyage.Transporter des verres plus secs jusqu&rsquo;\u00e0 la table r\u00e9duit les risques d&rsquo;\u00e9claboussures et de glissades. Taille id\u00e9ale pour conserver les mesures de spiritueux rinc\u00e9es \u00e0 l&rsquo;envers. Conception en acier inoxydable solide et robuste pour des ann\u00e9es de service fiable. Num\u00e9ro de mod\u00e8le du fournisseur : 3503. R\u00e9cup\u00e8re les d\u00e9bordements des boissons fra\u00eechement vers\u00e9es pour une zone de bar plus propre.<\/p>\n<p>Caract\u00e9ristiques :<br \/> Dimensions : 23(H) x 300(L) x 150(P) mm.<br \/> Mati\u00e8re : Acier inoxydable.<br \/> Couleur : Argent.<\/p>\n","protected":false},"excerpt":{"rendered":"<p>Bac r\u00e9cepteur de bar inox Beaumont 300 x 150mm<\/p>\n","protected":false},"featured_media":88025,"comment_status":"closed","ping_status":"closed","template":"","meta":[],"product_brand":[],"product_cat":[1107,1108,1297,1106],"product_tag":[],"class_list":{"0":"post-70594","1":"product","2":"type-product","3":"status-publish","4":"has-post-thumbnail","6":"product_cat-accessoires-de-bar","7":"product_cat-accessoires-de-bar-accessoires-de-bar","8":"product_cat-non-palettisable","9":"product_cat-restaurant-bar-et-hotel","10":"product_shipping_class-free-shipping","12":"first","13":"instock","14":"featured","15":"taxable","16":"shipping-taxable","17":"purchasable","18":"product-type-simple"},"_links":{"self":[{"href":"https:\/\/abinox-chr-clim.com\/index.php\/wp-json\/wp\/v2\/product\/70594","targetHints":{"allow":["GET"]}}],"collection":[{"href":"https:\/\/abinox-chr-clim.com\/index.php\/wp-json\/wp\/v2\/product"}],"about":[{"href":"https:\/\/abinox-chr-clim.com\/index.php\/wp-json\/wp\/v2\/types\/product"}],"replies":[{"embeddable":true,"href":"https:\/\/abinox-chr-clim.com\/index.php\/wp-json\/wp\/v2\/comments?post=70594"}],"wp:featuredmedia":[{"embeddable":true,"href":"https:\/\/abinox-chr-clim.com\/index.php\/wp-json\/wp\/v2\/media\/88025"}],"wp:attachment":[{"href":"https:\/\/abinox-chr-clim.com\/index.php\/wp-json\/wp\/v2\/media?parent=70594"}],"wp:term":[{"taxonomy":"product_brand","embeddable":true,"href":"https:\/\/abinox-chr-clim.com\/index.php\/wp-json\/wp\/v2\/product_brand?post=70594"},{"taxonomy":"product_cat","embeddable":true,"href":"https:\/\/abinox-chr-clim.com\/index.php\/wp-json\/wp\/v2\/product_cat?post=70594"},{"taxonomy":"product_tag","embeddable":true,"href":"https:\/\/abinox-chr-clim.com\/index.php\/wp-json\/wp\/v2\/product_tag?post=70594"}],"curies":[{"name":"wp","href":"https:\/\/api.w.org\/{rel}","templated":true}]}}