{"id":70584,"date":"2024-03-22T19:35:58","date_gmt":"2024-03-22T18:35:58","guid":{"rendered":"https:\/\/abinox-chr-clim.com\/index.php\/product\/bac-a-glacons-en-silicone\/"},"modified":"2026-04-11T08:32:51","modified_gmt":"2026-04-11T06:32:51","slug":"bac-a-glacons-en-silicone","status":"publish","type":"product","link":"https:\/\/abinox-chr-clim.com\/index.php\/product\/bac-a-glacons-en-silicone\/","title":{"rendered":"Bac \u00e0 gla\u00e7ons en silicone"},"content":{"rendered":"<p>Bac \u00e0 gla\u00e7ons en silicone flexible pour faciliter le retrait des cubes de glace. Livr\u00e9 avec un plateau en plastique pour faciliter le transport et le stockage. Lavable au lave-vaisselle.40(H) x 345(L) x 185(P)mm.<br \/>La structure en silicone souple et flexible facilite grandement le retrait des gla\u00e7ons. Grande capacit\u00e9 permettant de congeler 32 gla\u00e7ons \u00e0 la fois. Convient \u00e0 la cong\u00e9lation, des portions de nourriture pour b\u00e9b\u00e9s au chocolat et au bouillon.Fourni avec un plateau en plastique pour prot\u00e9ger le bac \u00e0 glace et le rendre plus facile \u00e0 transporter.Le lave-vaisselle permet d&rsquo;\u00e9conomiser du temps et des efforts lors du nettoyage.  La structure en silicone souple et flexible facilite grandement le retrait des gla\u00e7ons.<\/p>\n<p>Caract\u00e9ristiques :<br \/> Capacit\u00e9 : 32 gla\u00e7ons.<br \/> Dimensions : 40(H) x 345(L) x 185(P) mm.<br \/> Mati\u00e8re : Silicone (sans bisph\u00e9nol A).<br \/> Couleur : Bleu.<\/p>\n","protected":false},"excerpt":{"rendered":"<p>Bac \u00e0 gla\u00e7ons en silicone<\/p>\n","protected":false},"featured_media":85898,"comment_status":"closed","ping_status":"closed","template":"","meta":[],"product_brand":[],"product_cat":[1107,1108,1297,1106],"product_tag":[],"class_list":{"0":"post-70584","1":"product","2":"type-product","3":"status-publish","4":"has-post-thumbnail","6":"product_cat-accessoires-de-bar","7":"product_cat-accessoires-de-bar-accessoires-de-bar","8":"product_cat-non-palettisable","9":"product_cat-restaurant-bar-et-hotel","10":"product_shipping_class-free-shipping","12":"first","13":"outofstock","14":"featured","15":"taxable","16":"shipping-taxable","17":"purchasable","18":"product-type-simple"},"_links":{"self":[{"href":"https:\/\/abinox-chr-clim.com\/index.php\/wp-json\/wp\/v2\/product\/70584","targetHints":{"allow":["GET"]}}],"collection":[{"href":"https:\/\/abinox-chr-clim.com\/index.php\/wp-json\/wp\/v2\/product"}],"about":[{"href":"https:\/\/abinox-chr-clim.com\/index.php\/wp-json\/wp\/v2\/types\/product"}],"replies":[{"embeddable":true,"href":"https:\/\/abinox-chr-clim.com\/index.php\/wp-json\/wp\/v2\/comments?post=70584"}],"wp:featuredmedia":[{"embeddable":true,"href":"https:\/\/abinox-chr-clim.com\/index.php\/wp-json\/wp\/v2\/media\/85898"}],"wp:attachment":[{"href":"https:\/\/abinox-chr-clim.com\/index.php\/wp-json\/wp\/v2\/media?parent=70584"}],"wp:term":[{"taxonomy":"product_brand","embeddable":true,"href":"https:\/\/abinox-chr-clim.com\/index.php\/wp-json\/wp\/v2\/product_brand?post=70584"},{"taxonomy":"product_cat","embeddable":true,"href":"https:\/\/abinox-chr-clim.com\/index.php\/wp-json\/wp\/v2\/product_cat?post=70584"},{"taxonomy":"product_tag","embeddable":true,"href":"https:\/\/abinox-chr-clim.com\/index.php\/wp-json\/wp\/v2\/product_tag?post=70584"}],"curies":[{"name":"wp","href":"https:\/\/api.w.org\/{rel}","templated":true}]}}