{"id":70577,"date":"2024-03-22T19:35:55","date_gmt":"2024-03-22T18:35:55","guid":{"rendered":"https:\/\/abinox-chr-clim.com\/index.php\/product\/siphon-a-eau-de-seltz-noir-olympia-1l\/"},"modified":"2026-04-11T09:27:47","modified_gmt":"2026-04-11T07:27:47","slug":"siphon-a-eau-de-seltz-noir-olympia-1l","status":"publish","type":"product","link":"https:\/\/abinox-chr-clim.com\/index.php\/product\/siphon-a-eau-de-seltz-noir-olympia-1l\/","title":{"rendered":"Siphon \u00e0 eau de seltz noir Olympia 1L"},"content":{"rendered":"<p>Chargez vos boissons avec du CO2 pour faire des sodas. La couleur noire s&rsquo;int\u00e8gre \u00e0 la plupart des d\u00e9cors. La poign\u00e9e \u00e0 pression emp\u00eache les boissons de se d\u00e9gonfler. La capacit\u00e9 d&rsquo;un litre peut contenir beaucoup de liquide. Le capuchon se d\u00e9visse pour permettre de placer facilement les cartouches de CO2.  Chargez vos boissons avec du CO2 pour faire des sodas.<\/p>\n<p>Caract\u00e9ristiques :<br \/> Capacit\u00e9 : 1000.<br \/> Mati\u00e8re : M\u00e9tal<\/p>\n","protected":false},"excerpt":{"rendered":"<p>Siphon \u00e0 eau de seltz noir Olympia 1L<\/p>\n","protected":false},"featured_media":82283,"comment_status":"closed","ping_status":"closed","template":"","meta":[],"product_brand":[],"product_cat":[1107,1108,1297,1106],"product_tag":[],"class_list":{"0":"post-70577","1":"product","2":"type-product","3":"status-publish","4":"has-post-thumbnail","6":"product_cat-accessoires-de-bar","7":"product_cat-accessoires-de-bar-accessoires-de-bar","8":"product_cat-non-palettisable","9":"product_cat-restaurant-bar-et-hotel","10":"product_shipping_class-free-shipping","12":"first","13":"instock","14":"featured","15":"taxable","16":"shipping-taxable","17":"purchasable","18":"product-type-simple"},"_links":{"self":[{"href":"https:\/\/abinox-chr-clim.com\/index.php\/wp-json\/wp\/v2\/product\/70577","targetHints":{"allow":["GET"]}}],"collection":[{"href":"https:\/\/abinox-chr-clim.com\/index.php\/wp-json\/wp\/v2\/product"}],"about":[{"href":"https:\/\/abinox-chr-clim.com\/index.php\/wp-json\/wp\/v2\/types\/product"}],"replies":[{"embeddable":true,"href":"https:\/\/abinox-chr-clim.com\/index.php\/wp-json\/wp\/v2\/comments?post=70577"}],"wp:featuredmedia":[{"embeddable":true,"href":"https:\/\/abinox-chr-clim.com\/index.php\/wp-json\/wp\/v2\/media\/82283"}],"wp:attachment":[{"href":"https:\/\/abinox-chr-clim.com\/index.php\/wp-json\/wp\/v2\/media?parent=70577"}],"wp:term":[{"taxonomy":"product_brand","embeddable":true,"href":"https:\/\/abinox-chr-clim.com\/index.php\/wp-json\/wp\/v2\/product_brand?post=70577"},{"taxonomy":"product_cat","embeddable":true,"href":"https:\/\/abinox-chr-clim.com\/index.php\/wp-json\/wp\/v2\/product_cat?post=70577"},{"taxonomy":"product_tag","embeddable":true,"href":"https:\/\/abinox-chr-clim.com\/index.php\/wp-json\/wp\/v2\/product_tag?post=70577"}],"curies":[{"name":"wp","href":"https:\/\/api.w.org\/{rel}","templated":true}]}}