{"id":70536,"date":"2024-03-22T19:27:57","date_gmt":"2024-03-22T18:27:57","guid":{"rendered":"https:\/\/abinox-chr-clim.com\/index.php\/product\/table-pliable-au-centre-bolero-noire-1829mm\/"},"modified":"2026-04-11T08:26:12","modified_gmt":"2026-04-11T06:26:12","slug":"table-pliable-au-centre-bolero-noire-1829mm","status":"publish","type":"product","link":"https:\/\/abinox-chr-clim.com\/index.php\/product\/table-pliable-au-centre-bolero-noire-1829mm\/","title":{"rendered":"Table pliable au centre Bolero noire 1829mm"},"content":{"rendered":"<p>Plus robuste, pouvant supporter une charge plus \u00e9lev\u00e9e, cette gamme de tables pliantes de qualit\u00e9 offre une bien meilleure long\u00e9vit\u00e9 que les produits bas de gamme.  Utilisez ces tables d&rsquo;appoint pour cr\u00e9er un espace suppl\u00e9mentaire de restauration, de pr\u00e9sentation ou un buffet occasionnel. Son plateau \u00e0 double rev\u00eatement de haute qualit\u00e9 fournit une surface stable et plane pour le service, la pr\u00e9sentation ou la pr\u00e9paration en fait un accessoire id\u00e9al pour la restauration mobile. Peut \u00eatre utilis\u00e9e pour les r\u00e9ceptions officielles ou dans les h\u00f4tels et les restaurants lorsqu&rsquo;un espace suppl\u00e9mentaire est requis temporairement.<br \/>Pliable pour un rangement simple et peu encombrant. Poign\u00e9e de transport pour un transport facile. Plateau en poly\u00e9thyl\u00e8ne et pieds en acier r\u00e9sistants \u00e0 la rouille pour une longue dur\u00e9e de vie. R\u00e9f\u00e9rence soumise \u00e0 une Eco-participation mobilier de 2.64\u20ac par unit\u00e9 vendue. Convient pour une utilisation \u00e0 l&rsquo;int\u00e9rieur et \u00e0 l&rsquo;ext\u00e9rieur, id\u00e9al pour les caf\u00e9s, bars ou bistrots. Les patins de pieds aident \u00e0 am\u00e9liorer la stabilit\u00e9 et \u00e0 \u00e9viter le marquage sur les sols. Conforme \u00e0 la norme EN15732 Niveau 2. Dimensions pli\u00e9es\u00a0: 45 (H) x 915 (l) x 762 (P) mm. \u00a0Poids de la charge max. (uniform\u00e9ment r\u00e9partie) : 125 kg. Livr\u00e9e enti\u00e8rement assembl\u00e9e qui permet une utilisation d\u00e8s la sortie de la bo\u00eete. R\u00e9f\u00e9rence soumise \u00e0 une Eco-participation mobilier de 1,92\u20ac par unit\u00e9 vendue. Pliable pour un rangement simple et peu encombrant.<\/p>\n<p>Caract\u00e9ristiques :<br \/> Dimensions : 735(H) x 1829(L) x 762(P)mm.<br \/> Mati\u00e8re : Poly\u00e9thyl\u00e8ne haute densit\u00e9 et structure et pieds en m\u00e9tal.<br \/> Couleur : Noir.<\/p>\n","protected":false},"excerpt":{"rendered":"<p>Table pliable au centre Bolero noire 1829mm<\/p>\n","protected":false},"featured_media":80238,"comment_status":"closed","ping_status":"closed","template":"","meta":[],"product_brand":[],"product_cat":[1201,1215,1297],"product_tag":[],"class_list":{"0":"post-70536","1":"product","2":"type-product","3":"status-publish","4":"has-post-thumbnail","6":"product_cat-mobilier","7":"product_cat-mobilier-pliant","8":"product_cat-non-palettisable","9":"product_shipping_class-free-shipping","11":"first","12":"outofstock","13":"featured","14":"taxable","15":"shipping-taxable","16":"purchasable","17":"product-type-simple"},"_links":{"self":[{"href":"https:\/\/abinox-chr-clim.com\/index.php\/wp-json\/wp\/v2\/product\/70536","targetHints":{"allow":["GET"]}}],"collection":[{"href":"https:\/\/abinox-chr-clim.com\/index.php\/wp-json\/wp\/v2\/product"}],"about":[{"href":"https:\/\/abinox-chr-clim.com\/index.php\/wp-json\/wp\/v2\/types\/product"}],"replies":[{"embeddable":true,"href":"https:\/\/abinox-chr-clim.com\/index.php\/wp-json\/wp\/v2\/comments?post=70536"}],"wp:featuredmedia":[{"embeddable":true,"href":"https:\/\/abinox-chr-clim.com\/index.php\/wp-json\/wp\/v2\/media\/80238"}],"wp:attachment":[{"href":"https:\/\/abinox-chr-clim.com\/index.php\/wp-json\/wp\/v2\/media?parent=70536"}],"wp:term":[{"taxonomy":"product_brand","embeddable":true,"href":"https:\/\/abinox-chr-clim.com\/index.php\/wp-json\/wp\/v2\/product_brand?post=70536"},{"taxonomy":"product_cat","embeddable":true,"href":"https:\/\/abinox-chr-clim.com\/index.php\/wp-json\/wp\/v2\/product_cat?post=70536"},{"taxonomy":"product_tag","embeddable":true,"href":"https:\/\/abinox-chr-clim.com\/index.php\/wp-json\/wp\/v2\/product_tag?post=70536"}],"curies":[{"name":"wp","href":"https:\/\/api.w.org\/{rel}","templated":true}]}}