{"id":70483,"date":"2024-03-22T19:27:36","date_gmt":"2024-03-22T18:27:36","guid":{"rendered":"https:\/\/abinox-chr-clim.com\/index.php\/product\/plateau-de-table-rectangulaire-pre-perce-bolero-naturel-antique-700mm\/"},"modified":"2026-04-11T09:58:08","modified_gmt":"2026-04-11T07:58:08","slug":"plateau-de-table-rectangulaire-pre-perce-bolero-naturel-antique-700mm","status":"publish","type":"product","link":"https:\/\/abinox-chr-clim.com\/index.php\/product\/plateau-de-table-rectangulaire-pre-perce-bolero-naturel-antique-700mm\/","title":{"rendered":"Plateau de table rectangulaire pr\u00e9-perc\u00e9 Bolero naturel antique 700mm"},"content":{"rendered":"<p>Plateaux de table au style vintage, parfaits pour \u00eatre assortis \u00e0 un pied en fonte. Panneau alv\u00e9olaire recouvert de m\u00e9lamine enduite de r\u00e9sine prot\u00e8geant des rayures et temp\u00e9ratures \u00e9lev\u00e9es (jusqu&rsquo;\u00e0 180\u00b0C).<br \/>Le panneau alv\u00e9olaire vous permet de servir des plats chauds sans risque de dommage. Le rev\u00eatement en m\u00e9lamine aide \u00e0 \u00e9viter les taches et les rayures. La finition bouleau offre un aspect naturel et chaleureux. R\u00e9f\u00e9rence soumise \u00e0 une Eco-participation mobilier de 2.66\u20ac par unit\u00e9 vendue. Plateau lisse facile \u00e0 nettoyer. Bord en PVC. \u00c9vitez de placer des plateaux de couleur fonc\u00e9e en plein soleil.Plateau de table pr\u00e9-perc\u00e9 parfait pour un assemblage facile avec la gamme de pieds de table Bolero. Le panneau alv\u00e9olaire vous permet de servir des plats chauds sans risque de dommage.<\/p>\n<p>Caract\u00e9ristiques :<br \/> Dimensions : 48(H) x 1100(L) x 700(P) mm.<br \/> Mati\u00e8re : Copeau de bois haute densit\u00e9 avec d\u00e9cor thermoscell\u00e9.<br \/> Couleur : Antique naturel.<\/p>\n","protected":false},"excerpt":{"rendered":"<p>Plateau de table rectangulaire pr\u00e9-perc\u00e9 Bolero naturel antique 700mm<\/p>\n","protected":false},"featured_media":93361,"comment_status":"closed","ping_status":"closed","template":"","meta":[],"product_brand":[],"product_cat":[1208,1201,1297,1211],"product_tag":[],"class_list":{"0":"post-70483","1":"product","2":"type-product","3":"status-publish","4":"has-post-thumbnail","6":"product_cat-interieur","7":"product_cat-mobilier","8":"product_cat-non-palettisable","9":"product_cat-plateaux-et-pieds-de-table-interieur","10":"product_shipping_class-free-shipping","12":"first","13":"instock","14":"featured","15":"taxable","16":"shipping-taxable","17":"purchasable","18":"product-type-simple"},"_links":{"self":[{"href":"https:\/\/abinox-chr-clim.com\/index.php\/wp-json\/wp\/v2\/product\/70483","targetHints":{"allow":["GET"]}}],"collection":[{"href":"https:\/\/abinox-chr-clim.com\/index.php\/wp-json\/wp\/v2\/product"}],"about":[{"href":"https:\/\/abinox-chr-clim.com\/index.php\/wp-json\/wp\/v2\/types\/product"}],"replies":[{"embeddable":true,"href":"https:\/\/abinox-chr-clim.com\/index.php\/wp-json\/wp\/v2\/comments?post=70483"}],"wp:featuredmedia":[{"embeddable":true,"href":"https:\/\/abinox-chr-clim.com\/index.php\/wp-json\/wp\/v2\/media\/93361"}],"wp:attachment":[{"href":"https:\/\/abinox-chr-clim.com\/index.php\/wp-json\/wp\/v2\/media?parent=70483"}],"wp:term":[{"taxonomy":"product_brand","embeddable":true,"href":"https:\/\/abinox-chr-clim.com\/index.php\/wp-json\/wp\/v2\/product_brand?post=70483"},{"taxonomy":"product_cat","embeddable":true,"href":"https:\/\/abinox-chr-clim.com\/index.php\/wp-json\/wp\/v2\/product_cat?post=70483"},{"taxonomy":"product_tag","embeddable":true,"href":"https:\/\/abinox-chr-clim.com\/index.php\/wp-json\/wp\/v2\/product_tag?post=70483"}],"curies":[{"name":"wp","href":"https:\/\/api.w.org\/{rel}","templated":true}]}}