{"id":70457,"date":"2024-03-22T19:27:25","date_gmt":"2024-03-22T18:27:25","guid":{"rendered":"https:\/\/abinox-chr-clim.com\/index.php\/product\/plateau-de-table-rond-topalit-classic-line-70cm-atacama-cherry\/"},"modified":"2026-04-11T09:40:28","modified_gmt":"2026-04-11T07:40:28","slug":"plateau-de-table-rond-topalit-classic-line-70cm-atacama-cherry","status":"publish","type":"product","link":"https:\/\/abinox-chr-clim.com\/index.php\/product\/plateau-de-table-rond-topalit-classic-line-70cm-atacama-cherry\/","title":{"rendered":"Plateau de table rond Topalit Classic Line 70cm atacama cherry"},"content":{"rendered":"<p>Un large choix de mod\u00e8les et de tailles. Les plateaux de table sont en agglom\u00e9r\u00e9 (copeaux de bois) compress\u00e9 pour une qualit\u00e9 premium. Ilsconservent leur aspect neuf sur la dur\u00e9e et sont r\u00e9sistants aux intemp\u00e9ries, aux UV, \u00e0 la chaleur et \u00e0 la corrosion. Visserie incluse.<br \/>Utilisation int\u00e9rieure et ext\u00e9rieure. Robuste et r\u00e9sistant aux rayures. R\u00e9sistant aux intemp\u00e9ries et aux UV. R\u00e9f\u00e9rence soumise \u00e0 une Eco-participation mobilier de 0.08\u20ac par unit\u00e9 vendue. R\u00e9sistant \u00e0 la chaleur (bri\u00e8vement jusqu&rsquo;\u00e0 180\u00b0C &#8211; 90 \u00b0C de fa\u00e7on permanente). Surface sans joint. Hygi\u00e9nique et facile \u00e0 nettoyer. Large choix. Couleurs claires \u00e9galement disponibles pour une plus grande r\u00e9sistance au soleil direct. NB : les vis fournies sont destin\u00e9es \u00e0 fixer un pied de table vendu s\u00e9par\u00e9ment au plateau.R\u00e9sistant aux br\u00fblures. Epaisseur au bord 26mm \/ milieu 17,5mm. Utilisation int\u00e9rieure et ext\u00e9rieure.<\/p>\n<p>Caract\u00e9ristiques :<br \/> Dimensions : 26(H) mm.<br \/> Mati\u00e8re : Bois.<br \/> Couleur : Cerise.<\/p>\n","protected":false},"excerpt":{"rendered":"<p>Plateau de table rond Topalit Classic Line 70cm atacama cherry<\/p>\n","protected":false},"featured_media":103163,"comment_status":"closed","ping_status":"closed","template":"","meta":[],"product_brand":[],"product_cat":[1208,1201,1297,1211],"product_tag":[],"class_list":{"0":"post-70457","1":"product","2":"type-product","3":"status-publish","4":"has-post-thumbnail","6":"product_cat-interieur","7":"product_cat-mobilier","8":"product_cat-non-palettisable","9":"product_cat-plateaux-et-pieds-de-table-interieur","10":"product_shipping_class-free-shipping","12":"first","13":"instock","14":"featured","15":"taxable","16":"shipping-taxable","17":"purchasable","18":"product-type-simple"},"_links":{"self":[{"href":"https:\/\/abinox-chr-clim.com\/index.php\/wp-json\/wp\/v2\/product\/70457","targetHints":{"allow":["GET"]}}],"collection":[{"href":"https:\/\/abinox-chr-clim.com\/index.php\/wp-json\/wp\/v2\/product"}],"about":[{"href":"https:\/\/abinox-chr-clim.com\/index.php\/wp-json\/wp\/v2\/types\/product"}],"replies":[{"embeddable":true,"href":"https:\/\/abinox-chr-clim.com\/index.php\/wp-json\/wp\/v2\/comments?post=70457"}],"wp:featuredmedia":[{"embeddable":true,"href":"https:\/\/abinox-chr-clim.com\/index.php\/wp-json\/wp\/v2\/media\/103163"}],"wp:attachment":[{"href":"https:\/\/abinox-chr-clim.com\/index.php\/wp-json\/wp\/v2\/media?parent=70457"}],"wp:term":[{"taxonomy":"product_brand","embeddable":true,"href":"https:\/\/abinox-chr-clim.com\/index.php\/wp-json\/wp\/v2\/product_brand?post=70457"},{"taxonomy":"product_cat","embeddable":true,"href":"https:\/\/abinox-chr-clim.com\/index.php\/wp-json\/wp\/v2\/product_cat?post=70457"},{"taxonomy":"product_tag","embeddable":true,"href":"https:\/\/abinox-chr-clim.com\/index.php\/wp-json\/wp\/v2\/product_tag?post=70457"}],"curies":[{"name":"wp","href":"https:\/\/api.w.org\/{rel}","templated":true}]}}