{"id":70447,"date":"2024-03-22T19:27:18","date_gmt":"2024-03-22T18:27:18","guid":{"rendered":"https:\/\/abinox-chr-clim.com\/index.php\/product\/plateau-de-table-rond-bolero-60-cm-effet-bois-vieilli\/"},"modified":"2026-04-11T09:43:08","modified_gmt":"2026-04-11T07:43:08","slug":"plateau-de-table-rond-bolero-60-cm-effet-bois-vieilli","status":"publish","type":"product","link":"https:\/\/abinox-chr-clim.com\/index.php\/product\/plateau-de-table-rond-bolero-60-cm-effet-bois-vieilli\/","title":{"rendered":"Plateau de table rond Bolero 60 cm effet bois vieilli"},"content":{"rendered":"<p>Un plateau de table \u00e0 la d\u00e9coration rustique \/ industrielle &#8211; id\u00e9al pour une association avec un pied en fonte. Noyau en nid d&rsquo;abeille avec m\u00e9lamine enduite de r\u00e9sine r\u00e9sistant \u00e0 la chaleur (jusqu&rsquo;\u00e0 180 \u00b0 C). Plateaux de table pr\u00e9-perc\u00e9s pouvant s&rsquo;assembler facilement avec la gamme de pieds de table Bolero. R\u00e9f\u00e9rence soumise \u00e0 une Eco-participation mobilier de 0.94\u20ac par unit\u00e9 vendue. Le bord en PVC aide \u00e0 prot\u00e9ger votre table des dommages caus\u00e9s par les chocs. Id\u00e9al pour une utilisation en int\u00e9rieur. Epaisseur 48mm. Evitez d&rsquo;exposer les plateaux de couleurs fonc\u00e9es en plein soleil.Facile \u00e0 nettoyer &#8211; gain de temps avant, pendant et apr\u00e8s le service. Un plateau de table \u00e0 la d\u00e9coration rustique \/ industrielle &#8211; id\u00e9al pour une association avec un pied en fonte.<\/p>\n<p>Caract\u00e9ristiques :<br \/> Dimensions : 48(H) x 600(L) x 600(P) mm.<br \/> Mati\u00e8re : Panneau de particules m\u00e9lamin\u00e9.<br \/> Couleur : Noir urbain.<\/p>\n","protected":false},"excerpt":{"rendered":"<p>Plateau de table rond Bolero 60 cm effet bois vieilli<\/p>\n","protected":false},"featured_media":91111,"comment_status":"closed","ping_status":"closed","template":"","meta":[],"product_brand":[],"product_cat":[1208,1201,1297,1211],"product_tag":[],"class_list":{"0":"post-70447","1":"product","2":"type-product","3":"status-publish","4":"has-post-thumbnail","6":"product_cat-interieur","7":"product_cat-mobilier","8":"product_cat-non-palettisable","9":"product_cat-plateaux-et-pieds-de-table-interieur","10":"product_shipping_class-free-shipping","12":"first","13":"instock","14":"featured","15":"taxable","16":"shipping-taxable","17":"purchasable","18":"product-type-simple"},"_links":{"self":[{"href":"https:\/\/abinox-chr-clim.com\/index.php\/wp-json\/wp\/v2\/product\/70447","targetHints":{"allow":["GET"]}}],"collection":[{"href":"https:\/\/abinox-chr-clim.com\/index.php\/wp-json\/wp\/v2\/product"}],"about":[{"href":"https:\/\/abinox-chr-clim.com\/index.php\/wp-json\/wp\/v2\/types\/product"}],"replies":[{"embeddable":true,"href":"https:\/\/abinox-chr-clim.com\/index.php\/wp-json\/wp\/v2\/comments?post=70447"}],"wp:featuredmedia":[{"embeddable":true,"href":"https:\/\/abinox-chr-clim.com\/index.php\/wp-json\/wp\/v2\/media\/91111"}],"wp:attachment":[{"href":"https:\/\/abinox-chr-clim.com\/index.php\/wp-json\/wp\/v2\/media?parent=70447"}],"wp:term":[{"taxonomy":"product_brand","embeddable":true,"href":"https:\/\/abinox-chr-clim.com\/index.php\/wp-json\/wp\/v2\/product_brand?post=70447"},{"taxonomy":"product_cat","embeddable":true,"href":"https:\/\/abinox-chr-clim.com\/index.php\/wp-json\/wp\/v2\/product_cat?post=70447"},{"taxonomy":"product_tag","embeddable":true,"href":"https:\/\/abinox-chr-clim.com\/index.php\/wp-json\/wp\/v2\/product_tag?post=70447"}],"curies":[{"name":"wp","href":"https:\/\/api.w.org\/{rel}","templated":true}]}}