{"id":70445,"date":"2024-03-22T19:27:17","date_gmt":"2024-03-22T18:27:17","guid":{"rendered":"https:\/\/abinox-chr-clim.com\/index.php\/product\/2-pieds-de-table-en-fonte-bolero-lot-de-2\/"},"modified":"2026-04-11T08:40:54","modified_gmt":"2026-04-11T06:40:54","slug":"2-pieds-de-table-en-fonte-bolero-lot-de-2","status":"publish","type":"product","link":"https:\/\/abinox-chr-clim.com\/index.php\/product\/2-pieds-de-table-en-fonte-bolero-lot-de-2\/","title":{"rendered":"2 pieds de table en fonte Bolero (Lot de 2)"},"content":{"rendered":"<p>Pour plateaux de table de 1100 x 700mm. Ensemble compos\u00e9 de 2 pieds.<br \/>. Pour une utilisation int\u00e9rieure\/ext\u00e9rieure.Livr\u00e9 en kit &#8211; assemblage facile.R\u00e9f\u00e9rence soumise \u00e0 une Eco-participation mobilier de 0.71\u20ac par unit\u00e9 vendue. Dimensions du tube : 58mm de diam\u00e8tre x 1.2mm d&rsquo;\u00e9paisseur.Ensemble de 2 pieds n\u00e9cessaire pour tout plateau de table rectangulaire. Adapt\u00e9 aux plateaux de table de 1600 x 900mm maximum.Fonte style contemporain.R\u00e9f\u00e9rence soumise \u00e0 une Eco-participation mobilier de 1,23\u20ac par unit\u00e9 vendue. .<\/p>\n<p>Caract\u00e9ristiques :<br \/>Lot : 2.<br \/> Dimensions : 720(H)x 595(L)x 740(P)mm.<br \/> Mati\u00e8re : Fonte.<br \/> Couleur : Gris anthracite.<\/p>\n","protected":false},"excerpt":{"rendered":"<p>2 pieds de table en fonte Bolero (Lot de 2)<\/p>\n","protected":false},"featured_media":92180,"comment_status":"closed","ping_status":"closed","template":"","meta":[],"product_brand":[],"product_cat":[1208,1201,1297,1211],"product_tag":[],"class_list":{"0":"post-70445","1":"product","2":"type-product","3":"status-publish","4":"has-post-thumbnail","6":"product_cat-interieur","7":"product_cat-mobilier","8":"product_cat-non-palettisable","9":"product_cat-plateaux-et-pieds-de-table-interieur","10":"product_shipping_class-free-shipping","12":"first","13":"instock","14":"featured","15":"taxable","16":"shipping-taxable","17":"purchasable","18":"product-type-simple"},"_links":{"self":[{"href":"https:\/\/abinox-chr-clim.com\/index.php\/wp-json\/wp\/v2\/product\/70445","targetHints":{"allow":["GET"]}}],"collection":[{"href":"https:\/\/abinox-chr-clim.com\/index.php\/wp-json\/wp\/v2\/product"}],"about":[{"href":"https:\/\/abinox-chr-clim.com\/index.php\/wp-json\/wp\/v2\/types\/product"}],"replies":[{"embeddable":true,"href":"https:\/\/abinox-chr-clim.com\/index.php\/wp-json\/wp\/v2\/comments?post=70445"}],"wp:featuredmedia":[{"embeddable":true,"href":"https:\/\/abinox-chr-clim.com\/index.php\/wp-json\/wp\/v2\/media\/92180"}],"wp:attachment":[{"href":"https:\/\/abinox-chr-clim.com\/index.php\/wp-json\/wp\/v2\/media?parent=70445"}],"wp:term":[{"taxonomy":"product_brand","embeddable":true,"href":"https:\/\/abinox-chr-clim.com\/index.php\/wp-json\/wp\/v2\/product_brand?post=70445"},{"taxonomy":"product_cat","embeddable":true,"href":"https:\/\/abinox-chr-clim.com\/index.php\/wp-json\/wp\/v2\/product_cat?post=70445"},{"taxonomy":"product_tag","embeddable":true,"href":"https:\/\/abinox-chr-clim.com\/index.php\/wp-json\/wp\/v2\/product_tag?post=70445"}],"curies":[{"name":"wp","href":"https:\/\/api.w.org\/{rel}","templated":true}]}}