{"id":70413,"date":"2024-03-22T19:27:05","date_gmt":"2024-03-22T18:27:05","guid":{"rendered":"https:\/\/abinox-chr-clim.com\/index.php\/product\/chaises-en-simili-cuir-bolero-creme-lot-de-2\/"},"modified":"2026-04-11T08:53:47","modified_gmt":"2026-04-11T06:53:47","slug":"chaises-en-simili-cuir-bolero-creme-lot-de-2","status":"publish","type":"product","link":"https:\/\/abinox-chr-clim.com\/index.php\/product\/chaises-en-simili-cuir-bolero-creme-lot-de-2\/","title":{"rendered":"Chaises en simili cuir Bolero cr\u00e8me (Lot de 2)"},"content":{"rendered":"<p>Chaise \u00e9l\u00e9gante, simple et contemporaine en simili cuir, id\u00e9ale pour les h\u00f4tels, restaurants et tables d&rsquo;h\u00f4tes. Utilisation int\u00e9rieure uniquement.<br \/>Enti\u00e8rement mont\u00e9es. Utilisation int\u00e9rieure uniquement. Hauteur de l&rsquo;assise : 510mm. R\u00e9f\u00e9rence soumise \u00e0 une Eco-participation mobilier de 1.95\u20ac par unit\u00e9 vendue. Structure bouleau massif. Conforme \u00e0 la norme BS7176 Crib 5.Rembourrage en mousse polyur\u00e9thane. R\u00e9f\u00e9rence soumise \u00e0 une Eco-participation mobilier de 1,30\u20ac par unit\u00e9 vendue. Enti\u00e8rement mont\u00e9es.<\/p>\n<p>Caract\u00e9ristiques :<br \/>Lot : 2.<br \/> Dimensions : 940(H)x 405(L)x 500(P)mm.<br \/> Mati\u00e8re : Polyur\u00e9thane et bouleau.<br \/> Couleur : Cr\u00e8me.<\/p>\n","protected":false},"excerpt":{"rendered":"<p>Chaises en simili cuir Bolero cr\u00e8me (Lot de 2)<\/p>\n","protected":false},"featured_media":101799,"comment_status":"closed","ping_status":"closed","template":"","meta":[],"product_brand":[],"product_cat":[1209,1208,1201,1296],"product_tag":[],"class_list":{"0":"post-70413","1":"product","2":"type-product","3":"status-publish","4":"has-post-thumbnail","6":"product_cat-chaises-interieur","7":"product_cat-interieur","8":"product_cat-mobilier","9":"product_cat-palettisable","11":"first","12":"instock","13":"featured","14":"taxable","15":"shipping-taxable","16":"purchasable","17":"product-type-simple"},"_links":{"self":[{"href":"https:\/\/abinox-chr-clim.com\/index.php\/wp-json\/wp\/v2\/product\/70413","targetHints":{"allow":["GET"]}}],"collection":[{"href":"https:\/\/abinox-chr-clim.com\/index.php\/wp-json\/wp\/v2\/product"}],"about":[{"href":"https:\/\/abinox-chr-clim.com\/index.php\/wp-json\/wp\/v2\/types\/product"}],"replies":[{"embeddable":true,"href":"https:\/\/abinox-chr-clim.com\/index.php\/wp-json\/wp\/v2\/comments?post=70413"}],"wp:featuredmedia":[{"embeddable":true,"href":"https:\/\/abinox-chr-clim.com\/index.php\/wp-json\/wp\/v2\/media\/101799"}],"wp:attachment":[{"href":"https:\/\/abinox-chr-clim.com\/index.php\/wp-json\/wp\/v2\/media?parent=70413"}],"wp:term":[{"taxonomy":"product_brand","embeddable":true,"href":"https:\/\/abinox-chr-clim.com\/index.php\/wp-json\/wp\/v2\/product_brand?post=70413"},{"taxonomy":"product_cat","embeddable":true,"href":"https:\/\/abinox-chr-clim.com\/index.php\/wp-json\/wp\/v2\/product_cat?post=70413"},{"taxonomy":"product_tag","embeddable":true,"href":"https:\/\/abinox-chr-clim.com\/index.php\/wp-json\/wp\/v2\/product_tag?post=70413"}],"curies":[{"name":"wp","href":"https:\/\/api.w.org\/{rel}","templated":true}]}}