{"id":70403,"date":"2024-03-22T19:27:01","date_gmt":"2024-03-22T18:27:01","guid":{"rendered":"https:\/\/abinox-chr-clim.com\/index.php\/product\/tabouret-de-bar-haut-avec-dossier-en-simili-cuir-bolero-noir\/"},"modified":"2026-04-11T08:52:01","modified_gmt":"2026-04-11T06:52:01","slug":"tabouret-de-bar-haut-avec-dossier-en-simili-cuir-bolero-noir","status":"publish","type":"product","link":"https:\/\/abinox-chr-clim.com\/index.php\/product\/tabouret-de-bar-haut-avec-dossier-en-simili-cuir-bolero-noir\/","title":{"rendered":"Tabouret de bar haut avec dossier en simili cuir Bolero noir"},"content":{"rendered":"<p>Mobilier en simili cuir \u00e9l\u00e9gant et contemporain pour les h\u00f4tels, restaurants et autres lieux de restauration.<br \/>Le si\u00e8ge en simili-cuir offre un look \u00e9l\u00e9gant et sophistiqu\u00e9. Le si\u00e8ge rembourr\u00e9 offre un excellent confort aux clients. Hauteur de l&rsquo;assise : 760 mm. R\u00e9f\u00e9rence soumise \u00e0 une Eco-participation mobilier de 1.44\u20ac par unit\u00e9 vendue. Fourni enti\u00e8rement assembl\u00e9. Pour les \u00e9chantillons, veuillez commander AE865. La structure en bois de bouleau apporte une touche classique. Les mat\u00e9riaux de qualit\u00e9 professionnelle offrent une excellente r\u00e9sistance \u00e0 l&rsquo;usure g\u00e9n\u00e9rale. Conception facile \u00e0 nettoyer pour un entretien rapide et simple. Conforme \u00e0 la norme BS7176. R\u00e9f\u00e9rence soumise \u00e0 une Eco-participation mobilier de 0,50\u20ac par unit\u00e9 vendue. Le si\u00e8ge en simili-cuir offre un look \u00e9l\u00e9gant et sophistiqu\u00e9.<\/p>\n<p>Caract\u00e9ristiques :<br \/> Dimensions : 1030(H) x 440(L) x 540(P)mm.<br \/> Mati\u00e8re : Simili cuir et structure en bouleau laqu\u00e9.<br \/> Couleur : Noir.<\/p>\n","protected":false},"excerpt":{"rendered":"<p>Tabouret de bar haut avec dossier en simili cuir Bolero noir<\/p>\n","protected":false},"featured_media":101598,"comment_status":"closed","ping_status":"closed","template":"","meta":[],"product_brand":[],"product_cat":[1209,1208,1201,1296],"product_tag":[],"class_list":{"0":"post-70403","1":"product","2":"type-product","3":"status-publish","4":"has-post-thumbnail","6":"product_cat-chaises-interieur","7":"product_cat-interieur","8":"product_cat-mobilier","9":"product_cat-palettisable","11":"first","12":"outofstock","13":"featured","14":"taxable","15":"shipping-taxable","16":"purchasable","17":"product-type-simple"},"_links":{"self":[{"href":"https:\/\/abinox-chr-clim.com\/index.php\/wp-json\/wp\/v2\/product\/70403","targetHints":{"allow":["GET"]}}],"collection":[{"href":"https:\/\/abinox-chr-clim.com\/index.php\/wp-json\/wp\/v2\/product"}],"about":[{"href":"https:\/\/abinox-chr-clim.com\/index.php\/wp-json\/wp\/v2\/types\/product"}],"replies":[{"embeddable":true,"href":"https:\/\/abinox-chr-clim.com\/index.php\/wp-json\/wp\/v2\/comments?post=70403"}],"wp:featuredmedia":[{"embeddable":true,"href":"https:\/\/abinox-chr-clim.com\/index.php\/wp-json\/wp\/v2\/media\/101598"}],"wp:attachment":[{"href":"https:\/\/abinox-chr-clim.com\/index.php\/wp-json\/wp\/v2\/media?parent=70403"}],"wp:term":[{"taxonomy":"product_brand","embeddable":true,"href":"https:\/\/abinox-chr-clim.com\/index.php\/wp-json\/wp\/v2\/product_brand?post=70403"},{"taxonomy":"product_cat","embeddable":true,"href":"https:\/\/abinox-chr-clim.com\/index.php\/wp-json\/wp\/v2\/product_cat?post=70403"},{"taxonomy":"product_tag","embeddable":true,"href":"https:\/\/abinox-chr-clim.com\/index.php\/wp-json\/wp\/v2\/product_tag?post=70403"}],"curies":[{"name":"wp","href":"https:\/\/api.w.org\/{rel}","templated":true}]}}