{"id":70398,"date":"2024-03-22T19:26:59","date_gmt":"2024-03-22T18:26:59","guid":{"rendered":"https:\/\/abinox-chr-clim.com\/index.php\/product\/chaises-en-simili-cuir-bolero-marron-fonce-lot-de-2\/"},"modified":"2026-04-11T08:50:58","modified_gmt":"2026-04-11T06:50:58","slug":"chaises-en-simili-cuir-bolero-marron-fonce-lot-de-2","status":"publish","type":"product","link":"https:\/\/abinox-chr-clim.com\/index.php\/product\/chaises-en-simili-cuir-bolero-marron-fonce-lot-de-2\/","title":{"rendered":"Chaises en simili cuir Bolero marron fonc\u00e9 (Lot de 2)"},"content":{"rendered":"<p>Chaise droite simple, \u00e9l\u00e9gante et contemporaine, parfaite pour les h\u00f4tels et les restaurants.<br \/>Le si\u00e8ge en simili-cuir offre un look \u00e9l\u00e9gant et sophistiqu\u00e9. Les petits pieds allong\u00e9s aident \u00e0 maintenir les pieds des chaises. Livr\u00e9e enti\u00e8rement assembl\u00e9e pour une utilisation imm\u00e9diate. R\u00e9f\u00e9rence soumise \u00e0 une Eco-participation mobilier de 2.03\u20ac par unit\u00e9 vendue. Hauteur de l&rsquo;assise : 940 mm. Convient uniquement pour un usage int\u00e9rieur. La structure en bois de bouleau ajoute une touche classique. Les mat\u00e9riaux de haute qualit\u00e9 offrent une excellente durabilit\u00e9 pour une utilisation \u00e0 long terme. L&rsquo;assise et le dossier rembourr\u00e9s permettent aux clients de s&rsquo;asseoir confortablement. Conforme \u00e0 la norme BS7176 Crib 5. R\u00e9f\u00e9rence soumise \u00e0 une Eco-participation mobilier de 1,69\u20ac par unit\u00e9 vendue. Le si\u00e8ge en simili-cuir offre un look \u00e9l\u00e9gant et sophistiqu\u00e9.<\/p>\n<p>Caract\u00e9ristiques :<br \/>Lot : 2.<br \/> Dimensions : 940(H) x 405(L) x 500(P)mm.<br \/> Mati\u00e8re : Polyur\u00e9thane et bouleau.<br \/> Couleur : Marron fonc\u00e9.<\/p>\n","protected":false},"excerpt":{"rendered":"<p>Chaises en simili cuir Bolero marron fonc\u00e9 (Lot de 2)<\/p>\n","protected":false},"featured_media":101517,"comment_status":"closed","ping_status":"closed","template":"","meta":[],"product_brand":[],"product_cat":[1209,1208,1201,1296],"product_tag":[],"class_list":{"0":"post-70398","1":"product","2":"type-product","3":"status-publish","4":"has-post-thumbnail","6":"product_cat-chaises-interieur","7":"product_cat-interieur","8":"product_cat-mobilier","9":"product_cat-palettisable","11":"first","12":"instock","13":"featured","14":"taxable","15":"shipping-taxable","16":"purchasable","17":"product-type-simple"},"_links":{"self":[{"href":"https:\/\/abinox-chr-clim.com\/index.php\/wp-json\/wp\/v2\/product\/70398","targetHints":{"allow":["GET"]}}],"collection":[{"href":"https:\/\/abinox-chr-clim.com\/index.php\/wp-json\/wp\/v2\/product"}],"about":[{"href":"https:\/\/abinox-chr-clim.com\/index.php\/wp-json\/wp\/v2\/types\/product"}],"replies":[{"embeddable":true,"href":"https:\/\/abinox-chr-clim.com\/index.php\/wp-json\/wp\/v2\/comments?post=70398"}],"wp:featuredmedia":[{"embeddable":true,"href":"https:\/\/abinox-chr-clim.com\/index.php\/wp-json\/wp\/v2\/media\/101517"}],"wp:attachment":[{"href":"https:\/\/abinox-chr-clim.com\/index.php\/wp-json\/wp\/v2\/media?parent=70398"}],"wp:term":[{"taxonomy":"product_brand","embeddable":true,"href":"https:\/\/abinox-chr-clim.com\/index.php\/wp-json\/wp\/v2\/product_brand?post=70398"},{"taxonomy":"product_cat","embeddable":true,"href":"https:\/\/abinox-chr-clim.com\/index.php\/wp-json\/wp\/v2\/product_cat?post=70398"},{"taxonomy":"product_tag","embeddable":true,"href":"https:\/\/abinox-chr-clim.com\/index.php\/wp-json\/wp\/v2\/product_tag?post=70398"}],"curies":[{"name":"wp","href":"https:\/\/api.w.org\/{rel}","templated":true}]}}