{"id":70330,"date":"2024-03-22T19:26:29","date_gmt":"2024-03-22T18:26:29","guid":{"rendered":"https:\/\/abinox-chr-clim.com\/index.php\/product\/table-bistro-ronde-bolero-600mm\/"},"modified":"2026-04-02T09:06:40","modified_gmt":"2026-04-02T07:06:40","slug":"table-bistro-ronde-bolero-600mm","status":"publish","type":"product","link":"https:\/\/abinox-chr-clim.com\/index.php\/product\/table-bistro-ronde-bolero-600mm\/","title":{"rendered":"Table bistro ronde Bolero 600mm"},"content":{"rendered":"<p>Tables r\u00e9sistantes, id\u00e9ales pour les terrasses et les patios prot\u00e9g\u00e9s, dot\u00e9es de pieds robustes. Assorties au fauteuil U419.<br \/>Le design r\u00e9sistant aux intemp\u00e9ries est parfait pour une utilisation \u00e0 l&rsquo;ext\u00e9rieur comme \u00e0 l&rsquo;int\u00e9rieur. Le plateau en acier inoxydable r\u00e9siste \u00e0 l&rsquo;humidit\u00e9 et conserve son aspect optimal. Base en aluminium robuste pour une meilleure stabilit\u00e9 sur les trottoirs, terrasses et patios. R\u00e9f\u00e9rence soumise \u00e0 une Eco-participation mobilier de 0.46\u20ac par unit\u00e9 vendue. La couleur neutre s&rsquo;adapte \u00e0 tous les d\u00e9cors et \u00e0 tous les types de chaises d&rsquo;ext\u00e9rieur. Livr\u00e9 emball\u00e9 \u00e0 plat avec toutes les fixations et le manuel d&rsquo;utilisation pour un montage facile.La surface de la table est facile \u00e0 essuyer et \u00e0 garder hygi\u00e9nique pendant un service intense. R\u00e9f\u00e9rence soumise \u00e0 une Eco-participation mobilier de 1,28\u20ac par unit\u00e9 vendue. Le design r\u00e9sistant aux intemp\u00e9ries est parfait pour une utilisation \u00e0 l&rsquo;ext\u00e9rieur comme \u00e0 l&rsquo;int\u00e9rieur.<\/p>\n<p>Caract\u00e9ristiques :<br \/> Dimensions : 720(H) x 600(\u00d8)mm.<br \/> Mati\u00e8re : Plateau inox et pied aluminium.<br \/> Couleur : Gris.<\/p>\n","protected":false},"excerpt":{"rendered":"<p>Table bistro ronde Bolero 600mm<\/p>\n","protected":false},"featured_media":98484,"comment_status":"closed","ping_status":"closed","template":"","meta":[],"product_brand":[],"product_cat":[1202,1201,1297,1207],"product_tag":[],"class_list":{"0":"post-70330","1":"product","2":"type-product","3":"status-publish","4":"has-post-thumbnail","6":"product_cat-exterieur","7":"product_cat-mobilier","8":"product_cat-non-palettisable","9":"product_cat-tables","10":"product_shipping_class-free-shipping","12":"first","13":"instock","14":"featured","15":"taxable","16":"shipping-taxable","17":"purchasable","18":"product-type-simple"},"_links":{"self":[{"href":"https:\/\/abinox-chr-clim.com\/index.php\/wp-json\/wp\/v2\/product\/70330","targetHints":{"allow":["GET"]}}],"collection":[{"href":"https:\/\/abinox-chr-clim.com\/index.php\/wp-json\/wp\/v2\/product"}],"about":[{"href":"https:\/\/abinox-chr-clim.com\/index.php\/wp-json\/wp\/v2\/types\/product"}],"replies":[{"embeddable":true,"href":"https:\/\/abinox-chr-clim.com\/index.php\/wp-json\/wp\/v2\/comments?post=70330"}],"wp:featuredmedia":[{"embeddable":true,"href":"https:\/\/abinox-chr-clim.com\/index.php\/wp-json\/wp\/v2\/media\/98484"}],"wp:attachment":[{"href":"https:\/\/abinox-chr-clim.com\/index.php\/wp-json\/wp\/v2\/media?parent=70330"}],"wp:term":[{"taxonomy":"product_brand","embeddable":true,"href":"https:\/\/abinox-chr-clim.com\/index.php\/wp-json\/wp\/v2\/product_brand?post=70330"},{"taxonomy":"product_cat","embeddable":true,"href":"https:\/\/abinox-chr-clim.com\/index.php\/wp-json\/wp\/v2\/product_cat?post=70330"},{"taxonomy":"product_tag","embeddable":true,"href":"https:\/\/abinox-chr-clim.com\/index.php\/wp-json\/wp\/v2\/product_tag?post=70330"}],"curies":[{"name":"wp","href":"https:\/\/api.w.org\/{rel}","templated":true}]}}