{"id":70311,"date":"2024-03-22T19:26:22","date_gmt":"2024-03-22T18:26:22","guid":{"rendered":"https:\/\/abinox-chr-clim.com\/index.php\/product\/table-de-terrasse-en-acier-bolero-rouge\/"},"modified":"2026-04-02T08:52:44","modified_gmt":"2026-04-02T06:52:44","slug":"table-de-terrasse-en-acier-bolero-rouge","status":"publish","type":"product","link":"https:\/\/abinox-chr-clim.com\/index.php\/product\/table-de-terrasse-en-acier-bolero-rouge\/","title":{"rendered":"Table de terrasse en acier Bolero rouge"},"content":{"rendered":"<p>Mobilier pliant en acier aux couleurs vives, id\u00e9al pour les terrasses et trottoirs. Se plie facilement pour un rangement rapide. Choisissez de m\u00e9langer ou assortir les couleurs pour cr\u00e9er votre style. Tables livr\u00e9es avec pieds en nylon.<br \/>Enti\u00e8rement mont\u00e9. Trait\u00e9 anti UV. Pour une utilisation int\u00e9rieure et ext\u00e9rieure. R\u00e9f\u00e9rence soumise \u00e0 une Eco-participation mobilier de 0.28\u20ac par unit\u00e9 vendue.Avec pieds en nylon. R\u00e9f\u00e9rence soumise \u00e0 une Eco-participation mobilier de 0,73\u20ac par unit\u00e9 vendue. Enti\u00e8rement mont\u00e9.<\/p>\n<p>Caract\u00e9ristiques :<br \/> Dimensions : 710(H)x 595(\u00d8)mm.<br \/> Mati\u00e8re : Rev\u00eatement acier poudr\u00e9.<br \/> Couleur : Rouge.<\/p>\n","protected":false},"excerpt":{"rendered":"<p>Table de terrasse en acier Bolero rouge<\/p>\n","protected":false},"featured_media":101824,"comment_status":"closed","ping_status":"closed","template":"","meta":[],"product_brand":[],"product_cat":[1202,1201,1297,1207],"product_tag":[],"class_list":{"0":"post-70311","1":"product","2":"type-product","3":"status-publish","4":"has-post-thumbnail","6":"product_cat-exterieur","7":"product_cat-mobilier","8":"product_cat-non-palettisable","9":"product_cat-tables","10":"product_shipping_class-free-shipping","12":"first","13":"instock","14":"featured","15":"taxable","16":"shipping-taxable","17":"purchasable","18":"product-type-simple"},"_links":{"self":[{"href":"https:\/\/abinox-chr-clim.com\/index.php\/wp-json\/wp\/v2\/product\/70311","targetHints":{"allow":["GET"]}}],"collection":[{"href":"https:\/\/abinox-chr-clim.com\/index.php\/wp-json\/wp\/v2\/product"}],"about":[{"href":"https:\/\/abinox-chr-clim.com\/index.php\/wp-json\/wp\/v2\/types\/product"}],"replies":[{"embeddable":true,"href":"https:\/\/abinox-chr-clim.com\/index.php\/wp-json\/wp\/v2\/comments?post=70311"}],"wp:featuredmedia":[{"embeddable":true,"href":"https:\/\/abinox-chr-clim.com\/index.php\/wp-json\/wp\/v2\/media\/101824"}],"wp:attachment":[{"href":"https:\/\/abinox-chr-clim.com\/index.php\/wp-json\/wp\/v2\/media?parent=70311"}],"wp:term":[{"taxonomy":"product_brand","embeddable":true,"href":"https:\/\/abinox-chr-clim.com\/index.php\/wp-json\/wp\/v2\/product_brand?post=70311"},{"taxonomy":"product_cat","embeddable":true,"href":"https:\/\/abinox-chr-clim.com\/index.php\/wp-json\/wp\/v2\/product_cat?post=70311"},{"taxonomy":"product_tag","embeddable":true,"href":"https:\/\/abinox-chr-clim.com\/index.php\/wp-json\/wp\/v2\/product_tag?post=70311"}],"curies":[{"name":"wp","href":"https:\/\/api.w.org\/{rel}","templated":true}]}}