{"id":70297,"date":"2024-03-22T19:26:16","date_gmt":"2024-03-22T18:26:16","guid":{"rendered":"https:\/\/abinox-chr-clim.com\/index.php\/product\/table-haute-carree-pliante-limburg-70cm\/"},"modified":"2026-04-02T09:58:19","modified_gmt":"2026-04-02T07:58:19","slug":"table-haute-carree-pliante-limburg-70cm","status":"publish","type":"product","link":"https:\/\/abinox-chr-clim.com\/index.php\/product\/table-haute-carree-pliante-limburg-70cm\/","title":{"rendered":"Table haute carr\u00e9e pliante Limburg 70cm"},"content":{"rendered":"<p>Table haute pratique. Se plie facilement pour pouvoir \u00eatre rang\u00e9e sans prendre de place.<br \/>Ext\u00e9rieur et int\u00e9rieur. Pliable. Conception solide. R\u00e9f\u00e9rence soumise \u00e0 une Eco-participation mobilier de 0.17\u20ac par unit\u00e9 vendue. Ext\u00e9rieur et int\u00e9rieur.<\/p>\n<p>Caract\u00e9ristiques :<br \/> Dimensions : 1100(H) x 700(L) x 700(L) mm.<br \/> Mati\u00e8re : Acier<\/p>\n","protected":false},"excerpt":{"rendered":"<p>Table haute carr\u00e9e pliante Limburg 70cm<\/p>\n","protected":false},"featured_media":101034,"comment_status":"closed","ping_status":"closed","template":"","meta":[],"product_brand":[],"product_cat":[1202,1201,1296,1207],"product_tag":[],"class_list":{"0":"post-70297","1":"product","2":"type-product","3":"status-publish","4":"has-post-thumbnail","6":"product_cat-exterieur","7":"product_cat-mobilier","8":"product_cat-palettisable","9":"product_cat-tables","11":"first","12":"instock","13":"featured","14":"taxable","15":"shipping-taxable","16":"purchasable","17":"product-type-simple"},"_links":{"self":[{"href":"https:\/\/abinox-chr-clim.com\/index.php\/wp-json\/wp\/v2\/product\/70297","targetHints":{"allow":["GET"]}}],"collection":[{"href":"https:\/\/abinox-chr-clim.com\/index.php\/wp-json\/wp\/v2\/product"}],"about":[{"href":"https:\/\/abinox-chr-clim.com\/index.php\/wp-json\/wp\/v2\/types\/product"}],"replies":[{"embeddable":true,"href":"https:\/\/abinox-chr-clim.com\/index.php\/wp-json\/wp\/v2\/comments?post=70297"}],"wp:featuredmedia":[{"embeddable":true,"href":"https:\/\/abinox-chr-clim.com\/index.php\/wp-json\/wp\/v2\/media\/101034"}],"wp:attachment":[{"href":"https:\/\/abinox-chr-clim.com\/index.php\/wp-json\/wp\/v2\/media?parent=70297"}],"wp:term":[{"taxonomy":"product_brand","embeddable":true,"href":"https:\/\/abinox-chr-clim.com\/index.php\/wp-json\/wp\/v2\/product_brand?post=70297"},{"taxonomy":"product_cat","embeddable":true,"href":"https:\/\/abinox-chr-clim.com\/index.php\/wp-json\/wp\/v2\/product_cat?post=70297"},{"taxonomy":"product_tag","embeddable":true,"href":"https:\/\/abinox-chr-clim.com\/index.php\/wp-json\/wp\/v2\/product_tag?post=70297"}],"curies":[{"name":"wp","href":"https:\/\/api.w.org\/{rel}","templated":true}]}}