{"id":70287,"date":"2024-03-22T19:26:13","date_gmt":"2024-03-22T18:26:13","guid":{"rendered":"https:\/\/abinox-chr-clim.com\/index.php\/product\/table-de-patio-demontable-limburg-pizarra-70-x-70-cm\/"},"modified":"2026-04-02T09:49:39","modified_gmt":"2026-04-02T07:49:39","slug":"table-de-patio-demontable-limburg-pizarra-70-x-70-cm","status":"publish","type":"product","link":"https:\/\/abinox-chr-clim.com\/index.php\/product\/table-de-patio-demontable-limburg-pizarra-70-x-70-cm\/","title":{"rendered":"Table de patio d\u00e9montable Limburg Pizarra 70 x 70 cm"},"content":{"rendered":"<p>Table d&rsquo;ext\u00e9rieur facile d&rsquo;entretien et r\u00e9sistante aux UV et aux rayures. Hauteur : 73cm.<br \/>Se d\u00e9monte pour un rangement facile &#8211; cf manuel dans l&rsquo;onglet Documents. Tous temps. R\u00e9sistant aux UV. R\u00e9sistant aux rayures. Cadre anthracite.  R\u00e9f\u00e9rence soumise \u00e0 une Eco-participation mobilier de 1,56\u20ac par unit\u00e9 vendue. Se d\u00e9monte pour un rangement facile &#8211; cf manuel dans l&rsquo;onglet Documents.<\/p>\n<p>Caract\u00e9ristiques :<br \/> Dimensions : 730(H) x 700(L) x 700(L) mm.<\/p>\n","protected":false},"excerpt":{"rendered":"<p>Table de patio d\u00e9montable Limburg Pizarra 70 x 70 cm<\/p>\n","protected":false},"featured_media":100786,"comment_status":"closed","ping_status":"closed","template":"","meta":[],"product_brand":[],"product_cat":[1202,1201,1297,1207],"product_tag":[],"class_list":{"0":"post-70287","1":"product","2":"type-product","3":"status-publish","4":"has-post-thumbnail","6":"product_cat-exterieur","7":"product_cat-mobilier","8":"product_cat-non-palettisable","9":"product_cat-tables","10":"product_shipping_class-free-shipping","12":"first","13":"instock","14":"featured","15":"taxable","16":"shipping-taxable","17":"purchasable","18":"product-type-simple"},"_links":{"self":[{"href":"https:\/\/abinox-chr-clim.com\/index.php\/wp-json\/wp\/v2\/product\/70287","targetHints":{"allow":["GET"]}}],"collection":[{"href":"https:\/\/abinox-chr-clim.com\/index.php\/wp-json\/wp\/v2\/product"}],"about":[{"href":"https:\/\/abinox-chr-clim.com\/index.php\/wp-json\/wp\/v2\/types\/product"}],"replies":[{"embeddable":true,"href":"https:\/\/abinox-chr-clim.com\/index.php\/wp-json\/wp\/v2\/comments?post=70287"}],"wp:featuredmedia":[{"embeddable":true,"href":"https:\/\/abinox-chr-clim.com\/index.php\/wp-json\/wp\/v2\/media\/100786"}],"wp:attachment":[{"href":"https:\/\/abinox-chr-clim.com\/index.php\/wp-json\/wp\/v2\/media?parent=70287"}],"wp:term":[{"taxonomy":"product_brand","embeddable":true,"href":"https:\/\/abinox-chr-clim.com\/index.php\/wp-json\/wp\/v2\/product_brand?post=70287"},{"taxonomy":"product_cat","embeddable":true,"href":"https:\/\/abinox-chr-clim.com\/index.php\/wp-json\/wp\/v2\/product_cat?post=70287"},{"taxonomy":"product_tag","embeddable":true,"href":"https:\/\/abinox-chr-clim.com\/index.php\/wp-json\/wp\/v2\/product_tag?post=70287"}],"curies":[{"name":"wp","href":"https:\/\/api.w.org\/{rel}","templated":true}]}}