{"id":70264,"date":"2024-03-22T19:26:01","date_gmt":"2024-03-22T18:26:01","guid":{"rendered":"https:\/\/abinox-chr-clim.com\/index.php\/product\/pied-de-table-4-pieds-en-aluminium-bolero\/"},"modified":"2026-04-02T08:41:59","modified_gmt":"2026-04-02T06:41:59","slug":"pied-de-table-4-pieds-en-aluminium-bolero","status":"publish","type":"product","link":"https:\/\/abinox-chr-clim.com\/index.php\/product\/pied-de-table-4-pieds-en-aluminium-bolero\/","title":{"rendered":"Pied de table 4 pieds en aluminium Bolero"},"content":{"rendered":"<p>Cr\u00e9ez le d\u00e9cor de votre choix gr\u00e2ce \u00e0 notre gamme de plateaux de table Werzalit Plus ronds ou carr\u00e9s, disponibles en plusieurs finitions et mariez-les \u00e0 l&rsquo;un des pieds de notre collection. R\u00e9sistant aux effets des contraintes m\u00e9caniques, thermiques et chimiques, totalement imperm\u00e9ables et faciles \u00e0 nettoyer les plateaux Werzalit r\u00e9pondent \u00e0 toutes les normes d&rsquo;hygi\u00e8ne de l&rsquo;industrie de la restauration professionnelle. Tous les plateaux sont pr\u00e9-perc\u00e9s pour un assemblage facile avec les pieds.<br \/>Compatible avec nos marques Duroflat, Durolite et Werzalit.  R\u00e9f\u00e9rence soumise \u00e0 une Eco-participation mobilier de 0.4\u20ac par unit\u00e9 vendue. Utilisation en int\u00e9rieur \/ ext\u00e9rieur (int\u00e9rieur uniquement pour le CD214).Fourni en kit pour un assemblage facile.Finition aluminium pour un style contemporain.Dimensions de la base 650(l) x 650(p)mm.Tube 58mm diam\u00e8tre x 1.2mm d&rsquo;\u00e9paisseur. Convient pour les plateaux jusqu&rsquo;\u00e0 800mm de diam\u00e8tre.Poids net 7.1kg. R\u00e9f\u00e9rence soumise \u00e0 une Eco-participation mobilier de 0,93\u20ac par unit\u00e9 vendue. Compatible avec nos marques Duroflat, Durolite et Werzalit. .<br \/> Caract\u00e9ristiques :<br \/> Dimensions : 680(H) x 650(L) x 650(P)mm.<br \/> Mati\u00e8re : Inox et aluminium.<br \/> Couleur : Aluminium.<\/p>\n","protected":false},"excerpt":{"rendered":"<p>Pied de table 4 pieds en aluminium Bolero<\/p>\n","protected":false},"featured_media":92188,"comment_status":"closed","ping_status":"closed","template":"","meta":[],"product_brand":[],"product_cat":[1202,1201,1297,1206],"product_tag":[],"class_list":{"0":"post-70264","1":"product","2":"type-product","3":"status-publish","4":"has-post-thumbnail","6":"product_cat-exterieur","7":"product_cat-mobilier","8":"product_cat-non-palettisable","9":"product_cat-plateaux-et-pieds-de-table","10":"product_shipping_class-free-shipping","12":"first","13":"instock","14":"featured","15":"taxable","16":"shipping-taxable","17":"purchasable","18":"product-type-simple"},"_links":{"self":[{"href":"https:\/\/abinox-chr-clim.com\/index.php\/wp-json\/wp\/v2\/product\/70264","targetHints":{"allow":["GET"]}}],"collection":[{"href":"https:\/\/abinox-chr-clim.com\/index.php\/wp-json\/wp\/v2\/product"}],"about":[{"href":"https:\/\/abinox-chr-clim.com\/index.php\/wp-json\/wp\/v2\/types\/product"}],"replies":[{"embeddable":true,"href":"https:\/\/abinox-chr-clim.com\/index.php\/wp-json\/wp\/v2\/comments?post=70264"}],"wp:featuredmedia":[{"embeddable":true,"href":"https:\/\/abinox-chr-clim.com\/index.php\/wp-json\/wp\/v2\/media\/92188"}],"wp:attachment":[{"href":"https:\/\/abinox-chr-clim.com\/index.php\/wp-json\/wp\/v2\/media?parent=70264"}],"wp:term":[{"taxonomy":"product_brand","embeddable":true,"href":"https:\/\/abinox-chr-clim.com\/index.php\/wp-json\/wp\/v2\/product_brand?post=70264"},{"taxonomy":"product_cat","embeddable":true,"href":"https:\/\/abinox-chr-clim.com\/index.php\/wp-json\/wp\/v2\/product_cat?post=70264"},{"taxonomy":"product_tag","embeddable":true,"href":"https:\/\/abinox-chr-clim.com\/index.php\/wp-json\/wp\/v2\/product_tag?post=70264"}],"curies":[{"name":"wp","href":"https:\/\/api.w.org\/{rel}","templated":true}]}}