{"id":70258,"date":"2024-03-22T19:25:59","date_gmt":"2024-03-22T18:25:59","guid":{"rendered":"https:\/\/abinox-chr-clim.com\/index.php\/product\/pied-de-table-carre-effet-escalier-en-fonte-bolero\/"},"modified":"2026-04-02T08:33:38","modified_gmt":"2026-04-02T06:33:38","slug":"pied-de-table-carre-effet-escalier-en-fonte-bolero","status":"publish","type":"product","link":"https:\/\/abinox-chr-clim.com\/index.php\/product\/pied-de-table-carre-effet-escalier-en-fonte-bolero\/","title":{"rendered":"Pied de table carr\u00e9 effet escalier en fonte Bolero"},"content":{"rendered":"<p>Cr\u00e9ez le d\u00e9cor de votre choix gr\u00e2ce \u00e0 notre gamme de plateaux de table Werzalit Plus ronds ou carr\u00e9s, disponibles en plusieurs finitions et mariez-les \u00e0 l&rsquo;un des pieds de notre collection. R\u00e9sistant aux effets des contraintes m\u00e9caniques, thermiques et chimiques, totalement imperm\u00e9ables et faciles \u00e0 nettoyer les plateaux Werzalit r\u00e9pondent \u00e0 toutes les normes d&rsquo;hygi\u00e8ne de l&rsquo;industrie de la restauration professionnelle. Tous les plateaux sont pr\u00e9-perc\u00e9s pour un assemblage facile avec les pieds.<br \/>Peut \u00eatre utilis\u00e9 sur des tables jusqu&rsquo;\u00e0 800 mm de diam\u00e8tre pour permettre des repas spacieux. Le poids net de 15 kg assure la s\u00e9curit\u00e9 et la stabilit\u00e9 de vos tables pendant l&rsquo;utilisation. La conception durable permet une utilisation \u00e0 l&rsquo;int\u00e9rieur et \u00e0 l&rsquo;ext\u00e9rieur. R\u00e9f\u00e9rence soumise \u00e0 une Eco-participation mobilier de 0.7\u20ac par unit\u00e9 vendue. Finition \u00e9l\u00e9gante et attrayante pour embellir vos salles \u00e0 manger. Les pieds r\u00e9glables permettent de maintenir vos tables en toute s\u00e9curit\u00e9.L&rsquo;auto-assemblage facile vous permet d&rsquo;avoir les tabourets construits et pr\u00eats \u00e0 \u00eatre utilis\u00e9s en un rien de temps. R\u00e9f\u00e9rence soumise \u00e0 une Eco-participation mobilier de 1,95\u20ac par unit\u00e9 vendue. Peut \u00eatre utilis\u00e9 sur des tables jusqu&rsquo;\u00e0 800 mm de diam\u00e8tre pour permettre des repas spacieux.<\/p>\n<p>Caract\u00e9ristiques :<br \/> Dimensions : 720(H) x 425(L) x 425(P)mm.<br \/> Mati\u00e8re : Fonte.<br \/> Couleur : Caf\u00e9.<\/p>\n","protected":false},"excerpt":{"rendered":"<p>Pied de table carr\u00e9 effet escalier en fonte Bolero<\/p>\n","protected":false},"featured_media":82121,"comment_status":"closed","ping_status":"closed","template":"","meta":[],"product_brand":[],"product_cat":[1202,1201,1297,1206],"product_tag":[],"class_list":{"0":"post-70258","1":"product","2":"type-product","3":"status-publish","4":"has-post-thumbnail","6":"product_cat-exterieur","7":"product_cat-mobilier","8":"product_cat-non-palettisable","9":"product_cat-plateaux-et-pieds-de-table","10":"product_shipping_class-free-shipping","12":"first","13":"instock","14":"featured","15":"taxable","16":"shipping-taxable","17":"purchasable","18":"product-type-simple"},"_links":{"self":[{"href":"https:\/\/abinox-chr-clim.com\/index.php\/wp-json\/wp\/v2\/product\/70258","targetHints":{"allow":["GET"]}}],"collection":[{"href":"https:\/\/abinox-chr-clim.com\/index.php\/wp-json\/wp\/v2\/product"}],"about":[{"href":"https:\/\/abinox-chr-clim.com\/index.php\/wp-json\/wp\/v2\/types\/product"}],"replies":[{"embeddable":true,"href":"https:\/\/abinox-chr-clim.com\/index.php\/wp-json\/wp\/v2\/comments?post=70258"}],"wp:featuredmedia":[{"embeddable":true,"href":"https:\/\/abinox-chr-clim.com\/index.php\/wp-json\/wp\/v2\/media\/82121"}],"wp:attachment":[{"href":"https:\/\/abinox-chr-clim.com\/index.php\/wp-json\/wp\/v2\/media?parent=70258"}],"wp:term":[{"taxonomy":"product_brand","embeddable":true,"href":"https:\/\/abinox-chr-clim.com\/index.php\/wp-json\/wp\/v2\/product_brand?post=70258"},{"taxonomy":"product_cat","embeddable":true,"href":"https:\/\/abinox-chr-clim.com\/index.php\/wp-json\/wp\/v2\/product_cat?post=70258"},{"taxonomy":"product_tag","embeddable":true,"href":"https:\/\/abinox-chr-clim.com\/index.php\/wp-json\/wp\/v2\/product_tag?post=70258"}],"curies":[{"name":"wp","href":"https:\/\/api.w.org\/{rel}","templated":true}]}}