{"id":70229,"date":"2024-03-22T19:25:48","date_gmt":"2024-03-22T18:25:48","guid":{"rendered":"https:\/\/abinox-chr-clim.com\/index.php\/product\/chauffage-de-terrasse-electrique-1300w-eurom-golden-comfort\/"},"modified":"2025-11-11T10:06:08","modified_gmt":"2025-11-11T09:06:08","slug":"chauffage-de-terrasse-electrique-1300w-eurom-golden-comfort","status":"publish","type":"product","link":"https:\/\/abinox-chr-clim.com\/index.php\/product\/chauffage-de-terrasse-electrique-1300w-eurom-golden-comfort\/","title":{"rendered":"Chauffage de terrasse \u00e9lectrique 1300W Eurom Golden Comfort"},"content":{"rendered":"<p>Choisissez votre chauffage de terrasse id\u00e9al parmi les diff\u00e9rents mod\u00e8les, classiques, de parasol ou t\u00e9l\u00e9command\u00e9s.<br \/>1300W. R\u00e9sistance \u00e0 l&rsquo;eau IP65. Gamme 10m\u00b2. R\u00e9f\u00e9rence soumise \u00e0 une Eco-participation mobilier de 0.1\u20ac par unit\u00e9 vendue. Parfait pour balcon ou jardin.Montage mural facile. R\u00e9f\u00e9rence soumise \u00e0 une Eco-participation DEEE de 0,68\u20ac par unit\u00e9 vendue. 1300W.<\/p>\n<p>Caract\u00e9ristiques :<br \/> Mati\u00e8re : Aluminium.<br \/> Voltage : 220-240V<\/p>\n","protected":false},"excerpt":{"rendered":"<p>Chauffage de terrasse \u00e9lectrique 1300W Eurom Golden Comfort<\/p>\n","protected":false},"featured_media":100746,"comment_status":"closed","ping_status":"closed","template":"","meta":[],"product_brand":[],"product_cat":[1204,1202,1201,1297],"product_tag":[],"class_list":{"0":"post-70229","1":"product","2":"type-product","3":"status-publish","4":"has-post-thumbnail","6":"product_cat-divers-exterieur","7":"product_cat-exterieur","8":"product_cat-mobilier","9":"product_cat-non-palettisable","10":"product_shipping_class-free-shipping","12":"first","13":"outofstock","14":"featured","15":"taxable","16":"shipping-taxable","17":"purchasable","18":"product-type-simple"},"_links":{"self":[{"href":"https:\/\/abinox-chr-clim.com\/index.php\/wp-json\/wp\/v2\/product\/70229","targetHints":{"allow":["GET"]}}],"collection":[{"href":"https:\/\/abinox-chr-clim.com\/index.php\/wp-json\/wp\/v2\/product"}],"about":[{"href":"https:\/\/abinox-chr-clim.com\/index.php\/wp-json\/wp\/v2\/types\/product"}],"replies":[{"embeddable":true,"href":"https:\/\/abinox-chr-clim.com\/index.php\/wp-json\/wp\/v2\/comments?post=70229"}],"wp:featuredmedia":[{"embeddable":true,"href":"https:\/\/abinox-chr-clim.com\/index.php\/wp-json\/wp\/v2\/media\/100746"}],"wp:attachment":[{"href":"https:\/\/abinox-chr-clim.com\/index.php\/wp-json\/wp\/v2\/media?parent=70229"}],"wp:term":[{"taxonomy":"product_brand","embeddable":true,"href":"https:\/\/abinox-chr-clim.com\/index.php\/wp-json\/wp\/v2\/product_brand?post=70229"},{"taxonomy":"product_cat","embeddable":true,"href":"https:\/\/abinox-chr-clim.com\/index.php\/wp-json\/wp\/v2\/product_cat?post=70229"},{"taxonomy":"product_tag","embeddable":true,"href":"https:\/\/abinox-chr-clim.com\/index.php\/wp-json\/wp\/v2\/product_tag?post=70229"}],"curies":[{"name":"wp","href":"https:\/\/api.w.org\/{rel}","templated":true}]}}