{"id":70228,"date":"2024-03-22T19:25:47","date_gmt":"2024-03-22T18:25:47","guid":{"rendered":"https:\/\/abinox-chr-clim.com\/index.php\/product\/chauffage-de-terrasse-electrique-1500w-eurom-parasol\/"},"modified":"2026-04-02T09:49:29","modified_gmt":"2026-04-02T07:49:29","slug":"chauffage-de-terrasse-electrique-1500w-eurom-parasol","status":"publish","type":"product","link":"https:\/\/abinox-chr-clim.com\/index.php\/product\/chauffage-de-terrasse-electrique-1500w-eurom-parasol\/","title":{"rendered":"Chauffage de terrasse \u00e9lectrique 1500W Eurom Parasol"},"content":{"rendered":"<p>Choisissez votre chauffage de terrasse id\u00e9al parmi les diff\u00e9rents mod\u00e8les, classiques, de parasol ou t\u00e9l\u00e9command\u00e9s.<br \/>3 x 500W. R\u00e9sistance \u00e0 l&rsquo;eau IP23. Gamme 12m\u00b2. R\u00e9f\u00e9rence soumise \u00e0 une Eco-participation mobilier de 0.46\u20ac par unit\u00e9 vendue. R\u00e9partit uniform\u00e9ment la chaleur dans toutes les directions.Peut \u00eatre mont\u00e9 sur un poteau de parasol. R\u00e9f\u00e9rence soumise \u00e0 une Eco-participation DEEE de 0,64\u20ac par unit\u00e9 vendue. 3 x 500W.<\/p>\n<p>Caract\u00e9ristiques :<br \/> Mati\u00e8re : M\u00e9tal et plastique.<br \/> Voltage : 220-240V<\/p>\n","protected":false},"excerpt":{"rendered":"<p>Chauffage de terrasse \u00e9lectrique 1500W Eurom Parasol<\/p>\n","protected":false},"featured_media":100745,"comment_status":"closed","ping_status":"closed","template":"","meta":[],"product_brand":[],"product_cat":[1204,1202,1201,1297],"product_tag":[],"class_list":{"0":"post-70228","1":"product","2":"type-product","3":"status-publish","4":"has-post-thumbnail","6":"product_cat-divers-exterieur","7":"product_cat-exterieur","8":"product_cat-mobilier","9":"product_cat-non-palettisable","10":"product_shipping_class-free-shipping","12":"first","13":"instock","14":"featured","15":"taxable","16":"shipping-taxable","17":"purchasable","18":"product-type-simple"},"_links":{"self":[{"href":"https:\/\/abinox-chr-clim.com\/index.php\/wp-json\/wp\/v2\/product\/70228","targetHints":{"allow":["GET"]}}],"collection":[{"href":"https:\/\/abinox-chr-clim.com\/index.php\/wp-json\/wp\/v2\/product"}],"about":[{"href":"https:\/\/abinox-chr-clim.com\/index.php\/wp-json\/wp\/v2\/types\/product"}],"replies":[{"embeddable":true,"href":"https:\/\/abinox-chr-clim.com\/index.php\/wp-json\/wp\/v2\/comments?post=70228"}],"wp:featuredmedia":[{"embeddable":true,"href":"https:\/\/abinox-chr-clim.com\/index.php\/wp-json\/wp\/v2\/media\/100745"}],"wp:attachment":[{"href":"https:\/\/abinox-chr-clim.com\/index.php\/wp-json\/wp\/v2\/media?parent=70228"}],"wp:term":[{"taxonomy":"product_brand","embeddable":true,"href":"https:\/\/abinox-chr-clim.com\/index.php\/wp-json\/wp\/v2\/product_brand?post=70228"},{"taxonomy":"product_cat","embeddable":true,"href":"https:\/\/abinox-chr-clim.com\/index.php\/wp-json\/wp\/v2\/product_cat?post=70228"},{"taxonomy":"product_tag","embeddable":true,"href":"https:\/\/abinox-chr-clim.com\/index.php\/wp-json\/wp\/v2\/product_tag?post=70228"}],"curies":[{"name":"wp","href":"https:\/\/api.w.org\/{rel}","templated":true}]}}