{"id":70224,"date":"2024-03-22T19:25:46","date_gmt":"2024-03-22T18:25:46","guid":{"rendered":"https:\/\/abinox-chr-clim.com\/index.php\/product\/banc-exterieur-imitation-bois-de-noyer-enviro-1050mm\/"},"modified":"2026-04-02T10:00:05","modified_gmt":"2026-04-02T08:00:05","slug":"banc-exterieur-imitation-bois-de-noyer-enviro-1050mm","status":"publish","type":"product","link":"https:\/\/abinox-chr-clim.com\/index.php\/product\/banc-exterieur-imitation-bois-de-noyer-enviro-1050mm\/","title":{"rendered":"Banc ext\u00e9rieur imitation bois de noyer Enviro 1050mm"},"content":{"rendered":"<p>Sans entretien.<br \/>Emball\u00e9 \u00e0 plat pour un auto-assemblage facile. Cadre argent\u00e9 solide mais l\u00e9ger avec assise imitation bois. Conforme \u00e0 BSEN581-1&#038;3. R\u00e9f\u00e9rence soumise \u00e0 une Eco-participation mobilier de 1.19\u20ac par unit\u00e9 vendue.  100% recyclable. Emball\u00e9 \u00e0 plat pour un auto-assemblage facile.<\/p>\n<p>Caract\u00e9ristiques :<br \/> Dimensions : 430(H) x 330(L) x 1050(P) mm.<br \/> Mati\u00e8re : Aluminium.<br \/> Couleur : Acajou.<\/p>\n","protected":false},"excerpt":{"rendered":"<p>Banc ext\u00e9rieur imitation bois de noyer Enviro 1050mm<\/p>\n","protected":false},"featured_media":84223,"comment_status":"closed","ping_status":"closed","template":"","meta":[],"product_brand":[],"product_cat":[1204,1202,1201,1296],"product_tag":[],"class_list":{"0":"post-70224","1":"product","2":"type-product","3":"status-publish","4":"has-post-thumbnail","6":"product_cat-divers-exterieur","7":"product_cat-exterieur","8":"product_cat-mobilier","9":"product_cat-palettisable","11":"first","12":"outofstock","13":"featured","14":"taxable","15":"shipping-taxable","16":"purchasable","17":"product-type-simple"},"_links":{"self":[{"href":"https:\/\/abinox-chr-clim.com\/index.php\/wp-json\/wp\/v2\/product\/70224","targetHints":{"allow":["GET"]}}],"collection":[{"href":"https:\/\/abinox-chr-clim.com\/index.php\/wp-json\/wp\/v2\/product"}],"about":[{"href":"https:\/\/abinox-chr-clim.com\/index.php\/wp-json\/wp\/v2\/types\/product"}],"replies":[{"embeddable":true,"href":"https:\/\/abinox-chr-clim.com\/index.php\/wp-json\/wp\/v2\/comments?post=70224"}],"wp:featuredmedia":[{"embeddable":true,"href":"https:\/\/abinox-chr-clim.com\/index.php\/wp-json\/wp\/v2\/media\/84223"}],"wp:attachment":[{"href":"https:\/\/abinox-chr-clim.com\/index.php\/wp-json\/wp\/v2\/media?parent=70224"}],"wp:term":[{"taxonomy":"product_brand","embeddable":true,"href":"https:\/\/abinox-chr-clim.com\/index.php\/wp-json\/wp\/v2\/product_brand?post=70224"},{"taxonomy":"product_cat","embeddable":true,"href":"https:\/\/abinox-chr-clim.com\/index.php\/wp-json\/wp\/v2\/product_cat?post=70224"},{"taxonomy":"product_tag","embeddable":true,"href":"https:\/\/abinox-chr-clim.com\/index.php\/wp-json\/wp\/v2\/product_tag?post=70224"}],"curies":[{"name":"wp","href":"https:\/\/api.w.org\/{rel}","templated":true}]}}