{"id":70184,"date":"2024-03-22T19:25:31","date_gmt":"2024-03-22T18:25:31","guid":{"rendered":"https:\/\/abinox-chr-clim.com\/index.php\/product\/housses-de-protection-pour-table-a-langer-rubbermaid-lot-de-320\/"},"modified":"2025-08-26T12:19:50","modified_gmt":"2025-08-26T10:19:50","slug":"housses-de-protection-pour-table-a-langer-rubbermaid-lot-de-320","status":"publish","type":"product","link":"https:\/\/abinox-chr-clim.com\/index.php\/product\/housses-de-protection-pour-table-a-langer-rubbermaid-lot-de-320\/","title":{"rendered":"Housses de protection pour table \u00e0 langer Rubbermaid (lot de 320)"},"content":{"rendered":"<p>Grande table profonde, solide et pliable avec protection antibact\u00e9rienne qui \u00e9limine la prolif\u00e9ration des bact\u00e9ries caus\u00e9e par les odeurs et les taches. Etag\u00e8re et distributeur de protections int\u00e9gr\u00e9s pour un change pratique et hygi\u00e9nique.<br \/>Jetables. Papier plastifi\u00e9 2 plis. Jetables.<\/p>\n<p>Caract\u00e9ristiques :<br \/>Lot : 320.<br \/> Dimensions : 320(L) x 430(L) mm.<br \/> Mati\u00e8re : Papier.<br \/> Couleur : Blanc.<\/p>\n","protected":false},"excerpt":{"rendered":"<p>Housses de protection pour table \u00e0 langer Rubbermaid (lot de 320)<\/p>\n","protected":false},"featured_media":104715,"comment_status":"closed","ping_status":"closed","template":"","meta":[],"product_brand":[],"product_cat":[1214,1201,1297],"product_tag":[],"class_list":{"0":"post-70184","1":"product","2":"type-product","3":"status-publish","4":"has-post-thumbnail","6":"product_cat-chaises-hautes","7":"product_cat-mobilier","8":"product_cat-non-palettisable","9":"product_shipping_class-free-shipping","11":"first","12":"outofstock","13":"featured","14":"taxable","15":"shipping-taxable","16":"purchasable","17":"product-type-simple"},"_links":{"self":[{"href":"https:\/\/abinox-chr-clim.com\/index.php\/wp-json\/wp\/v2\/product\/70184","targetHints":{"allow":["GET"]}}],"collection":[{"href":"https:\/\/abinox-chr-clim.com\/index.php\/wp-json\/wp\/v2\/product"}],"about":[{"href":"https:\/\/abinox-chr-clim.com\/index.php\/wp-json\/wp\/v2\/types\/product"}],"replies":[{"embeddable":true,"href":"https:\/\/abinox-chr-clim.com\/index.php\/wp-json\/wp\/v2\/comments?post=70184"}],"wp:featuredmedia":[{"embeddable":true,"href":"https:\/\/abinox-chr-clim.com\/index.php\/wp-json\/wp\/v2\/media\/104715"}],"wp:attachment":[{"href":"https:\/\/abinox-chr-clim.com\/index.php\/wp-json\/wp\/v2\/media?parent=70184"}],"wp:term":[{"taxonomy":"product_brand","embeddable":true,"href":"https:\/\/abinox-chr-clim.com\/index.php\/wp-json\/wp\/v2\/product_brand?post=70184"},{"taxonomy":"product_cat","embeddable":true,"href":"https:\/\/abinox-chr-clim.com\/index.php\/wp-json\/wp\/v2\/product_cat?post=70184"},{"taxonomy":"product_tag","embeddable":true,"href":"https:\/\/abinox-chr-clim.com\/index.php\/wp-json\/wp\/v2\/product_tag?post=70184"}],"curies":[{"name":"wp","href":"https:\/\/api.w.org\/{rel}","templated":true}]}}