{"id":70158,"date":"2024-03-22T19:25:21","date_gmt":"2024-03-22T18:25:21","guid":{"rendered":"https:\/\/abinox-chr-clim.com\/index.php\/product\/barriere-en-toile-bolero-verte\/"},"modified":"2025-08-26T11:40:28","modified_gmt":"2025-08-26T09:40:28","slug":"barriere-en-toile-bolero-verte","status":"publish","type":"product","link":"https:\/\/abinox-chr-clim.com\/index.php\/product\/barriere-en-toile-bolero-verte\/","title":{"rendered":"Barri\u00e8re en toile Bolero verte"},"content":{"rendered":"<p>Solution id\u00e9ale pour s\u00e9parer les files d&rsquo;attente ou compartimenter une salle en plusieurs sections. Barri\u00e8res 100 % toile polyester, rigides gr\u00e2ce aux barres ins\u00e9r\u00e9es dans les coutures sup\u00e9rieures et inf\u00e9rieures de la toile et fix\u00e9es aux anneaux des poteaux d&rsquo;accueil de chaque c\u00f4t\u00e9 (vendus s\u00e9par\u00e9ment). Fixations fournies.<br \/>Les poteaux filet\u00e9s aident \u00e0 emp\u00eacher les barri\u00e8res de se plier avec le vent. Construction 100 % polyester pour une utilisation durable.Con\u00e7ue pour une utilisation \u00e0 l&rsquo;int\u00e9rieur et \u00e0 l&rsquo;ext\u00e9rieur. La conception lavable en machine permet un nettoyage en profondeur dans les machines \u00e0 laver commerciales. Le coloris vert donne du style aux syst\u00e8mes de file d&rsquo;attente. Des fixations robustes garantissent que la barri\u00e8re reste attach\u00e9e aux poteaux. Barres et fixations en acier inoxydable incluses pour une installation rapide et facile. Tissu ignifuge BS5852. Compatible avec S651, S652, S653 et S654. Poteaux de barri\u00e8re vendus s\u00e9par\u00e9ment. Les poteaux filet\u00e9s aident \u00e0 emp\u00eacher les barri\u00e8res de se plier avec le vent.<\/p>\n<p>Caract\u00e9ristiques :<br \/> Dimensions : 70(H) x 143(L) x 2(P) cm. Largeur de la toile 139 cm.<br \/> Mati\u00e8re : 100% polyester (supports Acier inoxydable 201 ).<br \/> Couleur : Rouge.<\/p>\n","protected":false},"excerpt":{"rendered":"<p>Barri\u00e8re en toile Bolero verte<\/p>\n","protected":false},"featured_media":83372,"comment_status":"closed","ping_status":"closed","template":"","meta":[],"product_brand":[],"product_cat":[1213,1201,1297],"product_tag":[],"class_list":{"0":"post-70158","1":"product","2":"type-product","3":"status-publish","4":"has-post-thumbnail","6":"product_cat-barrieres-et-poteaux-daccueil","7":"product_cat-mobilier","8":"product_cat-non-palettisable","9":"product_shipping_class-free-shipping","11":"first","12":"outofstock","13":"featured","14":"taxable","15":"shipping-taxable","16":"purchasable","17":"product-type-simple"},"_links":{"self":[{"href":"https:\/\/abinox-chr-clim.com\/index.php\/wp-json\/wp\/v2\/product\/70158","targetHints":{"allow":["GET"]}}],"collection":[{"href":"https:\/\/abinox-chr-clim.com\/index.php\/wp-json\/wp\/v2\/product"}],"about":[{"href":"https:\/\/abinox-chr-clim.com\/index.php\/wp-json\/wp\/v2\/types\/product"}],"replies":[{"embeddable":true,"href":"https:\/\/abinox-chr-clim.com\/index.php\/wp-json\/wp\/v2\/comments?post=70158"}],"wp:featuredmedia":[{"embeddable":true,"href":"https:\/\/abinox-chr-clim.com\/index.php\/wp-json\/wp\/v2\/media\/83372"}],"wp:attachment":[{"href":"https:\/\/abinox-chr-clim.com\/index.php\/wp-json\/wp\/v2\/media?parent=70158"}],"wp:term":[{"taxonomy":"product_brand","embeddable":true,"href":"https:\/\/abinox-chr-clim.com\/index.php\/wp-json\/wp\/v2\/product_brand?post=70158"},{"taxonomy":"product_cat","embeddable":true,"href":"https:\/\/abinox-chr-clim.com\/index.php\/wp-json\/wp\/v2\/product_cat?post=70158"},{"taxonomy":"product_tag","embeddable":true,"href":"https:\/\/abinox-chr-clim.com\/index.php\/wp-json\/wp\/v2\/product_tag?post=70158"}],"curies":[{"name":"wp","href":"https:\/\/api.w.org\/{rel}","templated":true}]}}