{"id":69900,"date":"2024-03-22T18:41:09","date_gmt":"2024-03-22T17:41:09","guid":{"rendered":"https:\/\/abinox-chr-clim.com\/index.php\/product\/etagere-murale-pleine-camshelving-910mm-cambro\/"},"modified":"2026-04-15T09:53:20","modified_gmt":"2026-04-15T07:53:20","slug":"etagere-murale-pleine-camshelving-910mm-cambro","status":"publish","type":"product","link":"https:\/\/abinox-chr-clim.com\/index.php\/product\/etagere-murale-pleine-camshelving-910mm-cambro\/","title":{"rendered":"Etag\u00e8re murale pleine Camshelving\u00ae 910mm Cambro"},"content":{"rendered":"<p>Supports d&rsquo;\u00e9tag\u00e8re \u00e0 poutrelle et \u00e9tag\u00e8re en polypropyl\u00e8ne renforc\u00e9 offrant une capacit\u00e9 de charge de 68 kg. Facile \u00e0 nettoyer, assembler et installer. Sans pi\u00e8ces m\u00e9talliques donc aucun risque de rouille. Avec rebord arri\u00e8re moul\u00e9 de 5cm et rebord avant. Pour une utilisation int\u00e9rieure ou ext\u00e9rieure.<br \/>Agrandissez l&rsquo;espace de stockage disponible dans les cuisines, au-dessus des plans de travail et des \u00e9viers.Avec supports \u00e0 poutrelle. La conception \u00e0 rail enclenchable permet de poser et d&rsquo;enlever facilement les \u00e9tag\u00e8res pour les nettoyer. R\u00e9f\u00e9rence soumise \u00e0 une Eco-participation mobilier de 0.88\u20ac par unit\u00e9 vendue. Conception sans risque de rouille ni corrosion. Facile \u00e0 nettoyer.Id\u00e9al pour les installations int\u00e9rieures ou ext\u00e9rieures.Facile \u00e0 assembler et \u00e0 installer.Facile \u00e0 nettoyer.Charge maximale: 68kg.  Le rebord arri\u00e8re de 5 cm et le rebord avant emp\u00eachent les objets de se renverser. Agrandissez l&rsquo;espace de stockage disponible dans les cuisines, au-dessus des plans de travail et des \u00e9viers. .<br \/> Caract\u00e9ristiques :<br \/> Dimensions : 340(H) x 915(L) x 460(P)mm.<br \/> Mati\u00e8re : Polypropyl\u00e8ne.<br \/> Couleur : Mouchet\u00e9 gris.<\/p>\n","protected":false},"excerpt":{"rendered":"<p>Etag\u00e8re murale pleine Camshelving\u00ae 910mm Cambro<\/p>\n","protected":false},"featured_media":99447,"comment_status":"closed","ping_status":"closed","template":"","meta":[],"product_brand":[],"product_cat":[1157,1146,1297,1155],"product_tag":[],"class_list":{"0":"post-69900","1":"product","2":"type-product","3":"status-publish","4":"has-post-thumbnail","6":"product_cat-etageres-murales-et-placards-mobilier-de-cuisine-chariots-et-echelles","7":"product_cat-mobilier-de-cuisine-chariots-et-echelles","8":"product_cat-non-palettisable","9":"product_cat-tables-et-plonges","10":"product_shipping_class-free-shipping","12":"first","13":"instock","14":"featured","15":"taxable","16":"shipping-taxable","17":"purchasable","18":"product-type-simple"},"_links":{"self":[{"href":"https:\/\/abinox-chr-clim.com\/index.php\/wp-json\/wp\/v2\/product\/69900","targetHints":{"allow":["GET"]}}],"collection":[{"href":"https:\/\/abinox-chr-clim.com\/index.php\/wp-json\/wp\/v2\/product"}],"about":[{"href":"https:\/\/abinox-chr-clim.com\/index.php\/wp-json\/wp\/v2\/types\/product"}],"replies":[{"embeddable":true,"href":"https:\/\/abinox-chr-clim.com\/index.php\/wp-json\/wp\/v2\/comments?post=69900"}],"wp:featuredmedia":[{"embeddable":true,"href":"https:\/\/abinox-chr-clim.com\/index.php\/wp-json\/wp\/v2\/media\/99447"}],"wp:attachment":[{"href":"https:\/\/abinox-chr-clim.com\/index.php\/wp-json\/wp\/v2\/media?parent=69900"}],"wp:term":[{"taxonomy":"product_brand","embeddable":true,"href":"https:\/\/abinox-chr-clim.com\/index.php\/wp-json\/wp\/v2\/product_brand?post=69900"},{"taxonomy":"product_cat","embeddable":true,"href":"https:\/\/abinox-chr-clim.com\/index.php\/wp-json\/wp\/v2\/product_cat?post=69900"},{"taxonomy":"product_tag","embeddable":true,"href":"https:\/\/abinox-chr-clim.com\/index.php\/wp-json\/wp\/v2\/product_tag?post=69900"}],"curies":[{"name":"wp","href":"https:\/\/api.w.org\/{rel}","templated":true}]}}