{"id":69822,"date":"2024-03-22T18:40:28","date_gmt":"2024-03-22T17:40:28","guid":{"rendered":"https:\/\/abinox-chr-clim.com\/index.php\/product\/etagere-murale-pour-micro-onde-vogue\/"},"modified":"2026-04-24T08:44:20","modified_gmt":"2026-04-24T06:44:20","slug":"etagere-murale-pour-micro-onde-vogue","status":"publish","type":"product","link":"https:\/\/abinox-chr-clim.com\/index.php\/product\/etagere-murale-pour-micro-onde-vogue\/","title":{"rendered":"Etag\u00e8re murale pour micro-onde Vogue"},"content":{"rendered":"<p>Etag\u00e8re solide et fiable en acier inoxydable.  Soudures et finition polie de haute qualit\u00e9. Fournie en kit pour un assemblage facile. Conforme aux normes d&rsquo;hygi\u00e8ne et facile \u00e0 nettoyer. Fixations murales non fournies.<br \/>La soudure de haute qualit\u00e9 augmente la r\u00e9sistance pour supporter en toute s\u00e9curit\u00e9 des charges allant jusqu&rsquo;\u00e0 35 kg. La surface lisse en acier inoxydable est tr\u00e8s facile \u00e0 essuyer et \u00e0 garder hygi\u00e9nique. L&rsquo;installation d&rsquo;une \u00e9tag\u00e8re industrielle sur\u00e9lev\u00e9e pour micro-ondes lib\u00e8re de l&rsquo;espace sur le plan de travail. R\u00e9f\u00e9rence soumise \u00e0 une Eco-participation mobilier de 0.49\u20ac par unit\u00e9 vendue. Livr\u00e9 emball\u00e9 \u00e0 plat avec toutes les fixations et le manuel d&rsquo;utilisation pour un auto-assemblage facile.L&rsquo;\u00e9tag\u00e8re de 560 x 560 mm est suffisamment spacieuse pour accueillir la plupart des micro-ondes standards. R\u00e9f\u00e9rence soumise \u00e0 une Eco-participation mobilier de 0,27\u20ac par unit\u00e9 vendue. La soudure de haute qualit\u00e9 augmente la r\u00e9sistance pour supporter en toute s\u00e9curit\u00e9 des charges allant jusqu&rsquo;\u00e0 35 kg.<\/p>\n<p>Caract\u00e9ristiques :<br \/> Dimensions : 490(H) x 560(L) x 560(P) mm.<br \/> Mati\u00e8re : Inox<\/p>\n","protected":false},"excerpt":{"rendered":"<p>Etag\u00e8re murale pour micro-onde Vogue<\/p>\n","protected":false},"featured_media":80638,"comment_status":"closed","ping_status":"closed","template":"","meta":[],"product_brand":[],"product_cat":[1147,1153,1146,1297],"product_tag":[],"class_list":{"0":"post-69822","1":"product","2":"type-product","3":"status-publish","4":"has-post-thumbnail","6":"product_cat-chariots-et-rayonnages","7":"product_cat-etageres-murales-et-placards","8":"product_cat-mobilier-de-cuisine-chariots-et-echelles","9":"product_cat-non-palettisable","10":"product_shipping_class-free-shipping","12":"first","13":"instock","14":"featured","15":"taxable","16":"shipping-taxable","17":"purchasable","18":"product-type-simple"},"_links":{"self":[{"href":"https:\/\/abinox-chr-clim.com\/index.php\/wp-json\/wp\/v2\/product\/69822","targetHints":{"allow":["GET"]}}],"collection":[{"href":"https:\/\/abinox-chr-clim.com\/index.php\/wp-json\/wp\/v2\/product"}],"about":[{"href":"https:\/\/abinox-chr-clim.com\/index.php\/wp-json\/wp\/v2\/types\/product"}],"replies":[{"embeddable":true,"href":"https:\/\/abinox-chr-clim.com\/index.php\/wp-json\/wp\/v2\/comments?post=69822"}],"wp:featuredmedia":[{"embeddable":true,"href":"https:\/\/abinox-chr-clim.com\/index.php\/wp-json\/wp\/v2\/media\/80638"}],"wp:attachment":[{"href":"https:\/\/abinox-chr-clim.com\/index.php\/wp-json\/wp\/v2\/media?parent=69822"}],"wp:term":[{"taxonomy":"product_brand","embeddable":true,"href":"https:\/\/abinox-chr-clim.com\/index.php\/wp-json\/wp\/v2\/product_brand?post=69822"},{"taxonomy":"product_cat","embeddable":true,"href":"https:\/\/abinox-chr-clim.com\/index.php\/wp-json\/wp\/v2\/product_cat?post=69822"},{"taxonomy":"product_tag","embeddable":true,"href":"https:\/\/abinox-chr-clim.com\/index.php\/wp-json\/wp\/v2\/product_tag?post=69822"}],"curies":[{"name":"wp","href":"https:\/\/api.w.org\/{rel}","templated":true}]}}

Etagère murale pour micro-onde Vogue

<p>Etagère solide et fiable en acier inoxydable.  Soudures et finition polie de haute qualité. Fournie en kit pour un assemblage facile. Conforme aux normes d&rsquo;hygiène et facile à nettoyer. Fixations murales non fournies.<br />La soudure de haute qualité augmente la résistance pour supporter en toute sécurité des charges allant jusqu&rsquo;à 35 kg. La surface lisse en acier inoxydable est très facile à essuyer et à garder hygiénique. L&rsquo;installation d&rsquo;une étagère industrielle surélevée pour micro-ondes libère de l&rsquo;espace sur le plan de travail. Référence soumise à une Eco-participation mobilier de 0.49€ par unité vendue. Livré emballé à plat avec toutes les fixations et le manuel d&rsquo;utilisation pour un auto-assemblage facile.L&rsquo;étagère de 560 x 560 mm est suffisamment spacieuse pour accueillir la plupart des micro-ondes standards. Référence soumise à une Eco-participation mobilier de 0,27€ par unité vendue. La soudure de haute qualité augmente la résistance pour supporter en toute sécurité des charges allant jusqu&rsquo;à 35 kg.</p>
<p>Caractéristiques :<br /> Dimensions : 490(H) x 560(L) x 560(P) mm.<br /> Matière : Inox</p>

<p>Etagère murale pour micro-onde Vogue</p>
