{"id":69758,"date":"2024-03-22T18:39:56","date_gmt":"2024-03-22T17:39:56","guid":{"rendered":"https:\/\/abinox-chr-clim.com\/index.php\/product\/connecteurs-detagere-max-q-metro-lot-de-2\/"},"modified":"2026-04-24T10:15:03","modified_gmt":"2026-04-24T08:15:03","slug":"connecteurs-detagere-max-q-metro-lot-de-2","status":"publish","type":"product","link":"https:\/\/abinox-chr-clim.com\/index.php\/product\/connecteurs-detagere-max-q-metro-lot-de-2\/","title":{"rendered":"Connecteurs d&rsquo;\u00e9tag\u00e8re Max Q Metro (lot de 2)"},"content":{"rendered":"<p>Livr\u00e9s par lots de deux. Disponibles pour configuration standard et en L.<\/p>\n<p>Caract\u00e9ristiques :<br \/>Lot : 2.<br \/> Dimensions : 28(H) x 10(L) x 10(P) mm.<br \/> Mati\u00e8re : Acier.<br \/> Couleur : Acier.<\/p>\n","protected":false},"excerpt":{"rendered":"<p>Connecteurs d&rsquo;\u00e9tag\u00e8re Max Q Metro (lot de 2)<\/p>\n","protected":false},"featured_media":93220,"comment_status":"closed","ping_status":"closed","template":"","meta":[],"product_brand":[],"product_cat":[1147,1151,1146,1297],"product_tag":[],"class_list":{"0":"post-69758","1":"product","2":"type-product","3":"status-publish","4":"has-post-thumbnail","6":"product_cat-chariots-et-rayonnages","7":"product_cat-etageres","8":"product_cat-mobilier-de-cuisine-chariots-et-echelles","9":"product_cat-non-palettisable","10":"product_shipping_class-free-shipping","12":"first","13":"instock","14":"featured","15":"taxable","16":"shipping-taxable","17":"purchasable","18":"product-type-simple"},"_links":{"self":[{"href":"https:\/\/abinox-chr-clim.com\/index.php\/wp-json\/wp\/v2\/product\/69758","targetHints":{"allow":["GET"]}}],"collection":[{"href":"https:\/\/abinox-chr-clim.com\/index.php\/wp-json\/wp\/v2\/product"}],"about":[{"href":"https:\/\/abinox-chr-clim.com\/index.php\/wp-json\/wp\/v2\/types\/product"}],"replies":[{"embeddable":true,"href":"https:\/\/abinox-chr-clim.com\/index.php\/wp-json\/wp\/v2\/comments?post=69758"}],"wp:featuredmedia":[{"embeddable":true,"href":"https:\/\/abinox-chr-clim.com\/index.php\/wp-json\/wp\/v2\/media\/93220"}],"wp:attachment":[{"href":"https:\/\/abinox-chr-clim.com\/index.php\/wp-json\/wp\/v2\/media?parent=69758"}],"wp:term":[{"taxonomy":"product_brand","embeddable":true,"href":"https:\/\/abinox-chr-clim.com\/index.php\/wp-json\/wp\/v2\/product_brand?post=69758"},{"taxonomy":"product_cat","embeddable":true,"href":"https:\/\/abinox-chr-clim.com\/index.php\/wp-json\/wp\/v2\/product_cat?post=69758"},{"taxonomy":"product_tag","embeddable":true,"href":"https:\/\/abinox-chr-clim.com\/index.php\/wp-json\/wp\/v2\/product_tag?post=69758"}],"curies":[{"name":"wp","href":"https:\/\/api.w.org\/{rel}","templated":true}]}}