{"id":69745,"date":"2024-03-22T18:39:48","date_gmt":"2024-03-22T17:39:48","guid":{"rendered":"https:\/\/abinox-chr-clim.com\/index.php\/product\/unite-de-4-etageres-a-claire-voie-cambro-1830-x-1375-x-460mm\/"},"modified":"2026-04-02T09:48:43","modified_gmt":"2026-04-02T07:48:43","slug":"unite-de-4-etageres-a-claire-voie-cambro-1830-x-1375-x-460mm","status":"publish","type":"product","link":"https:\/\/abinox-chr-clim.com\/index.php\/product\/unite-de-4-etageres-a-claire-voie-cambro-1830-x-1375-x-460mm\/","title":{"rendered":"Unit\u00e9 de 4 \u00e9tag\u00e8res \u00e0 claire-voie Cambro 1830 x 1375 x 460mm"},"content":{"rendered":"<p>Tirez le meilleur parti de votre espace avec des rayonnages modulables. Solides, mais simples \u00e0 assembler. Adapt\u00e9s aux environnements chauds, froids, humides ou secs car r\u00e9sistent \u00e0 des temp\u00e9ratures de -38\u00b0C \u00e0 88\u00b0C.<br \/>Forte capacit\u00e9 de charge. Facile \u00e0\u00a0 nettoyer, les \u00e9tag\u00e8res s&rsquo;adaptent aux lave-vaisselle &#8211; \u00e9tag\u00e8res conformes aux normes HACCP. Niveaux d&rsquo;\u00e9tag\u00e8res facilement r\u00e9glables sans avoir besoin de d\u00e9monter l&rsquo;appareil. R\u00e9f\u00e9rence soumise \u00e0 une Eco-participation mobilier de 4\u20ac par unit\u00e9 vendue. Multiples configurations possibles. Capacit\u00e9 de charge maximale par \u00e9tag\u00e8re : 300kg. Combinaison de fibre de verre et de r\u00e9sine. Garantie \u00e0\u00a0 vie du fabricant contre la rouille et la corrosion. Cambro Num\u00e9ro d&rsquo;article : CBU185472V4580. Forte capacit\u00e9 de charge.<\/p>\n<p>Caract\u00e9ristiques :<br \/> Dimensions : 1830(H) x 1375(L) x 460(P) mm.<br \/> Mati\u00e8re : Fibre de verre.<br \/> Temp\u00e9rature : -38\u00b0C \u00e0 88\u00b0C.<br \/> Couleur : Argent.<\/p>\n","protected":false},"excerpt":{"rendered":"<p>Unit\u00e9 de 4 \u00e9tag\u00e8res \u00e0 claire-voie Cambro 1830 x 1375 x 460mm<\/p>\n","protected":false},"featured_media":92400,"comment_status":"closed","ping_status":"closed","template":"","meta":[],"product_brand":[],"product_cat":[1147,1151,1146,1296],"product_tag":[],"class_list":{"0":"post-69745","1":"product","2":"type-product","3":"status-publish","4":"has-post-thumbnail","6":"product_cat-chariots-et-rayonnages","7":"product_cat-etageres","8":"product_cat-mobilier-de-cuisine-chariots-et-echelles","9":"product_cat-palettisable","11":"first","12":"instock","13":"featured","14":"taxable","15":"shipping-taxable","16":"purchasable","17":"product-type-simple"},"_links":{"self":[{"href":"https:\/\/abinox-chr-clim.com\/index.php\/wp-json\/wp\/v2\/product\/69745","targetHints":{"allow":["GET"]}}],"collection":[{"href":"https:\/\/abinox-chr-clim.com\/index.php\/wp-json\/wp\/v2\/product"}],"about":[{"href":"https:\/\/abinox-chr-clim.com\/index.php\/wp-json\/wp\/v2\/types\/product"}],"replies":[{"embeddable":true,"href":"https:\/\/abinox-chr-clim.com\/index.php\/wp-json\/wp\/v2\/comments?post=69745"}],"wp:featuredmedia":[{"embeddable":true,"href":"https:\/\/abinox-chr-clim.com\/index.php\/wp-json\/wp\/v2\/media\/92400"}],"wp:attachment":[{"href":"https:\/\/abinox-chr-clim.com\/index.php\/wp-json\/wp\/v2\/media?parent=69745"}],"wp:term":[{"taxonomy":"product_brand","embeddable":true,"href":"https:\/\/abinox-chr-clim.com\/index.php\/wp-json\/wp\/v2\/product_brand?post=69745"},{"taxonomy":"product_cat","embeddable":true,"href":"https:\/\/abinox-chr-clim.com\/index.php\/wp-json\/wp\/v2\/product_cat?post=69745"},{"taxonomy":"product_tag","embeddable":true,"href":"https:\/\/abinox-chr-clim.com\/index.php\/wp-json\/wp\/v2\/product_tag?post=69745"}],"curies":[{"name":"wp","href":"https:\/\/api.w.org\/{rel}","templated":true}]}}