{"id":69733,"date":"2024-03-22T18:39:44","date_gmt":"2024-03-22T17:39:44","guid":{"rendered":"https:\/\/abinox-chr-clim.com\/index.php\/product\/echelle-gn-1-1-matfer-bourgeat-20-niveaux\/"},"modified":"2026-04-15T09:14:27","modified_gmt":"2026-04-15T07:14:27","slug":"echelle-gn-1-1-matfer-bourgeat-20-niveaux","status":"publish","type":"product","link":"https:\/\/abinox-chr-clim.com\/index.php\/product\/echelle-gn-1-1-matfer-bourgeat-20-niveaux\/","title":{"rendered":"Echelle GN 1\/1 Matfer Bourgeat 20 niveaux"},"content":{"rendered":"<p>Robuste et adapt\u00e9e aux bacs GN 1\/1 de toute profondeur.<br \/>Charge maximum : 200kg.  R\u00e9f\u00e9rence soumise \u00e0 une Eco-participation mobilier de 0.83\u20ac par unit\u00e9 vendue. Roues compactes r\u00e9sistantes &#8211; 2 avec freins.Espace de 67mm entre chaque niveau.Aux dimensions gastronorme 1\/1. Charge maximum : 200kg. .<br \/> Caract\u00e9ristiques :<br \/> Capacit\u00e9 : 20 niveaux.<br \/> Dimensions : 1700(H) x 460(L) x 630(P) mm.<br \/> Mati\u00e8re : Enti\u00e8rement en acier inoxydable soud\u00e9.<\/p>\n","protected":false},"excerpt":{"rendered":"<p>Echelle GN 1\/1 Matfer Bourgeat 20 niveaux<\/p>\n","protected":false},"featured_media":0,"comment_status":"closed","ping_status":"closed","template":"","meta":[],"product_brand":[],"product_cat":[1147,1150,1146,1297],"product_tag":[],"class_list":{"0":"post-69733","1":"product","2":"type-product","3":"status-publish","5":"product_cat-chariots-et-rayonnages","6":"product_cat-echelles","7":"product_cat-mobilier-de-cuisine-chariots-et-echelles","8":"product_cat-non-palettisable","9":"product_shipping_class-free-shipping","11":"first","12":"outofstock","13":"featured","14":"taxable","15":"shipping-taxable","16":"purchasable","17":"product-type-simple"},"_links":{"self":[{"href":"https:\/\/abinox-chr-clim.com\/index.php\/wp-json\/wp\/v2\/product\/69733","targetHints":{"allow":["GET"]}}],"collection":[{"href":"https:\/\/abinox-chr-clim.com\/index.php\/wp-json\/wp\/v2\/product"}],"about":[{"href":"https:\/\/abinox-chr-clim.com\/index.php\/wp-json\/wp\/v2\/types\/product"}],"replies":[{"embeddable":true,"href":"https:\/\/abinox-chr-clim.com\/index.php\/wp-json\/wp\/v2\/comments?post=69733"}],"wp:attachment":[{"href":"https:\/\/abinox-chr-clim.com\/index.php\/wp-json\/wp\/v2\/media?parent=69733"}],"wp:term":[{"taxonomy":"product_brand","embeddable":true,"href":"https:\/\/abinox-chr-clim.com\/index.php\/wp-json\/wp\/v2\/product_brand?post=69733"},{"taxonomy":"product_cat","embeddable":true,"href":"https:\/\/abinox-chr-clim.com\/index.php\/wp-json\/wp\/v2\/product_cat?post=69733"},{"taxonomy":"product_tag","embeddable":true,"href":"https:\/\/abinox-chr-clim.com\/index.php\/wp-json\/wp\/v2\/product_tag?post=69733"}],"curies":[{"name":"wp","href":"https:\/\/api.w.org\/{rel}","templated":true}]}}