{"id":69685,"date":"2024-03-22T18:39:21","date_gmt":"2024-03-22T17:39:21","guid":{"rendered":"https:\/\/abinox-chr-clim.com\/index.php\/product\/caillebotis-vogue-lot-de-2\/"},"modified":"2026-04-24T08:48:53","modified_gmt":"2026-04-24T06:48:53","slug":"caillebotis-vogue-lot-de-2","status":"publish","type":"product","link":"https:\/\/abinox-chr-clim.com\/index.php\/product\/caillebotis-vogue-lot-de-2\/","title":{"rendered":"Caillebotis Vogue (Lot de 2)"},"content":{"rendered":"<p>Caillebotis carr\u00e9s en polypropyl\u00e8ne alv\u00e9ol\u00e9 pour permettre la circulation de l&rsquo;air. Ils s&#8217;embo\u00eetent facilement sans autres accessoires et conviennent pour la plupart des r\u00e9frig\u00e9rateurs, cong\u00e9lateurs ou autres zones d&rsquo;entreposage de produits devant rester au sec et sur\u00e9lev\u00e9s par rapport au sol. Facile \u00e0 nettoyer.<br \/>Ils s&#8217;embo\u00eetent facilement sans autres accessoires et conviennent pour la plupart des r\u00e9frig\u00e9rateurs, cong\u00e9lateurs ou autres zones d&rsquo;entreposage de produits devant rester au sec et sur\u00e9lev\u00e9s par rapport au sol. Facile \u00e0 nettoyer.Facile \u00e0 nettoyer. Sur\u00e9l\u00e8ve les aliments et l&rsquo;\u00e9quipement du sol pour se conformer aux normes d&rsquo;hygi\u00e8ne alimentaire. Aucun risque de rouille.  Charge maxi 1000kg. Ils s&#8217;embo\u00eetent facilement sans autres accessoires et conviennent pour la plupart des r\u00e9frig\u00e9rateurs, cong\u00e9lateurs ou autres zones d&rsquo;entreposage de produits devant rester au sec et sur\u00e9lev\u00e9s par rapport au sol. Facile \u00e0 nettoyer. .<br \/> Caract\u00e9ristiques :<br \/>Lot : 2.<br \/> Capacit\u00e9 : 1000kg.<br \/> Dimensions : 40(H) x 335(L) x 335(P)mm.<br \/> Mati\u00e8re : .<br \/> Couleur : Gris.<\/p>\n","protected":false},"excerpt":{"rendered":"<p>Caillebotis Vogue (Lot de 2)<\/p>\n","protected":false},"featured_media":82623,"comment_status":"closed","ping_status":"closed","template":"","meta":[],"product_brand":[],"product_cat":[1147,1149,1146,1297],"product_tag":[],"class_list":{"0":"post-69685","1":"product","2":"type-product","3":"status-publish","4":"has-post-thumbnail","6":"product_cat-chariots-et-rayonnages","7":"product_cat-divers-chariots-et-rayonnages","8":"product_cat-mobilier-de-cuisine-chariots-et-echelles","9":"product_cat-non-palettisable","10":"product_shipping_class-free-shipping","12":"first","13":"instock","14":"featured","15":"taxable","16":"shipping-taxable","17":"purchasable","18":"product-type-simple"},"_links":{"self":[{"href":"https:\/\/abinox-chr-clim.com\/index.php\/wp-json\/wp\/v2\/product\/69685","targetHints":{"allow":["GET"]}}],"collection":[{"href":"https:\/\/abinox-chr-clim.com\/index.php\/wp-json\/wp\/v2\/product"}],"about":[{"href":"https:\/\/abinox-chr-clim.com\/index.php\/wp-json\/wp\/v2\/types\/product"}],"replies":[{"embeddable":true,"href":"https:\/\/abinox-chr-clim.com\/index.php\/wp-json\/wp\/v2\/comments?post=69685"}],"wp:featuredmedia":[{"embeddable":true,"href":"https:\/\/abinox-chr-clim.com\/index.php\/wp-json\/wp\/v2\/media\/82623"}],"wp:attachment":[{"href":"https:\/\/abinox-chr-clim.com\/index.php\/wp-json\/wp\/v2\/media?parent=69685"}],"wp:term":[{"taxonomy":"product_brand","embeddable":true,"href":"https:\/\/abinox-chr-clim.com\/index.php\/wp-json\/wp\/v2\/product_brand?post=69685"},{"taxonomy":"product_cat","embeddable":true,"href":"https:\/\/abinox-chr-clim.com\/index.php\/wp-json\/wp\/v2\/product_cat?post=69685"},{"taxonomy":"product_tag","embeddable":true,"href":"https:\/\/abinox-chr-clim.com\/index.php\/wp-json\/wp\/v2\/product_tag?post=69685"}],"curies":[{"name":"wp","href":"https:\/\/api.w.org\/{rel}","templated":true}]}}