{"id":69684,"date":"2024-03-22T18:39:21","date_gmt":"2024-03-22T17:39:21","guid":{"rendered":"https:\/\/abinox-chr-clim.com\/index.php\/product\/chariot-cafeteria-de-debarrassage-matfer-bourgeat\/"},"modified":"2026-04-24T08:45:09","modified_gmt":"2026-04-24T06:45:09","slug":"chariot-cafeteria-de-debarrassage-matfer-bourgeat","status":"publish","type":"product","link":"https:\/\/abinox-chr-clim.com\/index.php\/product\/chariot-cafeteria-de-debarrassage-matfer-bourgeat\/","title":{"rendered":"Chariot caf\u00e9t\u00e9ria de d\u00e9barrassage Matfer Bourgeat"},"content":{"rendered":"<p>Pour 24 plateaux de 460 x 360mm \u00e0 480 x 370mm, c\u00f4te \u00e0 c\u00f4te.En acier inoxydable. Pour 24 plateaux de 460 x 360mm \u00e0 480 x 370mm, c\u00f4te \u00e0 c\u00f4te. .<br \/> Caract\u00e9ristiques :<br \/> Capacit\u00e9 : 24 plateaux.<br \/> Dimensions : 1700(H) x 620(L) x 840(P) mm.<br \/> Mati\u00e8re : Inox<\/p>\n","protected":false},"excerpt":{"rendered":"<p>Chariot caf\u00e9t\u00e9ria de d\u00e9barrassage Matfer Bourgeat<\/p>\n","protected":false},"featured_media":103291,"comment_status":"closed","ping_status":"closed","template":"","meta":[],"product_brand":[],"product_cat":[1147,1149,1146,1297],"product_tag":[],"class_list":{"0":"post-69684","1":"product","2":"type-product","3":"status-publish","4":"has-post-thumbnail","6":"product_cat-chariots-et-rayonnages","7":"product_cat-divers-chariots-et-rayonnages","8":"product_cat-mobilier-de-cuisine-chariots-et-echelles","9":"product_cat-non-palettisable","10":"product_shipping_class-free-shipping","12":"first","13":"outofstock","14":"featured","15":"taxable","16":"shipping-taxable","17":"purchasable","18":"product-type-simple"},"_links":{"self":[{"href":"https:\/\/abinox-chr-clim.com\/index.php\/wp-json\/wp\/v2\/product\/69684","targetHints":{"allow":["GET"]}}],"collection":[{"href":"https:\/\/abinox-chr-clim.com\/index.php\/wp-json\/wp\/v2\/product"}],"about":[{"href":"https:\/\/abinox-chr-clim.com\/index.php\/wp-json\/wp\/v2\/types\/product"}],"replies":[{"embeddable":true,"href":"https:\/\/abinox-chr-clim.com\/index.php\/wp-json\/wp\/v2\/comments?post=69684"}],"wp:featuredmedia":[{"embeddable":true,"href":"https:\/\/abinox-chr-clim.com\/index.php\/wp-json\/wp\/v2\/media\/103291"}],"wp:attachment":[{"href":"https:\/\/abinox-chr-clim.com\/index.php\/wp-json\/wp\/v2\/media?parent=69684"}],"wp:term":[{"taxonomy":"product_brand","embeddable":true,"href":"https:\/\/abinox-chr-clim.com\/index.php\/wp-json\/wp\/v2\/product_brand?post=69684"},{"taxonomy":"product_cat","embeddable":true,"href":"https:\/\/abinox-chr-clim.com\/index.php\/wp-json\/wp\/v2\/product_cat?post=69684"},{"taxonomy":"product_tag","embeddable":true,"href":"https:\/\/abinox-chr-clim.com\/index.php\/wp-json\/wp\/v2\/product_tag?post=69684"}],"curies":[{"name":"wp","href":"https:\/\/api.w.org\/{rel}","templated":true}]}}