{"id":69683,"date":"2024-03-22T18:39:21","date_gmt":"2024-03-22T17:39:21","guid":{"rendered":"https:\/\/abinox-chr-clim.com\/index.php\/product\/marchepied-vogue\/"},"modified":"2026-04-24T08:44:21","modified_gmt":"2026-04-24T06:44:21","slug":"marchepied-vogue","status":"publish","type":"product","link":"https:\/\/abinox-chr-clim.com\/index.php\/product\/marchepied-vogue\/","title":{"rendered":"Marchepied Vogue"},"content":{"rendered":"<p>Les roulettes robustes permettent un transport rapide et facile. Les roulettes se r\u00e9tractent lorsqu&rsquo;elles sont pos\u00e9es pour une plate-forme compl\u00e8tement stable. Assure un acc\u00e8s s\u00fbr aux armoires hautes et \u00e9tag\u00e8res. La construction l\u00e9g\u00e8re rend le marchepied facile \u00e0 soulever et \u00e0 d\u00e9placer. Robuste et suffisamment solide pour supporter une utilisation commerciale quotidienne.  Les roulettes robustes permettent un transport rapide et facile.<\/p>\n<p>Caract\u00e9ristiques :<br \/> Dimensions : 430(H) x 430(\u00d8)mm.<\/p>\n","protected":false},"excerpt":{"rendered":"<p>Marchepied Vogue<\/p>\n","protected":false},"featured_media":103289,"comment_status":"closed","ping_status":"closed","template":"","meta":[],"product_brand":[],"product_cat":[1147,1149,1146,1297],"product_tag":[],"class_list":{"0":"post-69683","1":"product","2":"type-product","3":"status-publish","4":"has-post-thumbnail","6":"product_cat-chariots-et-rayonnages","7":"product_cat-divers-chariots-et-rayonnages","8":"product_cat-mobilier-de-cuisine-chariots-et-echelles","9":"product_cat-non-palettisable","10":"product_shipping_class-free-shipping","12":"first","13":"outofstock","14":"featured","15":"taxable","16":"shipping-taxable","17":"purchasable","18":"product-type-simple"},"_links":{"self":[{"href":"https:\/\/abinox-chr-clim.com\/index.php\/wp-json\/wp\/v2\/product\/69683","targetHints":{"allow":["GET"]}}],"collection":[{"href":"https:\/\/abinox-chr-clim.com\/index.php\/wp-json\/wp\/v2\/product"}],"about":[{"href":"https:\/\/abinox-chr-clim.com\/index.php\/wp-json\/wp\/v2\/types\/product"}],"replies":[{"embeddable":true,"href":"https:\/\/abinox-chr-clim.com\/index.php\/wp-json\/wp\/v2\/comments?post=69683"}],"wp:featuredmedia":[{"embeddable":true,"href":"https:\/\/abinox-chr-clim.com\/index.php\/wp-json\/wp\/v2\/media\/103289"}],"wp:attachment":[{"href":"https:\/\/abinox-chr-clim.com\/index.php\/wp-json\/wp\/v2\/media?parent=69683"}],"wp:term":[{"taxonomy":"product_brand","embeddable":true,"href":"https:\/\/abinox-chr-clim.com\/index.php\/wp-json\/wp\/v2\/product_brand?post=69683"},{"taxonomy":"product_cat","embeddable":true,"href":"https:\/\/abinox-chr-clim.com\/index.php\/wp-json\/wp\/v2\/product_cat?post=69683"},{"taxonomy":"product_tag","embeddable":true,"href":"https:\/\/abinox-chr-clim.com\/index.php\/wp-json\/wp\/v2\/product_tag?post=69683"}],"curies":[{"name":"wp","href":"https:\/\/api.w.org\/{rel}","templated":true}]}}