{"id":69680,"date":"2024-03-22T18:39:20","date_gmt":"2024-03-22T17:39:20","guid":{"rendered":"https:\/\/abinox-chr-clim.com\/index.php\/product\/chariot-de-debarrassage-inox-3-niveaux-craven\/"},"modified":"2026-04-22T08:10:54","modified_gmt":"2026-04-22T06:10:54","slug":"chariot-de-debarrassage-inox-3-niveaux-craven","status":"publish","type":"product","link":"https:\/\/abinox-chr-clim.com\/index.php\/product\/chariot-de-debarrassage-inox-3-niveaux-craven\/","title":{"rendered":"Chariot de d\u00e9barrassage inox 3 niveaux Craven"},"content":{"rendered":"<p>Chariot de haute qualit\u00e9 et tr\u00e8s r\u00e9sistant poss\u00e9dant 3 \u00e9tag\u00e8res fixes et adapt\u00e9 \u00e0 de nombreuses utilisations.<br \/>. R\u00e9f\u00e9rence soumise \u00e0 une Eco-participation mobilier de 0.84\u20ac par unit\u00e9 vendue. Roulettes r\u00e9sistantes &#8211; 2 avec freins.Charge maximale : 50kg.Enti\u00e8rement soud\u00e9.Surface utile: 701 x 450mm.2 roues avec freins.Plateaux fixes.  .<\/p>\n<p>Caract\u00e9ristiques :<br \/> Capacit\u00e9 : 50 kg.<br \/> Dimensions : 970(H) x 821(L) x 571(P) mm.<br \/> Mati\u00e8re : Acier inoxydable<\/p>\n","protected":false},"excerpt":{"rendered":"<p>Chariot de d\u00e9barrassage inox 3 niveaux Craven<\/p>\n","protected":false},"featured_media":100383,"comment_status":"closed","ping_status":"closed","template":"","meta":[],"product_brand":[],"product_cat":[1148,1147,1146,1296],"product_tag":[],"class_list":{"0":"post-69680","1":"product","2":"type-product","3":"status-publish","4":"has-post-thumbnail","6":"product_cat-chariots-de-service","7":"product_cat-chariots-et-rayonnages","8":"product_cat-mobilier-de-cuisine-chariots-et-echelles","9":"product_cat-palettisable","11":"first","12":"instock","13":"featured","14":"taxable","15":"shipping-taxable","16":"purchasable","17":"product-type-simple"},"_links":{"self":[{"href":"https:\/\/abinox-chr-clim.com\/index.php\/wp-json\/wp\/v2\/product\/69680","targetHints":{"allow":["GET"]}}],"collection":[{"href":"https:\/\/abinox-chr-clim.com\/index.php\/wp-json\/wp\/v2\/product"}],"about":[{"href":"https:\/\/abinox-chr-clim.com\/index.php\/wp-json\/wp\/v2\/types\/product"}],"replies":[{"embeddable":true,"href":"https:\/\/abinox-chr-clim.com\/index.php\/wp-json\/wp\/v2\/comments?post=69680"}],"wp:featuredmedia":[{"embeddable":true,"href":"https:\/\/abinox-chr-clim.com\/index.php\/wp-json\/wp\/v2\/media\/100383"}],"wp:attachment":[{"href":"https:\/\/abinox-chr-clim.com\/index.php\/wp-json\/wp\/v2\/media?parent=69680"}],"wp:term":[{"taxonomy":"product_brand","embeddable":true,"href":"https:\/\/abinox-chr-clim.com\/index.php\/wp-json\/wp\/v2\/product_brand?post=69680"},{"taxonomy":"product_cat","embeddable":true,"href":"https:\/\/abinox-chr-clim.com\/index.php\/wp-json\/wp\/v2\/product_cat?post=69680"},{"taxonomy":"product_tag","embeddable":true,"href":"https:\/\/abinox-chr-clim.com\/index.php\/wp-json\/wp\/v2\/product_tag?post=69680"}],"curies":[{"name":"wp","href":"https:\/\/api.w.org\/{rel}","templated":true}]}}