{"id":69660,"date":"2024-03-22T18:39:08","date_gmt":"2024-03-22T17:39:08","guid":{"rendered":"https:\/\/abinox-chr-clim.com\/index.php\/product\/chariot-de-cantine-en-acier-inoxydable-vogue\/"},"modified":"2026-04-24T08:53:16","modified_gmt":"2026-04-24T06:53:16","slug":"chariot-de-cantine-en-acier-inoxydable-vogue","status":"publish","type":"product","link":"https:\/\/abinox-chr-clim.com\/index.php\/product\/chariot-de-cantine-en-acier-inoxydable-vogue\/","title":{"rendered":"Chariot de cantine en acier inoxydable Vogue"},"content":{"rendered":"<p>Chariot de cantine en acier inoxydable id\u00e9al pour les h\u00f4tels, cantines et h\u00f4pitaux. Protections anti-chocs sur les 4 roues et 2 roues \u00e9quip\u00e9es de freins. Ce produit est livr\u00e9 dans un colis plat et est facile \u00e0 assembler.<br \/>Fourni en kit &#8211; assemblage facile. R\u00e9f\u00e9rence soumise \u00e0 une Eco-participation mobilier de 0.64\u20ac par unit\u00e9 vendue. Fourni avec 3 bacs J849. Emplacement pour 2 poubelles DN803 (12L) &#8211; non fournies.2 roues avec freins. Emplacement sup\u00e9rieur pour 2 poubelles de 6L (L367) ou 2 poubelles de 12L (DN803) &#8211; non fournies.Emplacement inf\u00e9rieur pour 2 poubelles de 12L (DN803) &#8211; non fournies.  R\u00e9f\u00e9rence soumise \u00e0 une Eco-participation de 0,29 par unit\u00e9 vendue. Fourni en kit &#8211; assemblage facile.<\/p>\n<p>Caract\u00e9ristiques :<br \/> Dimensions : 900(H) x 820(L) x 440(P) mm.<br \/> Mati\u00e8re : Acier inoxydable<\/p>\n","protected":false},"excerpt":{"rendered":"<p>Chariot de cantine en acier inoxydable Vogue<\/p>\n","protected":false},"featured_media":103248,"comment_status":"closed","ping_status":"closed","template":"","meta":[],"product_brand":[],"product_cat":[1148,1147,1146,1296],"product_tag":[],"class_list":{"0":"post-69660","1":"product","2":"type-product","3":"status-publish","4":"has-post-thumbnail","6":"product_cat-chariots-de-service","7":"product_cat-chariots-et-rayonnages","8":"product_cat-mobilier-de-cuisine-chariots-et-echelles","9":"product_cat-palettisable","11":"first","12":"instock","13":"featured","14":"taxable","15":"shipping-taxable","16":"purchasable","17":"product-type-simple"},"_links":{"self":[{"href":"https:\/\/abinox-chr-clim.com\/index.php\/wp-json\/wp\/v2\/product\/69660","targetHints":{"allow":["GET"]}}],"collection":[{"href":"https:\/\/abinox-chr-clim.com\/index.php\/wp-json\/wp\/v2\/product"}],"about":[{"href":"https:\/\/abinox-chr-clim.com\/index.php\/wp-json\/wp\/v2\/types\/product"}],"replies":[{"embeddable":true,"href":"https:\/\/abinox-chr-clim.com\/index.php\/wp-json\/wp\/v2\/comments?post=69660"}],"wp:featuredmedia":[{"embeddable":true,"href":"https:\/\/abinox-chr-clim.com\/index.php\/wp-json\/wp\/v2\/media\/103248"}],"wp:attachment":[{"href":"https:\/\/abinox-chr-clim.com\/index.php\/wp-json\/wp\/v2\/media?parent=69660"}],"wp:term":[{"taxonomy":"product_brand","embeddable":true,"href":"https:\/\/abinox-chr-clim.com\/index.php\/wp-json\/wp\/v2\/product_brand?post=69660"},{"taxonomy":"product_cat","embeddable":true,"href":"https:\/\/abinox-chr-clim.com\/index.php\/wp-json\/wp\/v2\/product_cat?post=69660"},{"taxonomy":"product_tag","embeddable":true,"href":"https:\/\/abinox-chr-clim.com\/index.php\/wp-json\/wp\/v2\/product_tag?post=69660"}],"curies":[{"name":"wp","href":"https:\/\/api.w.org\/{rel}","templated":true}]}}