{"id":69657,"date":"2024-03-22T18:39:06","date_gmt":"2024-03-22T17:39:06","guid":{"rendered":"https:\/\/abinox-chr-clim.com\/index.php\/product\/jeu-de-panneaux-detagere-pour-chariot-utilitaire-cambro\/"},"modified":"2026-04-24T10:03:54","modified_gmt":"2026-04-24T08:03:54","slug":"jeu-de-panneaux-detagere-pour-chariot-utilitaire-cambro","status":"publish","type":"product","link":"https:\/\/abinox-chr-clim.com\/index.php\/product\/jeu-de-panneaux-detagere-pour-chariot-utilitaire-cambro\/","title":{"rendered":"Jeu de panneaux d&rsquo;\u00e9tag\u00e8re pour chariot utilitaire Cambro"},"content":{"rendered":"<p>Panneaux d&rsquo;\u00e9tag\u00e8re optionnels pour fermer les \u00e9tag\u00e8res sur deux ou trois c\u00f4t\u00e9s. Cache l&rsquo;encombrement. Facile \u00e0 installer. Panneaux d&rsquo;\u00e9tag\u00e8re optionnels pour fermer les \u00e9tag\u00e8res sur deux ou trois c\u00f4t\u00e9s.<\/p>\n<p>Caract\u00e9ristiques :<br \/> Dimensions : 298(H) x 803(L) x 450(P) mm.<br \/> Mati\u00e8re : Polypropyl\u00e8ne.<br \/> Couleur : Noir.<\/p>\n","protected":false},"excerpt":{"rendered":"<p>Jeu de panneaux d&rsquo;\u00e9tag\u00e8re pour chariot utilitaire Cambro<\/p>\n","protected":false},"featured_media":86226,"comment_status":"closed","ping_status":"closed","template":"","meta":[],"product_brand":[],"product_cat":[1148,1147,1146,1297],"product_tag":[],"class_list":{"0":"post-69657","1":"product","2":"type-product","3":"status-publish","4":"has-post-thumbnail","6":"product_cat-chariots-de-service","7":"product_cat-chariots-et-rayonnages","8":"product_cat-mobilier-de-cuisine-chariots-et-echelles","9":"product_cat-non-palettisable","10":"product_shipping_class-free-shipping","12":"first","13":"instock","14":"featured","15":"taxable","16":"shipping-taxable","17":"purchasable","18":"product-type-simple"},"_links":{"self":[{"href":"https:\/\/abinox-chr-clim.com\/index.php\/wp-json\/wp\/v2\/product\/69657","targetHints":{"allow":["GET"]}}],"collection":[{"href":"https:\/\/abinox-chr-clim.com\/index.php\/wp-json\/wp\/v2\/product"}],"about":[{"href":"https:\/\/abinox-chr-clim.com\/index.php\/wp-json\/wp\/v2\/types\/product"}],"replies":[{"embeddable":true,"href":"https:\/\/abinox-chr-clim.com\/index.php\/wp-json\/wp\/v2\/comments?post=69657"}],"wp:featuredmedia":[{"embeddable":true,"href":"https:\/\/abinox-chr-clim.com\/index.php\/wp-json\/wp\/v2\/media\/86226"}],"wp:attachment":[{"href":"https:\/\/abinox-chr-clim.com\/index.php\/wp-json\/wp\/v2\/media?parent=69657"}],"wp:term":[{"taxonomy":"product_brand","embeddable":true,"href":"https:\/\/abinox-chr-clim.com\/index.php\/wp-json\/wp\/v2\/product_brand?post=69657"},{"taxonomy":"product_cat","embeddable":true,"href":"https:\/\/abinox-chr-clim.com\/index.php\/wp-json\/wp\/v2\/product_cat?post=69657"},{"taxonomy":"product_tag","embeddable":true,"href":"https:\/\/abinox-chr-clim.com\/index.php\/wp-json\/wp\/v2\/product_tag?post=69657"}],"curies":[{"name":"wp","href":"https:\/\/api.w.org\/{rel}","templated":true}]}}