{"id":69653,"date":"2024-03-22T18:39:04","date_gmt":"2024-03-22T17:39:04","guid":{"rendered":"https:\/\/abinox-chr-clim.com\/index.php\/product\/chariot-de-service-3-niveaux-noir-cambro\/"},"modified":"2026-04-24T10:03:50","modified_gmt":"2026-04-24T08:03:50","slug":"chariot-de-service-3-niveaux-noir-cambro","status":"publish","type":"product","link":"https:\/\/abinox-chr-clim.com\/index.php\/product\/chariot-de-service-3-niveaux-noir-cambro\/","title":{"rendered":"Chariot de service 3 niveaux noir Cambro"},"content":{"rendered":"<p>Chariots robustes et faciles \u00e0 nettoyer pour d\u00e9placer sans effort de lourdes charges. Constitu\u00e9s d&rsquo;\u00e9tag\u00e8res en polypropyl\u00e8ne et de montants en aluminium robustes et l\u00e9gers.<br \/>Chariot polyvalent, durable et de prix abordable.Les \u00e9tag\u00e8res en polypropyl\u00e8ne l\u00e9g\u00e8rement granit\u00e9 munies de rambardes emp\u00eachent le contenu de tomber. Les montants en aluminium assurent la stabilit\u00e9. R\u00e9f\u00e9rence soumise \u00e0 une Eco-participation mobilier de 1.82\u20ac par unit\u00e9 vendue. Facile \u00e0 monter.  Exp\u00e9di\u00e9 d\u00e9mont\u00e9 afin de minimiser les frais de transport. Chariot polyvalent, durable et de prix abordable. .<br \/> Caract\u00e9ristiques :<br \/> Capacit\u00e9 : 136 kg.<br \/> Dimensions : 965(H) x 835(L) x 410(P) mm.<br \/> Mati\u00e8re : Polypropyl\u00e8ne.<br \/> Couleur : Noir.<\/p>\n","protected":false},"excerpt":{"rendered":"<p>Chariot de service 3 niveaux noir Cambro<\/p>\n","protected":false},"featured_media":86186,"comment_status":"closed","ping_status":"closed","template":"","meta":[],"product_brand":[],"product_cat":[1148,1147,1146,1297],"product_tag":[],"class_list":{"0":"post-69653","1":"product","2":"type-product","3":"status-publish","4":"has-post-thumbnail","6":"product_cat-chariots-de-service","7":"product_cat-chariots-et-rayonnages","8":"product_cat-mobilier-de-cuisine-chariots-et-echelles","9":"product_cat-non-palettisable","10":"product_shipping_class-free-shipping","12":"first","13":"instock","14":"featured","15":"taxable","16":"shipping-taxable","17":"purchasable","18":"product-type-simple"},"_links":{"self":[{"href":"https:\/\/abinox-chr-clim.com\/index.php\/wp-json\/wp\/v2\/product\/69653","targetHints":{"allow":["GET"]}}],"collection":[{"href":"https:\/\/abinox-chr-clim.com\/index.php\/wp-json\/wp\/v2\/product"}],"about":[{"href":"https:\/\/abinox-chr-clim.com\/index.php\/wp-json\/wp\/v2\/types\/product"}],"replies":[{"embeddable":true,"href":"https:\/\/abinox-chr-clim.com\/index.php\/wp-json\/wp\/v2\/comments?post=69653"}],"wp:featuredmedia":[{"embeddable":true,"href":"https:\/\/abinox-chr-clim.com\/index.php\/wp-json\/wp\/v2\/media\/86186"}],"wp:attachment":[{"href":"https:\/\/abinox-chr-clim.com\/index.php\/wp-json\/wp\/v2\/media?parent=69653"}],"wp:term":[{"taxonomy":"product_brand","embeddable":true,"href":"https:\/\/abinox-chr-clim.com\/index.php\/wp-json\/wp\/v2\/product_brand?post=69653"},{"taxonomy":"product_cat","embeddable":true,"href":"https:\/\/abinox-chr-clim.com\/index.php\/wp-json\/wp\/v2\/product_cat?post=69653"},{"taxonomy":"product_tag","embeddable":true,"href":"https:\/\/abinox-chr-clim.com\/index.php\/wp-json\/wp\/v2\/product_tag?post=69653"}],"curies":[{"name":"wp","href":"https:\/\/api.w.org\/{rel}","templated":true}]}}