{"id":69639,"date":"2024-03-22T18:38:58","date_gmt":"2024-03-22T17:38:58","guid":{"rendered":"https:\/\/abinox-chr-clim.com\/index.php\/product\/ensemble-fauteuils-et-table-en-rotin-pp-bolero-gris\/"},"modified":"2026-04-02T10:10:24","modified_gmt":"2026-04-02T08:10:24","slug":"ensemble-fauteuils-et-table-en-rotin-pp-bolero-gris","status":"publish","type":"product","link":"https:\/\/abinox-chr-clim.com\/index.php\/product\/ensemble-fauteuils-et-table-en-rotin-pp-bolero-gris\/","title":{"rendered":"Ensemble fauteuils et table en rotin PP Bolero gris"},"content":{"rendered":"<p>Ensemble de mobilier d&rsquo;ext\u00e9rieur \u00e9l\u00e9gant et durable, parfait pour les patios, terrasses, jardins et v\u00e9randas. Fabriqu\u00e9 en polypropyl\u00e8ne imitation rotin avec des coussins faciles \u00e0 nettoyer. Comprend deux fauteuils et une table basse assortie.<br \/>Un design \u00e9l\u00e9gant ajoute une touche conviviale \u00e0 vos si\u00e8ges int\u00e9rieurs ou ext\u00e9rieurs. Utilisation int\u00e9rieure et ext\u00e9rieure. Comprend 2 coussins avec housses amovibles pour plus de confort. L&rsquo;ensemble mobilier complet en un seul achat. Les pieds ergonomiques emp\u00eachent tout mouvement accidentel pendant le service pour assurer la s\u00e9curit\u00e9 des clients. Conception facile \u00e0 nettoyer.Hauteur d&rsquo;assise de la chaise\u00a0: 440\u00a0mm. Un design \u00e9l\u00e9gant ajoute une touche conviviale \u00e0 vos si\u00e8ges int\u00e9rieurs ou ext\u00e9rieurs.<\/p>\n<p>Caract\u00e9ristiques :<br \/> Dimensions : 755(H) x 657(L) x 703(P) mm.<br \/> Mati\u00e8re : Plastique.<br \/> Couleur : Gris anthracite.<\/p>\n","protected":false},"excerpt":{"rendered":"<p>Ensemble fauteuils et table en rotin PP Bolero gris<\/p>\n","protected":false},"featured_media":103122,"comment_status":"closed","ping_status":"closed","template":"","meta":[],"product_brand":[],"product_cat":[1201,1297],"product_tag":[],"class_list":{"0":"post-69639","1":"product","2":"type-product","3":"status-publish","4":"has-post-thumbnail","6":"product_cat-mobilier","7":"product_cat-non-palettisable","8":"product_shipping_class-free-shipping","10":"first","11":"instock","12":"featured","13":"taxable","14":"shipping-taxable","15":"purchasable","16":"product-type-simple"},"_links":{"self":[{"href":"https:\/\/abinox-chr-clim.com\/index.php\/wp-json\/wp\/v2\/product\/69639","targetHints":{"allow":["GET"]}}],"collection":[{"href":"https:\/\/abinox-chr-clim.com\/index.php\/wp-json\/wp\/v2\/product"}],"about":[{"href":"https:\/\/abinox-chr-clim.com\/index.php\/wp-json\/wp\/v2\/types\/product"}],"replies":[{"embeddable":true,"href":"https:\/\/abinox-chr-clim.com\/index.php\/wp-json\/wp\/v2\/comments?post=69639"}],"wp:featuredmedia":[{"embeddable":true,"href":"https:\/\/abinox-chr-clim.com\/index.php\/wp-json\/wp\/v2\/media\/103122"}],"wp:attachment":[{"href":"https:\/\/abinox-chr-clim.com\/index.php\/wp-json\/wp\/v2\/media?parent=69639"}],"wp:term":[{"taxonomy":"product_brand","embeddable":true,"href":"https:\/\/abinox-chr-clim.com\/index.php\/wp-json\/wp\/v2\/product_brand?post=69639"},{"taxonomy":"product_cat","embeddable":true,"href":"https:\/\/abinox-chr-clim.com\/index.php\/wp-json\/wp\/v2\/product_cat?post=69639"},{"taxonomy":"product_tag","embeddable":true,"href":"https:\/\/abinox-chr-clim.com\/index.php\/wp-json\/wp\/v2\/product_tag?post=69639"}],"curies":[{"name":"wp","href":"https:\/\/api.w.org\/{rel}","templated":true}]}}