{"id":69621,"date":"2024-03-22T16:25:39","date_gmt":"2024-03-22T15:25:39","guid":{"rendered":"https:\/\/abinox-chr-clim.com\/index.php\/product\/lampe-chauffante-dome-retractable-buffalo-finition-metal-brosse\/"},"modified":"2026-04-02T09:47:36","modified_gmt":"2026-04-02T07:47:36","slug":"lampe-chauffante-dome-retractable-buffalo-finition-metal-brosse","status":"publish","type":"product","link":"https:\/\/abinox-chr-clim.com\/index.php\/product\/lampe-chauffante-dome-retractable-buffalo-finition-metal-brosse\/","title":{"rendered":"Lampe chauffante d\u00f4me r\u00e9tractable Buffalo finition m\u00e9tal bross\u00e9"},"content":{"rendered":"<p>Des lampes chauffantes \u00e9l\u00e9gantes pour conserver les aliments au chaud et s&rsquo;adapter \u00e0 votre d\u00e9cor, tout en aidant \u00e0 r\u00e9duire le gaspillage alimentaire. Le cordon se r\u00e8gle de 280 mm \u00e0 1,52 m. Ampoules vendues s\u00e9par\u00e9ment.<br \/>La forme conique procure une zone de chauffage pr\u00e9cise. Permet de garder les aliments de votre buffet ou petit-d\u00e9jeuner chauds plus longtemps. Peut \u00eatre utilis\u00e9e avec une vari\u00e9t\u00e9 d&rsquo;ampoules en fonction des temp\u00e9ratures requises. R\u00e9f\u00e9rence soumise \u00e0 une Eco-participation mobilier de 0.11\u20ac par unit\u00e9 vendue. Finition effet argent pour ajouter une touche d&rsquo;\u00e9l\u00e9gance \u00e0 vos pr\u00e9sentoirs alimentaires. Ampoules DE164\/AG570 vendues s\u00e9par\u00e9ment. n\u00e9cessite une installation \u00e9lectrique professionnelle. Puissance maximale de l&rsquo;ampoule\u00a0: 250 W. Ne convient pas comme \u00e9clairage domestique ou commercial. Gamme de cordons de 280 mm mini \u00e0 1520 mm maxi, permettant un \u00e9loignement personnalisable des aliments. La forme conique procure une zone de chauffage pr\u00e9cise.<\/p>\n<p>Caract\u00e9ristiques :<br \/> Dimensions : 200.<br \/> Mati\u00e8re : Acier.<br \/> Voltage : 220-240V.<br \/> Couleur : Argent.<\/p>\n","protected":false},"excerpt":{"rendered":"<div><img decoding=\"async\" src=\"https:\/\/abinox-chr-clim.com\/wp-content\/uploads\/2024\/03\/abinox-garantie-1-an.webp\" width=\"150px\"\/><\/div>\n<p>Lampe chauffante d\u00f4me r\u00e9tractable Buffalo finition m\u00e9tal bross\u00e9<\/p>\n","protected":false},"featured_media":96379,"comment_status":"closed","ping_status":"closed","template":"","meta":[],"product_brand":[],"product_cat":[1199,1160,1297,1197],"product_tag":[],"class_list":{"0":"post-69621","1":"product","2":"type-product","3":"status-publish","4":"has-post-thumbnail","6":"product_cat-buffet-chaud","7":"product_cat-materiel-electrique-et-de-cuisson","8":"product_cat-non-palettisable","9":"product_cat-service-presentation","10":"product_shipping_class-free-shipping","12":"first","13":"instock","14":"featured","15":"taxable","16":"shipping-taxable","17":"purchasable","18":"product-type-simple"},"_links":{"self":[{"href":"https:\/\/abinox-chr-clim.com\/index.php\/wp-json\/wp\/v2\/product\/69621","targetHints":{"allow":["GET"]}}],"collection":[{"href":"https:\/\/abinox-chr-clim.com\/index.php\/wp-json\/wp\/v2\/product"}],"about":[{"href":"https:\/\/abinox-chr-clim.com\/index.php\/wp-json\/wp\/v2\/types\/product"}],"replies":[{"embeddable":true,"href":"https:\/\/abinox-chr-clim.com\/index.php\/wp-json\/wp\/v2\/comments?post=69621"}],"wp:featuredmedia":[{"embeddable":true,"href":"https:\/\/abinox-chr-clim.com\/index.php\/wp-json\/wp\/v2\/media\/96379"}],"wp:attachment":[{"href":"https:\/\/abinox-chr-clim.com\/index.php\/wp-json\/wp\/v2\/media?parent=69621"}],"wp:term":[{"taxonomy":"product_brand","embeddable":true,"href":"https:\/\/abinox-chr-clim.com\/index.php\/wp-json\/wp\/v2\/product_brand?post=69621"},{"taxonomy":"product_cat","embeddable":true,"href":"https:\/\/abinox-chr-clim.com\/index.php\/wp-json\/wp\/v2\/product_cat?post=69621"},{"taxonomy":"product_tag","embeddable":true,"href":"https:\/\/abinox-chr-clim.com\/index.php\/wp-json\/wp\/v2\/product_tag?post=69621"}],"curies":[{"name":"wp","href":"https:\/\/api.w.org\/{rel}","templated":true}]}}