{"id":69615,"date":"2024-03-22T16:25:36","date_gmt":"2024-03-22T15:25:36","guid":{"rendered":"https:\/\/abinox-chr-clim.com\/index.php\/product\/lampe-chauffante-buffalo-finition-laiton\/"},"modified":"2026-04-02T09:47:22","modified_gmt":"2026-04-02T07:47:22","slug":"lampe-chauffante-buffalo-finition-laiton","status":"publish","type":"product","link":"https:\/\/abinox-chr-clim.com\/index.php\/product\/lampe-chauffante-buffalo-finition-laiton\/","title":{"rendered":"Lampe chauffante Buffalo finition laiton"},"content":{"rendered":"<p>Lampes chauffantes \u00e0 hauteur fixe pour maintenir les pr\u00e9paration chaudes \u00e0 la temp\u00e9rature de service id\u00e9ale et r\u00e9duire le gaspillage alimentaire. Design \u00e9l\u00e9gant adapt\u00e9 \u00e0 la majorit\u00e9 des styles d&rsquo;\u00e9tablissements . Longueur du cordon 1,5m.  NB : Ampoules DE164\/AG570 vendues s\u00e9par\u00e9ment.<br \/>N\u00e9cessite une installation professionnelle. Longueur du cordon : 1,5 m\u00e8tre. Pour le r\u00e9chauffement des aliments. Ne convient pas pour l&rsquo;\u00e9clairage domestique ou commercial. R\u00e9f\u00e9rence soumise \u00e0 une Eco-participation mobilier de 0.05\u20ac par unit\u00e9 vendue. Simple interrupteur marche\/arr\u00eat pour une utilisation facile. Ampoules DE164\/AG570 vendues s\u00e9par\u00e9ment.  N\u00e9cessite une installation professionnelle.<\/p>\n<p>Caract\u00e9ristiques :<br \/> Dimensions : 330(L) x 185(P)mm.<br \/> Mati\u00e8re : Acier.<br \/> Voltage : 220-240V.<br \/> Couleur : Laiton.<\/p>\n","protected":false},"excerpt":{"rendered":"<div><img decoding=\"async\" src=\"https:\/\/abinox-chr-clim.com\/wp-content\/uploads\/2024\/03\/abinox-garantie-1-an.webp\" width=\"150px\"\/><\/div>\n<p>Lampe chauffante Buffalo finition laiton<\/p>\n","protected":false},"featured_media":91219,"comment_status":"closed","ping_status":"closed","template":"","meta":[],"product_brand":[],"product_cat":[1199,1160,1297,1197],"product_tag":[],"class_list":{"0":"post-69615","1":"product","2":"type-product","3":"status-publish","4":"has-post-thumbnail","6":"product_cat-buffet-chaud","7":"product_cat-materiel-electrique-et-de-cuisson","8":"product_cat-non-palettisable","9":"product_cat-service-presentation","10":"product_shipping_class-free-shipping","12":"first","13":"instock","14":"featured","15":"taxable","16":"shipping-taxable","17":"purchasable","18":"product-type-simple"},"_links":{"self":[{"href":"https:\/\/abinox-chr-clim.com\/index.php\/wp-json\/wp\/v2\/product\/69615","targetHints":{"allow":["GET"]}}],"collection":[{"href":"https:\/\/abinox-chr-clim.com\/index.php\/wp-json\/wp\/v2\/product"}],"about":[{"href":"https:\/\/abinox-chr-clim.com\/index.php\/wp-json\/wp\/v2\/types\/product"}],"replies":[{"embeddable":true,"href":"https:\/\/abinox-chr-clim.com\/index.php\/wp-json\/wp\/v2\/comments?post=69615"}],"wp:featuredmedia":[{"embeddable":true,"href":"https:\/\/abinox-chr-clim.com\/index.php\/wp-json\/wp\/v2\/media\/91219"}],"wp:attachment":[{"href":"https:\/\/abinox-chr-clim.com\/index.php\/wp-json\/wp\/v2\/media?parent=69615"}],"wp:term":[{"taxonomy":"product_brand","embeddable":true,"href":"https:\/\/abinox-chr-clim.com\/index.php\/wp-json\/wp\/v2\/product_brand?post=69615"},{"taxonomy":"product_cat","embeddable":true,"href":"https:\/\/abinox-chr-clim.com\/index.php\/wp-json\/wp\/v2\/product_cat?post=69615"},{"taxonomy":"product_tag","embeddable":true,"href":"https:\/\/abinox-chr-clim.com\/index.php\/wp-json\/wp\/v2\/product_tag?post=69615"}],"curies":[{"name":"wp","href":"https:\/\/api.w.org\/{rel}","templated":true}]}}