{"id":69612,"date":"2024-03-22T16:25:35","date_gmt":"2024-03-22T15:25:35","guid":{"rendered":"https:\/\/abinox-chr-clim.com\/index.php\/product\/lampe-chauffante-sur-pied-buffalo-250w\/"},"modified":"2026-04-02T10:02:14","modified_gmt":"2026-04-02T08:02:14","slug":"lampe-chauffante-sur-pied-buffalo-250w","status":"publish","type":"product","link":"https:\/\/abinox-chr-clim.com\/index.php\/product\/lampe-chauffante-sur-pied-buffalo-250w\/","title":{"rendered":"Lampe chauffante sur pied Buffalo 250W"},"content":{"rendered":"<p>Cette jolie lampe chauffante en acier inoxydable poli est parfaite pour maintenir tous types de plats \u00e0 la temp\u00e9rature id\u00e9ale de service.<br \/>Finition attrayante en acier inoxydable poli &#8211; parfaite pour la salle. T\u00eate facile \u00e0 r\u00e9gler &#8211; concentrez la chaleur et la lumi\u00e8re l\u00e0 o\u00f9 elles doivent \u00eatre. Installation facile &#8211; pr\u00eate \u00e0 brancher. R\u00e9f\u00e9rence soumise \u00e0 une Eco-participation mobilier de 0.46\u20ac par unit\u00e9 vendue. Solution de maintien au chaud \u00e9l\u00e9gante sans besoin de portique ou de plaques chauffantes. Veuillez noter : ne cuit pas les aliments &#8211; con\u00e7ue uniquement pour le maintien au chaud. Ampoule vendue s\u00e9par\u00e9ment (AG570 ou DE164).Interrupteur marche\/arr\u00eat discret &#8211; \u00e9conomise de l&rsquo;\u00e9nergie lorsqu&rsquo;il n&rsquo;est pas utilis\u00e9. Finition attrayante en acier inoxydable poli &#8211; parfaite pour la salle.<\/p>\n<p>Caract\u00e9ristiques :<br \/> Dimensions : 670(H) x 180(L) x 260(P)mm.<br \/> Mati\u00e8re : Inox.<br \/> Voltage : 230V.<br \/> Couleur : Finition acier inoxydable poli.<\/p>\n","protected":false},"excerpt":{"rendered":"<div><img decoding=\"async\" src=\"https:\/\/abinox-chr-clim.com\/wp-content\/uploads\/2024\/03\/abinox-garantie-1-an.webp\" width=\"150px\"\/><\/div>\n<p>Lampe chauffante sur pied Buffalo 250W<\/p>\n","protected":false},"featured_media":87419,"comment_status":"closed","ping_status":"closed","template":"","meta":[],"product_brand":[],"product_cat":[1199,1160,1297,1197],"product_tag":[],"class_list":{"0":"post-69612","1":"product","2":"type-product","3":"status-publish","4":"has-post-thumbnail","6":"product_cat-buffet-chaud","7":"product_cat-materiel-electrique-et-de-cuisson","8":"product_cat-non-palettisable","9":"product_cat-service-presentation","10":"product_shipping_class-free-shipping","12":"first","13":"instock","14":"featured","15":"taxable","16":"shipping-taxable","17":"purchasable","18":"product-type-simple"},"_links":{"self":[{"href":"https:\/\/abinox-chr-clim.com\/index.php\/wp-json\/wp\/v2\/product\/69612","targetHints":{"allow":["GET"]}}],"collection":[{"href":"https:\/\/abinox-chr-clim.com\/index.php\/wp-json\/wp\/v2\/product"}],"about":[{"href":"https:\/\/abinox-chr-clim.com\/index.php\/wp-json\/wp\/v2\/types\/product"}],"replies":[{"embeddable":true,"href":"https:\/\/abinox-chr-clim.com\/index.php\/wp-json\/wp\/v2\/comments?post=69612"}],"wp:featuredmedia":[{"embeddable":true,"href":"https:\/\/abinox-chr-clim.com\/index.php\/wp-json\/wp\/v2\/media\/87419"}],"wp:attachment":[{"href":"https:\/\/abinox-chr-clim.com\/index.php\/wp-json\/wp\/v2\/media?parent=69612"}],"wp:term":[{"taxonomy":"product_brand","embeddable":true,"href":"https:\/\/abinox-chr-clim.com\/index.php\/wp-json\/wp\/v2\/product_brand?post=69612"},{"taxonomy":"product_cat","embeddable":true,"href":"https:\/\/abinox-chr-clim.com\/index.php\/wp-json\/wp\/v2\/product_cat?post=69612"},{"taxonomy":"product_tag","embeddable":true,"href":"https:\/\/abinox-chr-clim.com\/index.php\/wp-json\/wp\/v2\/product_tag?post=69612"}],"curies":[{"name":"wp","href":"https:\/\/api.w.org\/{rel}","templated":true}]}}