{"id":69601,"date":"2024-03-22T16:25:29","date_gmt":"2024-03-22T15:25:29","guid":{"rendered":"https:\/\/abinox-chr-clim.com\/index.php\/product\/bain-marie-4-pots-lincat-silverlink-600-bs4w\/"},"modified":"2026-04-02T09:51:24","modified_gmt":"2026-04-02T07:51:24","slug":"bain-marie-4-pots-lincat-silverlink-600-bs4w","status":"publish","type":"product","link":"https:\/\/abinox-chr-clim.com\/index.php\/product\/bain-marie-4-pots-lincat-silverlink-600-bs4w\/","title":{"rendered":"Bain-Marie 4 pots Lincat Silverlink 600 BS4W"},"content":{"rendered":"<p>Unit\u00e9 facile \u00e0 nettoyer, parfaite pour conserver jusqu&rsquo;\u00e0 deux heures les sauces et les aliments pr\u00e9cuits \u00e0 la temp\u00e9rature de service id\u00e9ale.<br \/>Contr\u00f4le de la temp\u00e9rature par simple bouton rotatif. Utilise la technologie du bain-marie \u00e0 chaleur humide pour conserver les aliments en toute s\u00e9curit\u00e9 jusqu&rsquo;\u00e0 deux heures sans les dess\u00e9cher. \u00c9l\u00e9gants pots en acier inoxydable de 4,5 litres et couvercles inclus. R\u00e9f\u00e9rence soumise \u00e0 une Eco-participation mobilier de 0.63\u20ac par unit\u00e9 vendue. Conception facile \u00e0 nettoyer pour gagner du temps.  Robinet avant pour une vidange rapide et facile. Contr\u00f4le de la temp\u00e9rature par simple bouton rotatif.<\/p>\n<p>Caract\u00e9ristiques :<br \/> Capacit\u00e9 : 4 pots ronds de 4,5L.<br \/> Dimensions : 325(H) x 450(L) x 600(P) mm.<br \/> Mati\u00e8re : Inox.<br \/> Voltage : 230V.<br \/> Couleur : .<br \/> Puissance : 1 kW.<\/p>\n","protected":false},"excerpt":{"rendered":"<div><img decoding=\"async\" src=\"https:\/\/abinox-chr-clim.com\/wp-content\/uploads\/2024\/03\/abinox-garantie-1-an.webp\" width=\"150px\"\/><\/div>\n<p>Bain-Marie 4 pots Lincat Silverlink 600 BS4W<\/p>\n","protected":false},"featured_media":104397,"comment_status":"closed","ping_status":"closed","template":"","meta":[],"product_brand":[],"product_cat":[1198,1160,1297,1197],"product_tag":[],"class_list":{"0":"post-69601","1":"product","2":"type-product","3":"status-publish","4":"has-post-thumbnail","6":"product_cat-bain-marie","7":"product_cat-materiel-electrique-et-de-cuisson","8":"product_cat-non-palettisable","9":"product_cat-service-presentation","10":"product_shipping_class-free-shipping","12":"first","13":"instock","14":"featured","15":"taxable","16":"shipping-taxable","17":"purchasable","18":"product-type-simple"},"_links":{"self":[{"href":"https:\/\/abinox-chr-clim.com\/index.php\/wp-json\/wp\/v2\/product\/69601","targetHints":{"allow":["GET"]}}],"collection":[{"href":"https:\/\/abinox-chr-clim.com\/index.php\/wp-json\/wp\/v2\/product"}],"about":[{"href":"https:\/\/abinox-chr-clim.com\/index.php\/wp-json\/wp\/v2\/types\/product"}],"replies":[{"embeddable":true,"href":"https:\/\/abinox-chr-clim.com\/index.php\/wp-json\/wp\/v2\/comments?post=69601"}],"wp:featuredmedia":[{"embeddable":true,"href":"https:\/\/abinox-chr-clim.com\/index.php\/wp-json\/wp\/v2\/media\/104397"}],"wp:attachment":[{"href":"https:\/\/abinox-chr-clim.com\/index.php\/wp-json\/wp\/v2\/media?parent=69601"}],"wp:term":[{"taxonomy":"product_brand","embeddable":true,"href":"https:\/\/abinox-chr-clim.com\/index.php\/wp-json\/wp\/v2\/product_brand?post=69601"},{"taxonomy":"product_cat","embeddable":true,"href":"https:\/\/abinox-chr-clim.com\/index.php\/wp-json\/wp\/v2\/product_cat?post=69601"},{"taxonomy":"product_tag","embeddable":true,"href":"https:\/\/abinox-chr-clim.com\/index.php\/wp-json\/wp\/v2\/product_tag?post=69601"}],"curies":[{"name":"wp","href":"https:\/\/api.w.org\/{rel}","templated":true}]}}