{"id":69562,"date":"2024-03-22T16:25:14","date_gmt":"2024-03-22T15:25:14","guid":{"rendered":"https:\/\/abinox-chr-clim.com\/index.php\/product\/toaster-convoyeur-dualit-dct2i\/"},"modified":"2026-04-02T09:52:16","modified_gmt":"2026-04-02T07:52:16","slug":"toaster-convoyeur-dualit-dct2i","status":"publish","type":"product","link":"https:\/\/abinox-chr-clim.com\/index.php\/product\/toaster-convoyeur-dualit-dct2i\/","title":{"rendered":"Toaster convoyeur Dualit DCT2I"},"content":{"rendered":"<p>Rapide \u00e0 chauffer et facile \u00e0 utiliser, ce grille-pain 2 tranche peut r\u00e9pondre \u00e0 la demande en grillant jusqu&rsquo;\u00e0 560 tranches de pain par heure. Parfaitement adapt\u00e9 pour chauffer et dorer toutes sortes de pains. Protection du cadran pour que les param\u00e8tres ne puissent pas \u00eatre d\u00e9r\u00e9gl\u00e9s pendant le service.<br \/>R\u00e9sistances en incoloy chauffe rapide. Incroyablement durables et pr\u00eates \u00e0 fonctionner en 5 minutes. Contr\u00f4le total des r\u00e9sistances, avec 9 niveaux de brunissage et mode pain\/bagel. Le r\u00e9glage en veille permet d&rsquo;\u00e9conomiser jusqu&rsquo;\u00e0 70 % d&rsquo;\u00e9nergie pendant les heures les plus calmes. R\u00e9f\u00e9rence soumise \u00e0 une Eco-participation mobilier de 0.86\u20ac par unit\u00e9 vendue. Pieds antid\u00e9rapants anti-traces. Boutons de commandes simples.Courroie centr\u00e9e \u00e0 ressort pour un fonctionnement en douceur. R\u00e9sistances en incoloy chauffe rapide. Incroyablement durables et pr\u00eates \u00e0 fonctionner en 5 minutes.<\/p>\n<p>Caract\u00e9ristiques :<br \/> Dimensions : 413(H) x 439(L) x 429(P) mm.<br \/> Mati\u00e8re : Inox.<br \/> Voltage : 230V.<br \/> Couleur : Noir et acier inoxydable.<\/p>\n","protected":false},"excerpt":{"rendered":"<div><img decoding=\"async\" src=\"https:\/\/abinox-chr-clim.com\/wp-content\/uploads\/2024\/03\/abinox-garantie-1-an.webp\" width=\"150px\"\/><\/div>\n<p>Toaster convoyeur Dualit DCT2I<\/p>\n","protected":false},"featured_media":87424,"comment_status":"closed","ping_status":"closed","template":"","meta":[],"product_brand":[],"product_cat":[1160,1297,1179,1186],"product_tag":[],"class_list":{"0":"post-69562","1":"product","2":"type-product","3":"status-publish","4":"has-post-thumbnail","6":"product_cat-materiel-electrique-et-de-cuisson","7":"product_cat-non-palettisable","8":"product_cat-petit-materiel","9":"product_cat-toasters-et-grille-pains","10":"product_shipping_class-free-shipping","12":"first","13":"instock","14":"featured","15":"taxable","16":"shipping-taxable","17":"purchasable","18":"product-type-simple"},"_links":{"self":[{"href":"https:\/\/abinox-chr-clim.com\/index.php\/wp-json\/wp\/v2\/product\/69562","targetHints":{"allow":["GET"]}}],"collection":[{"href":"https:\/\/abinox-chr-clim.com\/index.php\/wp-json\/wp\/v2\/product"}],"about":[{"href":"https:\/\/abinox-chr-clim.com\/index.php\/wp-json\/wp\/v2\/types\/product"}],"replies":[{"embeddable":true,"href":"https:\/\/abinox-chr-clim.com\/index.php\/wp-json\/wp\/v2\/comments?post=69562"}],"wp:featuredmedia":[{"embeddable":true,"href":"https:\/\/abinox-chr-clim.com\/index.php\/wp-json\/wp\/v2\/media\/87424"}],"wp:attachment":[{"href":"https:\/\/abinox-chr-clim.com\/index.php\/wp-json\/wp\/v2\/media?parent=69562"}],"wp:term":[{"taxonomy":"product_brand","embeddable":true,"href":"https:\/\/abinox-chr-clim.com\/index.php\/wp-json\/wp\/v2\/product_brand?post=69562"},{"taxonomy":"product_cat","embeddable":true,"href":"https:\/\/abinox-chr-clim.com\/index.php\/wp-json\/wp\/v2\/product_cat?post=69562"},{"taxonomy":"product_tag","embeddable":true,"href":"https:\/\/abinox-chr-clim.com\/index.php\/wp-json\/wp\/v2\/product_tag?post=69562"}],"curies":[{"name":"wp","href":"https:\/\/api.w.org\/{rel}","templated":true}]}}