{"id":69560,"date":"2024-03-22T16:25:13","date_gmt":"2024-03-22T15:25:13","guid":{"rendered":"https:\/\/abinox-chr-clim.com\/index.php\/product\/grille-pain-inox-caterlite-4-tranches\/"},"modified":"2026-04-02T09:38:01","modified_gmt":"2026-04-02T07:38:01","slug":"grille-pain-inox-caterlite-4-tranches","status":"publish","type":"product","link":"https:\/\/abinox-chr-clim.com\/index.php\/product\/grille-pain-inox-caterlite-4-tranches\/","title":{"rendered":"Grille-pain inox Caterlite 4 tranches"},"content":{"rendered":"<p>Grille-pain 4 tranches en acier inoxydable avec 2 thermostats ind\u00e9pendants vous permettant de brunir vos toasts \u00e0 votre convenance. Le syst\u00e8me de centrage automatique des tranches permet la chute des miettes directement dans le tiroir ramasse-miettes amovible pour faciliter l&rsquo;entretien. Pour utilisation peu intensive.<br \/>La fonction anti-blocage emp\u00eache les blocages. Boutons de d\u00e9givrage, de r\u00e9chauffement et d&rsquo;annulation. Sortie automatique. R\u00e9f\u00e9rence soumise \u00e0 une Eco-participation mobilier de 0.16\u20ac par unit\u00e9 vendue. Contr\u00f4le de brunissement r\u00e9glable. 1,4 kW \u00e0 1,6 kW selon le nombre de fentes utilis\u00e9es. 1,4 kW \u00e0 1,6 kW selon le nombre de fentes utilis\u00e9es.Facile \u00e0 nettoyer, avec tiroir ramasse-miettes amovible et capuchon transparent. La fonction anti-blocage emp\u00eache les blocages.<\/p>\n<p>Caract\u00e9ristiques :<br \/> Dimensions : 190(H) x 255(L) x 270(P) mm.<br \/> Mati\u00e8re : Inox.<br \/> Voltage : 220-240V.<br \/> Couleur : Acier inoxydable.<\/p>\n","protected":false},"excerpt":{"rendered":"<div><img decoding=\"async\" src=\"https:\/\/abinox-chr-clim.com\/wp-content\/uploads\/2024\/03\/abinox-garantie-1-an.webp\" width=\"150px\"\/><\/div>\n<p>Grille-pain inox Caterlite 4 tranches<\/p>\n","protected":false},"featured_media":85550,"comment_status":"closed","ping_status":"closed","template":"","meta":[],"product_brand":[],"product_cat":[1160,1297,1179,1186],"product_tag":[],"class_list":{"0":"post-69560","1":"product","2":"type-product","3":"status-publish","4":"has-post-thumbnail","6":"product_cat-materiel-electrique-et-de-cuisson","7":"product_cat-non-palettisable","8":"product_cat-petit-materiel","9":"product_cat-toasters-et-grille-pains","10":"product_shipping_class-free-shipping","12":"first","13":"outofstock","14":"featured","15":"taxable","16":"shipping-taxable","17":"purchasable","18":"product-type-simple"},"_links":{"self":[{"href":"https:\/\/abinox-chr-clim.com\/index.php\/wp-json\/wp\/v2\/product\/69560","targetHints":{"allow":["GET"]}}],"collection":[{"href":"https:\/\/abinox-chr-clim.com\/index.php\/wp-json\/wp\/v2\/product"}],"about":[{"href":"https:\/\/abinox-chr-clim.com\/index.php\/wp-json\/wp\/v2\/types\/product"}],"replies":[{"embeddable":true,"href":"https:\/\/abinox-chr-clim.com\/index.php\/wp-json\/wp\/v2\/comments?post=69560"}],"wp:featuredmedia":[{"embeddable":true,"href":"https:\/\/abinox-chr-clim.com\/index.php\/wp-json\/wp\/v2\/media\/85550"}],"wp:attachment":[{"href":"https:\/\/abinox-chr-clim.com\/index.php\/wp-json\/wp\/v2\/media?parent=69560"}],"wp:term":[{"taxonomy":"product_brand","embeddable":true,"href":"https:\/\/abinox-chr-clim.com\/index.php\/wp-json\/wp\/v2\/product_brand?post=69560"},{"taxonomy":"product_cat","embeddable":true,"href":"https:\/\/abinox-chr-clim.com\/index.php\/wp-json\/wp\/v2\/product_cat?post=69560"},{"taxonomy":"product_tag","embeddable":true,"href":"https:\/\/abinox-chr-clim.com\/index.php\/wp-json\/wp\/v2\/product_tag?post=69560"}],"curies":[{"name":"wp","href":"https:\/\/api.w.org\/{rel}","templated":true}]}}