{"id":69535,"date":"2024-03-22T16:25:01","date_gmt":"2024-03-22T15:25:01","guid":{"rendered":"https:\/\/abinox-chr-clim.com\/index.php\/product\/soudeuse-buffalo-300mm\/"},"modified":"2026-04-02T09:16:11","modified_gmt":"2026-04-02T07:16:11","slug":"soudeuse-buffalo-300mm","status":"publish","type":"product","link":"https:\/\/abinox-chr-clim.com\/index.php\/product\/soudeuse-buffalo-300mm\/","title":{"rendered":"Soudeuse Buffalo 300mm"},"content":{"rendered":"<p>Soudeuse con\u00e7ue pour sceller tous types de sachets. Temps de soudure rapide et utilisation facile. Convient pour une utilisation alimentaire. Facile \u00e0 nettoyer et \u00e0 entretenir.<br \/>Soudure rapide. Temps de soudure r\u00e9glable, permet de souder des sacs de diff\u00e9rentes tailles et \u00e9paisseurs. Corps m\u00e9tallique solide et durable. R\u00e9f\u00e9rence soumise \u00e0 une Eco-participation mobilier de 0.18\u20ac par unit\u00e9 vendue.  Facile \u00e0 nettoyer et entretenir. R\u00e9f\u00e9rence soumise \u00e0 une Eco-participation DEEE de 0,12\u20ac par unit\u00e9 vendue. Soudure rapide.<\/p>\n<p>Caract\u00e9ristiques :<br \/> Dimensions : 235(H) x 430(L) x 85(P) mm.<br \/> Mati\u00e8re : Plastique et alliage.<br \/> Voltage : 230V.<br \/> Couleur : Gris.<br \/> Puissance : 300 W.<\/p>\n","protected":false},"excerpt":{"rendered":"<div><img decoding=\"async\" src=\"https:\/\/abinox-chr-clim.com\/wp-content\/uploads\/2024\/03\/abinox-garantie-1-an.webp\" width=\"150px\"\/><\/div>\n<p>Soudeuse Buffalo 300mm<\/p>\n","protected":false},"featured_media":101874,"comment_status":"closed","ping_status":"closed","template":"","meta":[],"product_brand":[],"product_cat":[1288,1160,1297,1179,1187],"product_tag":[],"class_list":{"0":"post-69535","1":"product","2":"type-product","3":"status-publish","4":"has-post-thumbnail","6":"product_cat-machines-a-emballer-sous-vide-preparation-des-aliments","7":"product_cat-materiel-electrique-et-de-cuisson","8":"product_cat-non-palettisable","9":"product_cat-petit-materiel","10":"product_cat-preparation-des-aliments","11":"product_shipping_class-free-shipping","13":"first","14":"instock","15":"featured","16":"taxable","17":"shipping-taxable","18":"purchasable","19":"product-type-simple"},"_links":{"self":[{"href":"https:\/\/abinox-chr-clim.com\/index.php\/wp-json\/wp\/v2\/product\/69535","targetHints":{"allow":["GET"]}}],"collection":[{"href":"https:\/\/abinox-chr-clim.com\/index.php\/wp-json\/wp\/v2\/product"}],"about":[{"href":"https:\/\/abinox-chr-clim.com\/index.php\/wp-json\/wp\/v2\/types\/product"}],"replies":[{"embeddable":true,"href":"https:\/\/abinox-chr-clim.com\/index.php\/wp-json\/wp\/v2\/comments?post=69535"}],"wp:featuredmedia":[{"embeddable":true,"href":"https:\/\/abinox-chr-clim.com\/index.php\/wp-json\/wp\/v2\/media\/101874"}],"wp:attachment":[{"href":"https:\/\/abinox-chr-clim.com\/index.php\/wp-json\/wp\/v2\/media?parent=69535"}],"wp:term":[{"taxonomy":"product_brand","embeddable":true,"href":"https:\/\/abinox-chr-clim.com\/index.php\/wp-json\/wp\/v2\/product_brand?post=69535"},{"taxonomy":"product_cat","embeddable":true,"href":"https:\/\/abinox-chr-clim.com\/index.php\/wp-json\/wp\/v2\/product_cat?post=69535"},{"taxonomy":"product_tag","embeddable":true,"href":"https:\/\/abinox-chr-clim.com\/index.php\/wp-json\/wp\/v2\/product_tag?post=69535"}],"curies":[{"name":"wp","href":"https:\/\/api.w.org\/{rel}","templated":true}]}}