{"id":69525,"date":"2024-03-22T16:24:57","date_gmt":"2024-03-22T15:24:57","guid":{"rendered":"https:\/\/abinox-chr-clim.com\/index.php\/product\/machine-a-emballer-sous-vide-9l\/"},"modified":"2026-04-02T09:56:22","modified_gmt":"2026-04-02T07:56:22","slug":"machine-a-emballer-sous-vide-9l","status":"publish","type":"product","link":"https:\/\/abinox-chr-clim.com\/index.php\/product\/machine-a-emballer-sous-vide-9l\/","title":{"rendered":"Machine \u00e0 emballer sous-vide 9L"},"content":{"rendered":"<p>La machine sous-vide Buffalo offre des performances de scellage sous-vide impressionnantes, scellant instantan\u00e9ment les aliments ou les liquides dans des emballages faciles \u00e0 stocker.<br \/>Chambre \u00e0 vide d&rsquo;air profonde grande capacit\u00e9 de 80 mm. La pince \u00e0 sac facile \u00e0 fixer assure un placement s\u00e9curis\u00e9 du sac. Temps de scellage r\u00e9glable de 3 \u00e0 9 secondes &#8211; scellez avec pr\u00e9cision. R\u00e9f\u00e9rence soumise \u00e0 une Eco-participation mobilier de 1.32\u20ac par unit\u00e9 vendue. Scelle les sacs jusqu&rsquo;\u00e0 300 mm de largeur. Manom\u00e8tre et fen\u00eatre de visualisation conviviaux &#8211; voyez instantan\u00e9ment la progression du vide. Pav\u00e9 de commande num\u00e9rique intuitif et minuterie. Convient pour une utilisation avec des sacs sous-vide plats ou gaufr\u00e9s. Pour les sacs sous-vide compatibles, veuillez consulter l&rsquo;onglet accessoires ci-dessous.Pression directe de la pompe\u00a0: 29,7 \u00b1 0,5\u00a0%. Chambre \u00e0 vide d&rsquo;air profonde grande capacit\u00e9 de 80 mm.<\/p>\n<p>Caract\u00e9ristiques :<br \/> Dimensions : 366(H) x 425(L) x 359(P) mm.<br \/> Mati\u00e8re : Inox.<br \/> Voltage : 220-240V.<br \/> Couleur : Argent.<\/p>\n","protected":false},"excerpt":{"rendered":"<div><img decoding=\"async\" src=\"https:\/\/abinox-chr-clim.com\/wp-content\/uploads\/2024\/03\/abinox-garantie-1-an.webp\" width=\"150px\"\/><\/div>\n<p>Machine \u00e0 emballer sous-vide 9L<\/p>\n","protected":false},"featured_media":89976,"comment_status":"closed","ping_status":"closed","template":"","meta":[],"product_brand":[],"product_cat":[1288,1160,1297,1179,1187],"product_tag":[],"class_list":{"0":"post-69525","1":"product","2":"type-product","3":"status-publish","4":"has-post-thumbnail","6":"product_cat-machines-a-emballer-sous-vide-preparation-des-aliments","7":"product_cat-materiel-electrique-et-de-cuisson","8":"product_cat-non-palettisable","9":"product_cat-petit-materiel","10":"product_cat-preparation-des-aliments","11":"product_shipping_class-free-shipping","13":"first","14":"instock","15":"featured","16":"taxable","17":"shipping-taxable","18":"purchasable","19":"product-type-simple"},"_links":{"self":[{"href":"https:\/\/abinox-chr-clim.com\/index.php\/wp-json\/wp\/v2\/product\/69525","targetHints":{"allow":["GET"]}}],"collection":[{"href":"https:\/\/abinox-chr-clim.com\/index.php\/wp-json\/wp\/v2\/product"}],"about":[{"href":"https:\/\/abinox-chr-clim.com\/index.php\/wp-json\/wp\/v2\/types\/product"}],"replies":[{"embeddable":true,"href":"https:\/\/abinox-chr-clim.com\/index.php\/wp-json\/wp\/v2\/comments?post=69525"}],"wp:featuredmedia":[{"embeddable":true,"href":"https:\/\/abinox-chr-clim.com\/index.php\/wp-json\/wp\/v2\/media\/89976"}],"wp:attachment":[{"href":"https:\/\/abinox-chr-clim.com\/index.php\/wp-json\/wp\/v2\/media?parent=69525"}],"wp:term":[{"taxonomy":"product_brand","embeddable":true,"href":"https:\/\/abinox-chr-clim.com\/index.php\/wp-json\/wp\/v2\/product_brand?post=69525"},{"taxonomy":"product_cat","embeddable":true,"href":"https:\/\/abinox-chr-clim.com\/index.php\/wp-json\/wp\/v2\/product_cat?post=69525"},{"taxonomy":"product_tag","embeddable":true,"href":"https:\/\/abinox-chr-clim.com\/index.php\/wp-json\/wp\/v2\/product_tag?post=69525"}],"curies":[{"name":"wp","href":"https:\/\/api.w.org\/{rel}","templated":true}]}}