{"id":69517,"date":"2024-03-22T16:24:54","date_gmt":"2024-03-22T15:24:54","guid":{"rendered":"https:\/\/abinox-chr-clim.com\/index.php\/product\/hachoir-a-viande-santos-12-12\/"},"modified":"2026-04-23T08:55:26","modified_gmt":"2026-04-23T06:55:26","slug":"hachoir-a-viande-santos-12-12","status":"publish","type":"product","link":"https:\/\/abinox-chr-clim.com\/index.php\/product\/hachoir-a-viande-santos-12-12\/","title":{"rendered":"Hachoir \u00e0 viande SANTOS 12-12"},"content":{"rendered":"<p>Hachoir \u00e0 viande professionnel, conforme aux normes HACCP, pour tout type de viande, dont les grosses pi\u00e8ces. Id\u00e9al pour les hamburgers, les saucisses et p\u00e2t\u00e9s. Toutes les pi\u00e8ces amovibles passent au lave-vaisselle. Livr\u00e9 avec 3 disques de 3mm, 4,5 mm et 8 mm.<br \/>Hachoir \u00e0 viande professionnel avec le corps en acier inoxydable.Moteur synchrone (5 ans de garantie).Bouton d&rsquo;inversion du sens de rotation (Marche arri\u00e8re).R\u00e9f\u00e9rence soumise \u00e0 une Eco-participation mobilier de 0.99\u20ac par unit\u00e9 vendue. Livr\u00e9 avec trois disques : 3mm, 4,5 mm, et 8mm.Syst\u00e8me de verrouillage rapide.Toutes les pi\u00e8ces amovibles passent au lave-vaisselle. Conforme HACCP.  Longue dur\u00e9e de vitesse &#8211; pas de graissage n\u00e9cessaire. R\u00e9f\u00e9rence soumise \u00e0 une Eco-participation DEEE de 0,72\u20ac par unit\u00e9 vendue. Hachoir \u00e0 viande professionnel avec le corps en acier inoxydable. .<br \/> Caract\u00e9ristiques :<br \/> Dimensions : 420(H) x 260(L) x 330(P)mm.<br \/> Mati\u00e8re : Acier inoxydable.<br \/> Sortie : D\u00e9bit moyen : 160 kg\/heure.<br \/> Vitesse : 1800 rpm.<br \/> Voltage : 230V.<br \/> Couleur : Rouge.<br \/> Puissance : 650 W.<\/p>\n","protected":false},"excerpt":{"rendered":"<div><img decoding=\"async\" src=\"https:\/\/abinox-chr-clim.com\/wp-content\/uploads\/2024\/03\/abinox-garantie-1-an.webp\" width=\"150px\"\/><\/div>\n<p>Hachoir \u00e0 viande SANTOS 12-12<\/p>\n","protected":false},"featured_media":92191,"comment_status":"closed","ping_status":"closed","template":"","meta":[],"product_brand":[],"product_cat":[1192,1160,1297,1179,1187],"product_tag":[],"class_list":{"0":"post-69517","1":"product","2":"type-product","3":"status-publish","4":"has-post-thumbnail","6":"product_cat-hachoirs-a-viande","7":"product_cat-materiel-electrique-et-de-cuisson","8":"product_cat-non-palettisable","9":"product_cat-petit-materiel","10":"product_cat-preparation-des-aliments","11":"product_shipping_class-free-shipping","13":"first","14":"outofstock","15":"featured","16":"taxable","17":"shipping-taxable","18":"purchasable","19":"product-type-simple"},"_links":{"self":[{"href":"https:\/\/abinox-chr-clim.com\/index.php\/wp-json\/wp\/v2\/product\/69517","targetHints":{"allow":["GET"]}}],"collection":[{"href":"https:\/\/abinox-chr-clim.com\/index.php\/wp-json\/wp\/v2\/product"}],"about":[{"href":"https:\/\/abinox-chr-clim.com\/index.php\/wp-json\/wp\/v2\/types\/product"}],"replies":[{"embeddable":true,"href":"https:\/\/abinox-chr-clim.com\/index.php\/wp-json\/wp\/v2\/comments?post=69517"}],"wp:featuredmedia":[{"embeddable":true,"href":"https:\/\/abinox-chr-clim.com\/index.php\/wp-json\/wp\/v2\/media\/92191"}],"wp:attachment":[{"href":"https:\/\/abinox-chr-clim.com\/index.php\/wp-json\/wp\/v2\/media?parent=69517"}],"wp:term":[{"taxonomy":"product_brand","embeddable":true,"href":"https:\/\/abinox-chr-clim.com\/index.php\/wp-json\/wp\/v2\/product_brand?post=69517"},{"taxonomy":"product_cat","embeddable":true,"href":"https:\/\/abinox-chr-clim.com\/index.php\/wp-json\/wp\/v2\/product_cat?post=69517"},{"taxonomy":"product_tag","embeddable":true,"href":"https:\/\/abinox-chr-clim.com\/index.php\/wp-json\/wp\/v2\/product_tag?post=69517"}],"curies":[{"name":"wp","href":"https:\/\/api.w.org\/{rel}","templated":true}]}}