{"id":69516,"date":"2024-03-22T16:24:54","date_gmt":"2024-03-22T15:24:54","guid":{"rendered":"https:\/\/abinox-chr-clim.com\/index.php\/product\/hachoir-a-viande-professionnel-buffalo\/"},"modified":"2026-04-13T06:12:00","modified_gmt":"2026-04-13T04:12:00","slug":"hachoir-a-viande-professionnel-buffalo","status":"publish","type":"product","link":"https:\/\/abinox-chr-clim.com\/index.php\/product\/hachoir-a-viande-professionnel-buffalo\/","title":{"rendered":"Hachoir \u00e0 viande professionnel Buffalo"},"content":{"rendered":"<p>Hachoir \u00e0 viande professionnel robuste avec entra\u00eenement par engrenages de pr\u00e9cision et moteur \u00e9conome en \u00e9nergie dot\u00e9 d&rsquo;un ventilateur de refroidissement. Fonction inverse pour hacher les viandes particuli\u00e8rement grossi\u00e8res.<br \/>Tr\u00e9mie hygi\u00e9nique en acier inoxydable facile \u00e0 nettoyer. Disques de hachage de 8 mm et 6 mm pour des tailles de coupe pr\u00e9cises. Une protection contre un remplissage excessif r\u00e9duit l&rsquo;usure du moteur. Fonction d&rsquo;inversion pour le broyage des viandes \u00e9paisses et l&rsquo;\u00e9limination des blocages. Moteur \u00e9conome en \u00e9nergie avec ventilateur de refroidissement. Engrenages de pr\u00e9cision. Buses de remplissage pour saucisse fournies en standard. S\u00e9lection de mode simple.R\u00e9f\u00e9rence soumise \u00e0 une Eco-participation DEEE de 1,04\u20ac par unit\u00e9 vendue. Tr\u00e9mie hygi\u00e9nique en acier inoxydable facile \u00e0 nettoyer.<\/p>\n<p>Caract\u00e9ristiques :<br \/> Dimensions : 410(H) x 517(L) x 328(P)mm.<br \/> Mati\u00e8re : .<br \/> Sortie : 250kg\/hr.<br \/> Voltage : 220V.<br \/> Couleur : Acier inoxydable.<br \/> Puissance : 800 W.<\/p>\n","protected":false},"excerpt":{"rendered":"<div><img decoding=\"async\" src=\"https:\/\/abinox-chr-clim.com\/wp-content\/uploads\/2024\/03\/abinox-garantie-1-an.webp\" width=\"150px\"\/><\/div>\n<p>Hachoir \u00e0 viande professionnel Buffalo<\/p>\n","protected":false},"featured_media":81595,"comment_status":"closed","ping_status":"closed","template":"","meta":[],"product_brand":[],"product_cat":[1192,1160,1297,1179,1187],"product_tag":[],"class_list":{"0":"post-69516","1":"product","2":"type-product","3":"status-publish","4":"has-post-thumbnail","6":"product_cat-hachoirs-a-viande","7":"product_cat-materiel-electrique-et-de-cuisson","8":"product_cat-non-palettisable","9":"product_cat-petit-materiel","10":"product_cat-preparation-des-aliments","11":"product_shipping_class-free-shipping","13":"first","14":"outofstock","15":"featured","16":"taxable","17":"shipping-taxable","18":"purchasable","19":"product-type-simple"},"_links":{"self":[{"href":"https:\/\/abinox-chr-clim.com\/index.php\/wp-json\/wp\/v2\/product\/69516","targetHints":{"allow":["GET"]}}],"collection":[{"href":"https:\/\/abinox-chr-clim.com\/index.php\/wp-json\/wp\/v2\/product"}],"about":[{"href":"https:\/\/abinox-chr-clim.com\/index.php\/wp-json\/wp\/v2\/types\/product"}],"replies":[{"embeddable":true,"href":"https:\/\/abinox-chr-clim.com\/index.php\/wp-json\/wp\/v2\/comments?post=69516"}],"wp:featuredmedia":[{"embeddable":true,"href":"https:\/\/abinox-chr-clim.com\/index.php\/wp-json\/wp\/v2\/media\/81595"}],"wp:attachment":[{"href":"https:\/\/abinox-chr-clim.com\/index.php\/wp-json\/wp\/v2\/media?parent=69516"}],"wp:term":[{"taxonomy":"product_brand","embeddable":true,"href":"https:\/\/abinox-chr-clim.com\/index.php\/wp-json\/wp\/v2\/product_brand?post=69516"},{"taxonomy":"product_cat","embeddable":true,"href":"https:\/\/abinox-chr-clim.com\/index.php\/wp-json\/wp\/v2\/product_cat?post=69516"},{"taxonomy":"product_tag","embeddable":true,"href":"https:\/\/abinox-chr-clim.com\/index.php\/wp-json\/wp\/v2\/product_tag?post=69516"}],"curies":[{"name":"wp","href":"https:\/\/api.w.org\/{rel}","templated":true}]}}