{"id":69515,"date":"2024-03-22T16:24:54","date_gmt":"2024-03-22T15:24:54","guid":{"rendered":"https:\/\/abinox-chr-clim.com\/index.php\/product\/hachoir-a-viande-caterlite\/"},"modified":"2026-04-23T08:11:02","modified_gmt":"2026-04-23T06:11:02","slug":"hachoir-a-viande-caterlite","status":"publish","type":"product","link":"https:\/\/abinox-chr-clim.com\/index.php\/product\/hachoir-a-viande-caterlite\/","title":{"rendered":"Hachoir \u00e0 viande Caterlite"},"content":{"rendered":"<p>Machine facile \u00e0 utiliser fournie avec trois disques : \u00e9pais, moyen et fin.  Fonction marche arri\u00e8re pour les viandes les plus difficiles. Pieds antid\u00e9rapants pour une meilleure stabilit\u00e9. Simple interrupteur marche \/ arr\u00eat.<br \/>Conception facile \u00e0 nettoyer. Pieds antid\u00e9rapants pour une meilleur stabilit\u00e9. Pour une utilisation peu intensive. R\u00e9f\u00e9rence soumise \u00e0 une Eco-participation mobilier de 0.37\u20ac par unit\u00e9 vendue. Conception compacte &#8211; facile \u00e0 ranger lorsqu&rsquo;il n&rsquo;est pas utilis\u00e9. Ne convient pas pour les os. L&rsquo;appareil et les accessoires ne vont pas au lave-vaisselle.Livr\u00e9 avec accessoire saucisses. R\u00e9f\u00e9rence soumise \u00e0 une Eco-participation DEEE de 0,24\u20ac par unit\u00e9 vendue. Conception facile \u00e0 nettoyer.<\/p>\n<p>Caract\u00e9ristiques :<br \/> Dimensions : 430(h) x 420(l) x 170(p)mm.<br \/> Mati\u00e8re : .<br \/> Sortie : 113kg\/h.<br \/> Voltage : 230V.<br \/> Couleur : Blanc.<br \/> Puissance : 350 W.<\/p>\n","protected":false},"excerpt":{"rendered":"<div><img decoding=\"async\" src=\"https:\/\/abinox-chr-clim.com\/wp-content\/uploads\/2024\/03\/abinox-garantie-1-an.webp\" width=\"150px\"\/><\/div>\n<p>Hachoir \u00e0 viande Caterlite<\/p>\n","protected":false},"featured_media":80672,"comment_status":"closed","ping_status":"closed","template":"","meta":[],"product_brand":[],"product_cat":[1192,1160,1297,1179,1187],"product_tag":[],"class_list":{"0":"post-69515","1":"product","2":"type-product","3":"status-publish","4":"has-post-thumbnail","6":"product_cat-hachoirs-a-viande","7":"product_cat-materiel-electrique-et-de-cuisson","8":"product_cat-non-palettisable","9":"product_cat-petit-materiel","10":"product_cat-preparation-des-aliments","11":"product_shipping_class-free-shipping","13":"first","14":"instock","15":"featured","16":"taxable","17":"shipping-taxable","18":"purchasable","19":"product-type-simple"},"_links":{"self":[{"href":"https:\/\/abinox-chr-clim.com\/index.php\/wp-json\/wp\/v2\/product\/69515","targetHints":{"allow":["GET"]}}],"collection":[{"href":"https:\/\/abinox-chr-clim.com\/index.php\/wp-json\/wp\/v2\/product"}],"about":[{"href":"https:\/\/abinox-chr-clim.com\/index.php\/wp-json\/wp\/v2\/types\/product"}],"replies":[{"embeddable":true,"href":"https:\/\/abinox-chr-clim.com\/index.php\/wp-json\/wp\/v2\/comments?post=69515"}],"wp:featuredmedia":[{"embeddable":true,"href":"https:\/\/abinox-chr-clim.com\/index.php\/wp-json\/wp\/v2\/media\/80672"}],"wp:attachment":[{"href":"https:\/\/abinox-chr-clim.com\/index.php\/wp-json\/wp\/v2\/media?parent=69515"}],"wp:term":[{"taxonomy":"product_brand","embeddable":true,"href":"https:\/\/abinox-chr-clim.com\/index.php\/wp-json\/wp\/v2\/product_brand?post=69515"},{"taxonomy":"product_cat","embeddable":true,"href":"https:\/\/abinox-chr-clim.com\/index.php\/wp-json\/wp\/v2\/product_cat?post=69515"},{"taxonomy":"product_tag","embeddable":true,"href":"https:\/\/abinox-chr-clim.com\/index.php\/wp-json\/wp\/v2\/product_tag?post=69515"}],"curies":[{"name":"wp","href":"https:\/\/api.w.org\/{rel}","templated":true}]}}