{"id":69507,"date":"2024-03-22T16:24:48","date_gmt":"2024-03-22T15:24:48","guid":{"rendered":"https:\/\/abinox-chr-clim.com\/index.php\/product\/faconneuse-a-pizza-gastro-m-140-a-300mm\/"},"modified":"2026-04-23T09:15:36","modified_gmt":"2026-04-23T07:15:36","slug":"faconneuse-a-pizza-gastro-m-140-a-300mm","status":"publish","type":"product","link":"https:\/\/abinox-chr-clim.com\/index.php\/product\/faconneuse-a-pizza-gastro-m-140-a-300mm\/","title":{"rendered":"Fa\u00e7onneuse \u00e0 pizza Gastro M 140 \u00e0 300mm"},"content":{"rendered":"<p>Fa\u00e7onneuses de qualit\u00e9 professionnelle en acier inoxydable pour fa\u00e7onner des pizzas de 14 \u00e0 40cm.<br \/>Diam\u00e8tre des pizzas 14-30cm. Capacit\u00e9 p\u00e2tons 80-210g. R\u00e9f\u00e9rence soumise \u00e0 une Eco-participation mobilier de 0.09\u20ac par unit\u00e9 vendue. Diam\u00e8tre des pizzas 14-30cm.<\/p>\n<p>Caract\u00e9ristiques :<br \/> Mati\u00e8re : Acier inoxydable.<br \/> Sortie : 0.25 kW.<br \/> Couleur : Acier inoxydable.<\/p>\n","protected":false},"excerpt":{"rendered":"<div><img decoding=\"async\" src=\"https:\/\/abinox-chr-clim.com\/wp-content\/uploads\/2024\/03\/abinox-garantie-1-an.webp\" width=\"150px\"\/><\/div>\n<p>Fa\u00e7onneuse \u00e0 pizza Gastro M 140 \u00e0 300mm<\/p>\n","protected":false},"featured_media":93198,"comment_status":"closed","ping_status":"closed","template":"","meta":[],"product_brand":[],"product_cat":[1191,1160,1297,1179,1187],"product_tag":[],"class_list":{"0":"post-69507","1":"product","2":"type-product","3":"status-publish","4":"has-post-thumbnail","6":"product_cat-divers-petit-materiel","7":"product_cat-materiel-electrique-et-de-cuisson","8":"product_cat-non-palettisable","9":"product_cat-petit-materiel","10":"product_cat-preparation-des-aliments","11":"product_shipping_class-free-shipping","13":"first","14":"instock","15":"featured","16":"taxable","17":"shipping-taxable","18":"purchasable","19":"product-type-simple"},"_links":{"self":[{"href":"https:\/\/abinox-chr-clim.com\/index.php\/wp-json\/wp\/v2\/product\/69507","targetHints":{"allow":["GET"]}}],"collection":[{"href":"https:\/\/abinox-chr-clim.com\/index.php\/wp-json\/wp\/v2\/product"}],"about":[{"href":"https:\/\/abinox-chr-clim.com\/index.php\/wp-json\/wp\/v2\/types\/product"}],"replies":[{"embeddable":true,"href":"https:\/\/abinox-chr-clim.com\/index.php\/wp-json\/wp\/v2\/comments?post=69507"}],"wp:featuredmedia":[{"embeddable":true,"href":"https:\/\/abinox-chr-clim.com\/index.php\/wp-json\/wp\/v2\/media\/93198"}],"wp:attachment":[{"href":"https:\/\/abinox-chr-clim.com\/index.php\/wp-json\/wp\/v2\/media?parent=69507"}],"wp:term":[{"taxonomy":"product_brand","embeddable":true,"href":"https:\/\/abinox-chr-clim.com\/index.php\/wp-json\/wp\/v2\/product_brand?post=69507"},{"taxonomy":"product_cat","embeddable":true,"href":"https:\/\/abinox-chr-clim.com\/index.php\/wp-json\/wp\/v2\/product_cat?post=69507"},{"taxonomy":"product_tag","embeddable":true,"href":"https:\/\/abinox-chr-clim.com\/index.php\/wp-json\/wp\/v2\/product_tag?post=69507"}],"curies":[{"name":"wp","href":"https:\/\/api.w.org\/{rel}","templated":true}]}}