{"id":69502,"date":"2024-03-22T16:24:47","date_gmt":"2024-03-22T15:24:47","guid":{"rendered":"https:\/\/abinox-chr-clim.com\/index.php\/product\/deshydrateur-10-plateaux-avec-minuterie-et-porte-buffalo\/"},"modified":"2026-04-23T09:04:07","modified_gmt":"2026-04-23T07:04:07","slug":"deshydrateur-10-plateaux-avec-minuterie-et-porte-buffalo","status":"publish","type":"product","link":"https:\/\/abinox-chr-clim.com\/index.php\/product\/deshydrateur-10-plateaux-avec-minuterie-et-porte-buffalo\/","title":{"rendered":"D\u00e9shydrateur 10 plateaux avec minuterie et porte Buffalo"},"content":{"rendered":"<p>D\u00e9shydratateur 10 plateaux dot\u00e9 d&rsquo;un excellent rapport qualit\u00e9-prix. Utilisation facile : minuteur digital et contr\u00f4le de la temp\u00e9rature r\u00e9glables. Polyvalent et adapt\u00e9 \u00e0 de nombreux types d&rsquo;aliments, fruits et l\u00e9gumes, viande et poisson.<br \/>Panneau de commande digital. Thermostat r\u00e9glable. Syst\u00e8me de ventilation pour r\u00e9partition de la chaleur. R\u00e9f\u00e9rence soumise \u00e0 une Eco-participation mobilier de 0.57\u20ac par unit\u00e9 vendue. Porte pivotante transparente.10 plateaux amovibles lavables au lave-vaisselle. R\u00e9f\u00e9rence soumise \u00e0 une Eco-participation DEEE de 0,38\u20ac par unit\u00e9 vendue. Panneau de commande digital.<\/p>\n<p>Caract\u00e9ristiques :<br \/> Dimensions : 415(H) x 362(L) x 480(P)mm.<br \/> Mati\u00e8re : ABS.<br \/> Temp\u00e9rature : 35\u00b0C \u00e0 70\u00b0C.<br \/> Voltage : 230V.<br \/> Couleur : Noir.<\/p>\n","protected":false},"excerpt":{"rendered":"<div><img decoding=\"async\" src=\"https:\/\/abinox-chr-clim.com\/wp-content\/uploads\/2024\/03\/abinox-garantie-1-an.webp\" width=\"150px\"\/><\/div>\n<p>D\u00e9shydrateur 10 plateaux avec minuterie et porte Buffalo<\/p>\n","protected":false},"featured_media":81627,"comment_status":"closed","ping_status":"closed","template":"","meta":[],"product_brand":[],"product_cat":[1191,1160,1297,1179,1187],"product_tag":[],"class_list":{"0":"post-69502","1":"product","2":"type-product","3":"status-publish","4":"has-post-thumbnail","6":"product_cat-divers-petit-materiel","7":"product_cat-materiel-electrique-et-de-cuisson","8":"product_cat-non-palettisable","9":"product_cat-petit-materiel","10":"product_cat-preparation-des-aliments","11":"product_shipping_class-free-shipping","13":"first","14":"outofstock","15":"featured","16":"taxable","17":"shipping-taxable","18":"purchasable","19":"product-type-simple"},"_links":{"self":[{"href":"https:\/\/abinox-chr-clim.com\/index.php\/wp-json\/wp\/v2\/product\/69502","targetHints":{"allow":["GET"]}}],"collection":[{"href":"https:\/\/abinox-chr-clim.com\/index.php\/wp-json\/wp\/v2\/product"}],"about":[{"href":"https:\/\/abinox-chr-clim.com\/index.php\/wp-json\/wp\/v2\/types\/product"}],"replies":[{"embeddable":true,"href":"https:\/\/abinox-chr-clim.com\/index.php\/wp-json\/wp\/v2\/comments?post=69502"}],"wp:featuredmedia":[{"embeddable":true,"href":"https:\/\/abinox-chr-clim.com\/index.php\/wp-json\/wp\/v2\/media\/81627"}],"wp:attachment":[{"href":"https:\/\/abinox-chr-clim.com\/index.php\/wp-json\/wp\/v2\/media?parent=69502"}],"wp:term":[{"taxonomy":"product_brand","embeddable":true,"href":"https:\/\/abinox-chr-clim.com\/index.php\/wp-json\/wp\/v2\/product_brand?post=69502"},{"taxonomy":"product_cat","embeddable":true,"href":"https:\/\/abinox-chr-clim.com\/index.php\/wp-json\/wp\/v2\/product_cat?post=69502"},{"taxonomy":"product_tag","embeddable":true,"href":"https:\/\/abinox-chr-clim.com\/index.php\/wp-json\/wp\/v2\/product_tag?post=69502"}],"curies":[{"name":"wp","href":"https:\/\/api.w.org\/{rel}","templated":true}]}}